{"id":58156,"date":"2017-07-17T21:03:41","date_gmt":"2017-07-17T19:03:41","guid":{"rendered":"http:\/\/www.tucomarca.com\/wordpress\/segunda\/wp-content\/uploads\/2017\/07\/Avalemapertura.jpg"},"modified":"2017-07-17T21:04:32","modified_gmt":"2017-07-17T19:04:32","slug":"avalemapertura","status":"inherit","type":"attachment","link":"https:\/\/www.tucomarca.com\/wordpress\/segunda\/la-diputacion-da-empleo-a-66-jovenes-cualificados-y-mantiene-su-apuesta-por-la-retencion-del-talento\/avalemapertura\/","title":{"rendered":"Avalemapertura"},"author":2,"featured_media":0,"comment_status":"open","ping_status":"closed","template":"","meta":[],"class_list":["post-58156","attachment","type-attachment","status-inherit"],"description":{"rendered":"<p class=\"attachment\"><a href='https:\/\/www.tucomarca.com\/wordpress\/segunda\/wp-content\/uploads\/2017\/07\/Avalemapertura.jpg'><img loading=\"lazy\" decoding=\"async\" width=\"300\" height=\"185\" src=\"https:\/\/www.tucomarca.com\/wordpress\/segunda\/wp-content\/uploads\/2017\/07\/Avalemapertura-300x185.jpg\" class=\"attachment-medium size-medium\" alt=\"Los j\u00f3venes profesionales estar\u00e1n contratados por un a\u00f1o, de manera que podr\u00e1n obtener mayor experiencia laboral y desarrollar sus capacidades en los distintos departamentos de la instituci\u00f3n provincial.\" srcset=\"https:\/\/www.tucomarca.com\/wordpress\/segunda\/wp-content\/uploads\/2017\/07\/Avalemapertura-300x185.jpg 300w, https:\/\/www.tucomarca.com\/wordpress\/segunda\/wp-content\/uploads\/2017\/07\/Avalemapertura.jpg 709w\" sizes=\"auto, (max-width: 300px) 100vw, 300px\" \/><\/a><\/p>\n<p>Los j\u00f3venes profesionales estar\u00e1n contratados por un a\u00f1o, de manera que podr\u00e1n obtener mayor experiencia laboral y desarrollar sus capacidades en los distintos departamentos de la instituci\u00f3n provincial.<\/p>\n"},"caption":{"rendered":"<div class=\"mh-excerpt\">Los j\u00f3venes profesionales estar\u00e1n contratados por un a\u00f1o, de manera que podr\u00e1n obtener mayor experiencia laboral y desarrollar sus capacidades en los distintos departamentos de la instituci\u00f3n provincial.<\/div>\n<p> <a class=\"mh-excerpt-more\" href=\"https:\/\/www.tucomarca.com\/wordpress\/segunda\/la-diputacion-da-empleo-a-66-jovenes-cualificados-y-mantiene-su-apuesta-por-la-retencion-del-talento\/avalemapertura\/\" title=\"Avalemapertura\">[+] <\/a><\/p>\n"},"alt_text":"Los j\u00f3venes profesionales estar\u00e1n contratados por un a\u00f1o, de manera que podr\u00e1n obtener mayor experiencia laboral y desarrollar sus capacidades en los distintos departamentos de la instituci\u00f3n provincial.","media_type":"image","mime_type":"image\/jpeg","media_details":{"width":709,"height":438,"file":"2017\/07\/Avalemapertura.jpg","sizes":{"thumbnail":{"file":"Avalemapertura-290x290.jpg","width":290,"height":290,"mime_type":"image\/jpeg","source_url":"https:\/\/www.tucomarca.com\/wordpress\/segunda\/wp-content\/uploads\/2017\/07\/Avalemapertura-290x290.jpg"},"medium":{"file":"Avalemapertura-300x185.jpg","width":300,"height":185,"mime_type":"image\/jpeg","source_url":"https:\/\/www.tucomarca.com\/wordpress\/segunda\/wp-content\/uploads\/2017\/07\/Avalemapertura-300x185.jpg"},"post-thumbnail":{"file":"Avalemapertura-50x50.jpg","width":50,"height":50,"mime_type":"image\/jpeg","source_url":"https:\/\/www.tucomarca.com\/wordpress\/segunda\/wp-content\/uploads\/2017\/07\/Avalemapertura-50x50.jpg"},"full":{"file":"Avalemapertura.jpg","width":709,"height":438,"mime_type":"image\/jpeg","source_url":"https:\/\/www.tucomarca.com\/wordpress\/segunda\/wp-content\/uploads\/2017\/07\/Avalemapertura.jpg"}},"image_meta":{"aperture":"0","credit":"Raquel Abulaila","camera":"","caption":"","created_timestamp":"0","copyright":"Raquel Abulaila","focal_length":"0","iso":"0","shutter_speed":"0","title":"","orientation":"1","keywords":[]}},"post":58154,"source_url":"https:\/\/www.tucomarca.com\/wordpress\/segunda\/wp-content\/uploads\/2017\/07\/Avalemapertura.jpg","_links":{"self":[{"href":"https:\/\/www.tucomarca.com\/wordpress\/segunda\/wp-json\/wp\/v2\/media\/58156","targetHints":{"allow":["GET"]}}],"collection":[{"href":"https:\/\/www.tucomarca.com\/wordpress\/segunda\/wp-json\/wp\/v2\/media"}],"about":[{"href":"https:\/\/www.tucomarca.com\/wordpress\/segunda\/wp-json\/wp\/v2\/types\/attachment"}],"author":[{"embeddable":true,"href":"https:\/\/www.tucomarca.com\/wordpress\/segunda\/wp-json\/wp\/v2\/users\/2"}],"replies":[{"embeddable":true,"href":"https:\/\/www.tucomarca.com\/wordpress\/segunda\/wp-json\/wp\/v2\/comments?post=58156"}],"wp:attached-to":[{"embeddable":true,"post_type":"post","id":58154,"href":"https:\/\/www.tucomarca.com\/wordpress\/segunda\/wp-json\/wp\/v2\/posts\/58154"}],"curies":[{"name":"wp","href":"https:\/\/api.w.org\/{rel}","templated":true}]}}

<p class="attachment"><a href='https://www.tucomarca.com/wordpress/segunda/wp-content/uploads/2017/07/Avalemapertura.jpg'><img loading="lazy" decoding="async" width="300" height="185" src="https://www.tucomarca.com/wordpress/segunda/wp-content/uploads/2017/07/Avalemapertura-300x185.jpg" class="attachment-medium size-medium" alt="Los jóvenes profesionales estarán contratados por un año, de manera que podrán obtener mayor experiencia laboral y desarrollar sus capacidades en los distintos departamentos de la institución provincial." srcset="https://www.tucomarca.com/wordpress/segunda/wp-content/uploads/2017/07/Avalemapertura-300x185.jpg 300w, https://www.tucomarca.com/wordpress/segunda/wp-content/uploads/2017/07/Avalemapertura.jpg 709w" sizes="auto, (max-width: 300px) 100vw, 300px" /></a></p>
<p>Los jóvenes profesionales estarán contratados por un año, de manera que podrán obtener mayor experiencia laboral y desarrollar sus capacidades en los distintos departamentos de la institución provincial.</p>

<div class="mh-excerpt">Los jóvenes profesionales estarán contratados por un año, de manera que podrán obtener mayor experiencia laboral y desarrollar sus capacidades en los distintos departamentos de la institución provincial.</div>
<p> <a class="mh-excerpt-more" href="https://www.tucomarca.com/wordpress/segunda/la-diputacion-da-empleo-a-66-jovenes-cualificados-y-mantiene-su-apuesta-por-la-retencion-del-talento/avalemapertura/" title="Avalemapertura">[+] </a></p>

Los jóvenes profesionales estarán contratados por un año, de manera que podrán obtener mayor experiencia laboral y desarrollar sus capacidades en los distintos departamentos de la institución provincial.
