{"id":58609,"date":"2017-08-02T17:09:34","date_gmt":"2017-08-02T15:09:34","guid":{"rendered":"http:\/\/www.tucomarca.com\/wordpress\/segunda\/wp-content\/uploads\/2017\/08\/DanzaTur\u00eds.jpg"},"modified":"2017-08-02T17:13:11","modified_gmt":"2017-08-02T15:13:11","slug":"danzaturis","status":"inherit","type":"attachment","link":"https:\/\/www.tucomarca.com\/wordpress\/segunda\/lescola-de-musica-valentin-puig-de-turis-va-oferir-la-primera-de-les-seues-exhibicions\/danzaturis\/","title":{"rendered":"DanzaTur\u00eds"},"author":1,"featured_media":0,"comment_status":"open","ping_status":"closed","template":"","meta":[],"class_list":["post-58609","attachment","type-attachment","status-inherit"],"description":{"rendered":"<p class=\"attachment\"><a href='https:\/\/www.tucomarca.com\/wordpress\/segunda\/wp-content\/uploads\/2017\/08\/DanzaTur\u00eds-e1501692065144.jpg'><img loading=\"lazy\" decoding=\"async\" width=\"300\" height=\"116\" src=\"https:\/\/www.tucomarca.com\/wordpress\/segunda\/wp-content\/uploads\/2017\/08\/DanzaTur\u00eds-e1501692065144-300x116.jpg\" class=\"attachment-medium size-medium\" alt=\"Les alumnes del recentment estrenat taller de dansa cl\u00e0ssica i contempor\u00e0nia de l&#039;Escola de M\u00fasica Valent\u00edn Puig de Tur\u00eds.\" srcset=\"https:\/\/www.tucomarca.com\/wordpress\/segunda\/wp-content\/uploads\/2017\/08\/DanzaTur\u00eds-e1501692065144-300x116.jpg 300w, https:\/\/www.tucomarca.com\/wordpress\/segunda\/wp-content\/uploads\/2017\/08\/DanzaTur\u00eds-e1501692065144-768x298.jpg 768w, https:\/\/www.tucomarca.com\/wordpress\/segunda\/wp-content\/uploads\/2017\/08\/DanzaTur\u00eds-e1501692065144-1024x397.jpg 1024w\" sizes=\"auto, (max-width: 300px) 100vw, 300px\" \/><\/a><\/p>\n<p>Les alumnes del recentment estrenat taller de dansa cl\u00e0ssica i contempor\u00e0nia de l&#8217;Escola de M\u00fasica Valent\u00edn Puig de Tur\u00eds.<\/p>\n"},"caption":{"rendered":"<div class=\"mh-excerpt\">Les alumnes del recentment estrenat taller de dansa cl\u00e0ssica i contempor\u00e0nia de l&#8217;Escola de M\u00fasica Valent\u00edn Puig de Tur\u00eds.<\/div>\n<p> <a class=\"mh-excerpt-more\" href=\"https:\/\/www.tucomarca.com\/wordpress\/segunda\/lescola-de-musica-valentin-puig-de-turis-va-oferir-la-primera-de-les-seues-exhibicions\/danzaturis\/\" title=\"DanzaTur\u00eds\">[+] <\/a><\/p>\n"},"alt_text":"Les alumnes del recentment estrenat taller de dansa cl\u00e0ssica i contempor\u00e0nia de l'Escola de M\u00fasica Valent\u00edn Puig de Tur\u00eds.","media_type":"image","mime_type":"image\/jpeg","media_details":{"width":3970,"height":1540,"file":"2017\/08\/DanzaTur\u00eds-e1501692065144.jpg","sizes":{"thumbnail":{"file":"DanzaTur\u00eds-e1501692065144-290x290.jpg","width":290,"height":290,"mime_type":"image\/jpeg","source_url":"https:\/\/www.tucomarca.com\/wordpress\/segunda\/wp-content\/uploads\/2017\/08\/DanzaTur\u00eds-e1501692065144-290x290.jpg"},"medium":{"file":"DanzaTur\u00eds-e1501692065144-300x116.jpg","width":300,"height":116,"mime_type":"image\/jpeg","source_url":"https:\/\/www.tucomarca.com\/wordpress\/segunda\/wp-content\/uploads\/2017\/08\/DanzaTur\u00eds-e1501692065144-300x116.jpg"},"medium_large":{"file":"DanzaTur\u00eds-e1501692065144-768x298.jpg","width":768,"height":298,"mime_type":"image\/jpeg","source_url":"https:\/\/www.tucomarca.com\/wordpress\/segunda\/wp-content\/uploads\/2017\/08\/DanzaTur\u00eds-e1501692065144-768x298.jpg"},"large":{"file":"DanzaTur\u00eds-e1501692065144-1024x397.jpg","width":1024,"height":397,"mime_type":"image\/jpeg","source_url":"https:\/\/www.tucomarca.com\/wordpress\/segunda\/wp-content\/uploads\/2017\/08\/DanzaTur\u00eds-e1501692065144-1024x397.jpg"},"post-thumbnail":{"file":"DanzaTur\u00eds-e1501692065144-50x50.jpg","width":50,"height":50,"mime_type":"image\/jpeg","source_url":"https:\/\/www.tucomarca.com\/wordpress\/segunda\/wp-content\/uploads\/2017\/08\/DanzaTur\u00eds-e1501692065144-50x50.jpg"},"gabfire":{"file":"DanzaTur\u00eds-e1501692065144-1024x397.jpg","width":1024,"height":397,"mime_type":"image\/jpeg","source_url":"https:\/\/www.tucomarca.com\/wordpress\/segunda\/wp-content\/uploads\/2017\/08\/DanzaTur\u00eds-e1501692065144-1024x397.jpg"},"full":{"file":"DanzaTur\u00eds-e1501692065144.jpg","width":3970,"height":1540,"mime_type":"image\/jpeg","source_url":"https:\/\/www.tucomarca.com\/wordpress\/segunda\/wp-content\/uploads\/2017\/08\/DanzaTur\u00eds-e1501692065144.jpg"}},"image_meta":{"aperture":"2","credit":"","camera":"Canon PowerShot G15","caption":"","created_timestamp":"1501548332","copyright":"","focal_length":"6.704","iso":"640","shutter_speed":"0.016666666666667","title":"","orientation":"1","keywords":[]}},"post":58608,"source_url":"https:\/\/www.tucomarca.com\/wordpress\/segunda\/wp-content\/uploads\/2017\/08\/DanzaTur\u00eds-e1501692065144.jpg","_links":{"self":[{"href":"https:\/\/www.tucomarca.com\/wordpress\/segunda\/wp-json\/wp\/v2\/media\/58609","targetHints":{"allow":["GET"]}}],"collection":[{"href":"https:\/\/www.tucomarca.com\/wordpress\/segunda\/wp-json\/wp\/v2\/media"}],"about":[{"href":"https:\/\/www.tucomarca.com\/wordpress\/segunda\/wp-json\/wp\/v2\/types\/attachment"}],"author":[{"embeddable":true,"href":"https:\/\/www.tucomarca.com\/wordpress\/segunda\/wp-json\/wp\/v2\/users\/1"}],"replies":[{"embeddable":true,"href":"https:\/\/www.tucomarca.com\/wordpress\/segunda\/wp-json\/wp\/v2\/comments?post=58609"}],"wp:attached-to":[{"embeddable":true,"post_type":"post","id":58608,"href":"https:\/\/www.tucomarca.com\/wordpress\/segunda\/wp-json\/wp\/v2\/posts\/58608"}],"curies":[{"name":"wp","href":"https:\/\/api.w.org\/{rel}","templated":true}]}}

http://www.tucomarca.com/wordpress/segunda/wp-content/uploads/2017/08/DanzaTurís.jpg

DanzaTurís

<p class="attachment"><a href='https://www.tucomarca.com/wordpress/segunda/wp-content/uploads/2017/08/DanzaTurís-e1501692065144.jpg'><img loading="lazy" decoding="async" width="300" height="116" src="https://www.tucomarca.com/wordpress/segunda/wp-content/uploads/2017/08/DanzaTurís-e1501692065144-300x116.jpg" class="attachment-medium size-medium" alt="Les alumnes del recentment estrenat taller de dansa clàssica i contemporània de l&#039;Escola de Música Valentín Puig de Turís." srcset="https://www.tucomarca.com/wordpress/segunda/wp-content/uploads/2017/08/DanzaTurís-e1501692065144-300x116.jpg 300w, https://www.tucomarca.com/wordpress/segunda/wp-content/uploads/2017/08/DanzaTurís-e1501692065144-768x298.jpg 768w, https://www.tucomarca.com/wordpress/segunda/wp-content/uploads/2017/08/DanzaTurís-e1501692065144-1024x397.jpg 1024w" sizes="auto, (max-width: 300px) 100vw, 300px" /></a></p>
<p>Les alumnes del recentment estrenat taller de dansa clàssica i contemporània de l&#8217;Escola de Música Valentín Puig de Turís.</p>

<div class="mh-excerpt">Les alumnes del recentment estrenat taller de dansa clàssica i contemporània de l&#8217;Escola de Música Valentín Puig de Turís.</div>
<p> <a class="mh-excerpt-more" href="https://www.tucomarca.com/wordpress/segunda/lescola-de-musica-valentin-puig-de-turis-va-oferir-la-primera-de-les-seues-exhibicions/danzaturis/" title="DanzaTurís">[+] </a></p>

Les alumnes del recentment estrenat taller de dansa clàssica i contemporània de l'Escola de Música Valentín Puig de Turís.

2017/08/DanzaTurís-e1501692065144.jpg

DanzaTurís-e1501692065144-290x290.jpg

https://www.tucomarca.com/wordpress/segunda/wp-content/uploads/2017/08/DanzaTurís-e1501692065144-290x290.jpg

DanzaTurís-e1501692065144-300x116.jpg

https://www.tucomarca.com/wordpress/segunda/wp-content/uploads/2017/08/DanzaTurís-e1501692065144-300x116.jpg

DanzaTurís-e1501692065144-768x298.jpg

https://www.tucomarca.com/wordpress/segunda/wp-content/uploads/2017/08/DanzaTurís-e1501692065144-768x298.jpg

DanzaTurís-e1501692065144-1024x397.jpg

https://www.tucomarca.com/wordpress/segunda/wp-content/uploads/2017/08/DanzaTurís-e1501692065144-1024x397.jpg

DanzaTurís-e1501692065144-50x50.jpg

https://www.tucomarca.com/wordpress/segunda/wp-content/uploads/2017/08/DanzaTurís-e1501692065144-50x50.jpg

DanzaTurís-e1501692065144.jpg

https://www.tucomarca.com/wordpress/segunda/wp-content/uploads/2017/08/DanzaTurís-e1501692065144.jpg
