{"id":58612,"date":"2017-08-02T17:25:08","date_gmt":"2017-08-02T15:25:08","guid":{"rendered":"http:\/\/www.tucomarca.com\/wordpress\/segunda\/wp-content\/uploads\/2017\/08\/JosepBort-X\u00faquer.jpg"},"modified":"2017-08-02T17:25:22","modified_gmt":"2017-08-02T15:25:22","slug":"josepbort-xuquer","status":"inherit","type":"attachment","link":"https:\/\/www.tucomarca.com\/wordpress\/segunda\/alzira-busca-recuperar-el-uso-deportivo-del-rio-xuquer-con-el-apoyo-de-la-diputacion\/josepbort-xuquer\/","title":{"rendered":"JosepBort-X\u00faquer"},"author":1,"featured_media":0,"comment_status":"open","ping_status":"closed","template":"","meta":[],"class_list":["post-58612","attachment","type-attachment","status-inherit"],"description":{"rendered":"<p class=\"attachment\"><a href='https:\/\/www.tucomarca.com\/wordpress\/segunda\/wp-content\/uploads\/2017\/08\/JosepBort-X\u00faquer.jpg'><img loading=\"lazy\" decoding=\"async\" width=\"300\" height=\"200\" src=\"https:\/\/www.tucomarca.com\/wordpress\/segunda\/wp-content\/uploads\/2017\/08\/JosepBort-X\u00faquer-300x200.jpg\" class=\"attachment-medium size-medium\" alt=\"El diputat de Medi Ambient ha participat en la tercera edici\u00f3 del Descens del riu X\u00faquer amb piragua, una iniciativa que persegueix recon\u00e8ixer la rellev\u00e0ncia natural i vertebradora del caudal.\" srcset=\"https:\/\/www.tucomarca.com\/wordpress\/segunda\/wp-content\/uploads\/2017\/08\/JosepBort-X\u00faquer-300x200.jpg 300w, https:\/\/www.tucomarca.com\/wordpress\/segunda\/wp-content\/uploads\/2017\/08\/JosepBort-X\u00faquer-768x512.jpg 768w, https:\/\/www.tucomarca.com\/wordpress\/segunda\/wp-content\/uploads\/2017\/08\/JosepBort-X\u00faquer.jpg 1024w\" sizes=\"auto, (max-width: 300px) 100vw, 300px\" \/><\/a><\/p>\n<p>El diputat de Medi Ambient ha participat en la tercera edici\u00f3 del Descens del riu X\u00faquer amb piragua, una iniciativa que persegueix recon\u00e8ixer la rellev\u00e0ncia natural i vertebradora del caudal.<\/p>\n"},"caption":{"rendered":"<div class=\"mh-excerpt\">El diputat de Medi Ambient ha participat en la tercera edici\u00f3 del Descens del riu X\u00faquer amb piragua, una iniciativa que persegueix recon\u00e8ixer la rellev\u00e0ncia natural i vertebradora del caudal.<\/div>\n<p> <a class=\"mh-excerpt-more\" href=\"https:\/\/www.tucomarca.com\/wordpress\/segunda\/alzira-busca-recuperar-el-uso-deportivo-del-rio-xuquer-con-el-apoyo-de-la-diputacion\/josepbort-xuquer\/\" title=\"JosepBort-X\u00faquer\">[+] <\/a><\/p>\n"},"alt_text":"El diputat de Medi Ambient ha participat en la tercera edici\u00f3 del Descens del riu X\u00faquer amb piragua, una iniciativa que persegueix recon\u00e8ixer la rellev\u00e0ncia natural i vertebradora del caudal.","media_type":"image","mime_type":"image\/jpeg","media_details":{"width":1024,"height":683,"file":"2017\/08\/JosepBort-X\u00faquer.jpg","sizes":{"thumbnail":{"file":"JosepBort-X\u00faquer-290x290.jpg","width":290,"height":290,"mime_type":"image\/jpeg","source_url":"https:\/\/www.tucomarca.com\/wordpress\/segunda\/wp-content\/uploads\/2017\/08\/JosepBort-X\u00faquer-290x290.jpg"},"medium":{"file":"JosepBort-X\u00faquer-300x200.jpg","width":300,"height":200,"mime_type":"image\/jpeg","source_url":"https:\/\/www.tucomarca.com\/wordpress\/segunda\/wp-content\/uploads\/2017\/08\/JosepBort-X\u00faquer-300x200.jpg"},"medium_large":{"file":"JosepBort-X\u00faquer-768x512.jpg","width":768,"height":512,"mime_type":"image\/jpeg","source_url":"https:\/\/www.tucomarca.com\/wordpress\/segunda\/wp-content\/uploads\/2017\/08\/JosepBort-X\u00faquer-768x512.jpg"},"large":{"file":"JosepBort-X\u00faquer-1024x683.jpg","width":1024,"height":683,"mime_type":"image\/jpeg","source_url":"https:\/\/www.tucomarca.com\/wordpress\/segunda\/wp-content\/uploads\/2017\/08\/JosepBort-X\u00faquer-1024x683.jpg"},"post-thumbnail":{"file":"JosepBort-X\u00faquer-50x50.jpg","width":50,"height":50,"mime_type":"image\/jpeg","source_url":"https:\/\/www.tucomarca.com\/wordpress\/segunda\/wp-content\/uploads\/2017\/08\/JosepBort-X\u00faquer-50x50.jpg"},"gabfire":{"file":"JosepBort-X\u00faquer-1024x683.jpg","width":1024,"height":683,"mime_type":"image\/jpeg","source_url":"https:\/\/www.tucomarca.com\/wordpress\/segunda\/wp-content\/uploads\/2017\/08\/JosepBort-X\u00faquer-1024x683.jpg"},"full":{"file":"JosepBort-X\u00faquer.jpg","width":1024,"height":683,"mime_type":"image\/jpeg","source_url":"https:\/\/www.tucomarca.com\/wordpress\/segunda\/wp-content\/uploads\/2017\/08\/JosepBort-X\u00faquer.jpg"}},"image_meta":{"aperture":"5.6","credit":"","camera":"Canon EOS 1200D","caption":"","created_timestamp":"1501667121","copyright":"","focal_length":"18","iso":"100","shutter_speed":"0.01","title":"","orientation":"1","keywords":[]}},"post":58611,"source_url":"https:\/\/www.tucomarca.com\/wordpress\/segunda\/wp-content\/uploads\/2017\/08\/JosepBort-X\u00faquer.jpg","_links":{"self":[{"href":"https:\/\/www.tucomarca.com\/wordpress\/segunda\/wp-json\/wp\/v2\/media\/58612","targetHints":{"allow":["GET"]}}],"collection":[{"href":"https:\/\/www.tucomarca.com\/wordpress\/segunda\/wp-json\/wp\/v2\/media"}],"about":[{"href":"https:\/\/www.tucomarca.com\/wordpress\/segunda\/wp-json\/wp\/v2\/types\/attachment"}],"author":[{"embeddable":true,"href":"https:\/\/www.tucomarca.com\/wordpress\/segunda\/wp-json\/wp\/v2\/users\/1"}],"replies":[{"embeddable":true,"href":"https:\/\/www.tucomarca.com\/wordpress\/segunda\/wp-json\/wp\/v2\/comments?post=58612"}],"wp:attached-to":[{"embeddable":true,"post_type":"post","id":58611,"href":"https:\/\/www.tucomarca.com\/wordpress\/segunda\/wp-json\/wp\/v2\/posts\/58611"}],"curies":[{"name":"wp","href":"https:\/\/api.w.org\/{rel}","templated":true}]}}

http://www.tucomarca.com/wordpress/segunda/wp-content/uploads/2017/08/JosepBort-Xúquer.jpg

JosepBort-Xúquer

<p class="attachment"><a href='https://www.tucomarca.com/wordpress/segunda/wp-content/uploads/2017/08/JosepBort-Xúquer.jpg'><img loading="lazy" decoding="async" width="300" height="200" src="https://www.tucomarca.com/wordpress/segunda/wp-content/uploads/2017/08/JosepBort-Xúquer-300x200.jpg" class="attachment-medium size-medium" alt="El diputat de Medi Ambient ha participat en la tercera edició del Descens del riu Xúquer amb piragua, una iniciativa que persegueix reconèixer la rellevància natural i vertebradora del caudal." srcset="https://www.tucomarca.com/wordpress/segunda/wp-content/uploads/2017/08/JosepBort-Xúquer-300x200.jpg 300w, https://www.tucomarca.com/wordpress/segunda/wp-content/uploads/2017/08/JosepBort-Xúquer-768x512.jpg 768w, https://www.tucomarca.com/wordpress/segunda/wp-content/uploads/2017/08/JosepBort-Xúquer.jpg 1024w" sizes="auto, (max-width: 300px) 100vw, 300px" /></a></p>
<p>El diputat de Medi Ambient ha participat en la tercera edició del Descens del riu Xúquer amb piragua, una iniciativa que persegueix reconèixer la rellevància natural i vertebradora del caudal.</p>

<div class="mh-excerpt">El diputat de Medi Ambient ha participat en la tercera edició del Descens del riu Xúquer amb piragua, una iniciativa que persegueix reconèixer la rellevància natural i vertebradora del caudal.</div>
<p> <a class="mh-excerpt-more" href="https://www.tucomarca.com/wordpress/segunda/alzira-busca-recuperar-el-uso-deportivo-del-rio-xuquer-con-el-apoyo-de-la-diputacion/josepbort-xuquer/" title="JosepBort-Xúquer">[+] </a></p>

El diputat de Medi Ambient ha participat en la tercera edició del Descens del riu Xúquer amb piragua, una iniciativa que persegueix reconèixer la rellevància natural i vertebradora del caudal.

2017/08/JosepBort-Xúquer.jpg

JosepBort-Xúquer-290x290.jpg

https://www.tucomarca.com/wordpress/segunda/wp-content/uploads/2017/08/JosepBort-Xúquer-290x290.jpg

JosepBort-Xúquer-300x200.jpg

https://www.tucomarca.com/wordpress/segunda/wp-content/uploads/2017/08/JosepBort-Xúquer-300x200.jpg

JosepBort-Xúquer-768x512.jpg

https://www.tucomarca.com/wordpress/segunda/wp-content/uploads/2017/08/JosepBort-Xúquer-768x512.jpg

JosepBort-Xúquer-1024x683.jpg

https://www.tucomarca.com/wordpress/segunda/wp-content/uploads/2017/08/JosepBort-Xúquer-1024x683.jpg

JosepBort-Xúquer-50x50.jpg

https://www.tucomarca.com/wordpress/segunda/wp-content/uploads/2017/08/JosepBort-Xúquer-50x50.jpg

JosepBort-Xúquer.jpg

https://www.tucomarca.com/wordpress/segunda/wp-content/uploads/2017/08/JosepBort-Xúquer.jpg
