{"id":58636,"date":"2017-08-03T16:32:12","date_gmt":"2017-08-03T14:32:12","guid":{"rendered":"http:\/\/www.tucomarca.com\/wordpress\/segunda\/wp-content\/uploads\/2017\/08\/anteportada3.jpg"},"modified":"2017-08-03T16:32:42","modified_gmt":"2017-08-03T14:32:42","slug":"anteportada3","status":"inherit","type":"attachment","link":"https:\/\/www.tucomarca.com\/wordpress\/segunda\/la-biblioteca-de-bunol-adquiere-la-primera-edicion-de-la-topografia-medica-de-bunol-firmada-por-su-autor-facundo-tomas\/anteportada3\/","title":{"rendered":"anteportada3"},"author":2,"featured_media":0,"comment_status":"open","ping_status":"closed","template":"","meta":[],"class_list":["post-58636","attachment","type-attachment","status-inherit"],"description":{"rendered":"<p class=\"attachment\"><a href='https:\/\/www.tucomarca.com\/wordpress\/segunda\/wp-content\/uploads\/2017\/08\/anteportada3.jpg'><img loading=\"lazy\" decoding=\"async\" width=\"300\" height=\"225\" src=\"https:\/\/www.tucomarca.com\/wordpress\/segunda\/wp-content\/uploads\/2017\/08\/anteportada3-300x225.jpg\" class=\"attachment-medium size-medium\" alt=\"Anteportada de la Topograf\u00eda M\u00e9dica de Bu\u00f1ol (ed. 1935) dedicada por su autor, Facundo Tom\u00e1s al escritor valenciano Bernardo Morales.\" srcset=\"https:\/\/www.tucomarca.com\/wordpress\/segunda\/wp-content\/uploads\/2017\/08\/anteportada3-300x225.jpg 300w, https:\/\/www.tucomarca.com\/wordpress\/segunda\/wp-content\/uploads\/2017\/08\/anteportada3-768x576.jpg 768w, https:\/\/www.tucomarca.com\/wordpress\/segunda\/wp-content\/uploads\/2017\/08\/anteportada3-1024x768.jpg 1024w\" sizes=\"auto, (max-width: 300px) 100vw, 300px\" \/><\/a><\/p>\n<p>Anteportada de la Topograf\u00eda M\u00e9dica de Bu\u00f1ol (ed. 1935) dedicada por su autor, Facundo Tom\u00e1s al escritor valenciano Bernardo Morales. <\/p>\n"},"caption":{"rendered":"<div class=\"mh-excerpt\">Anteportada de la Topograf\u00eda M\u00e9dica de Bu\u00f1ol (ed. 1935) dedicada por su autor, Facundo Tom\u00e1s al escritor valenciano Bernardo Morales. <\/div>\n<p> <a class=\"mh-excerpt-more\" href=\"https:\/\/www.tucomarca.com\/wordpress\/segunda\/la-biblioteca-de-bunol-adquiere-la-primera-edicion-de-la-topografia-medica-de-bunol-firmada-por-su-autor-facundo-tomas\/anteportada3\/\" title=\"anteportada3\">[+] <\/a><\/p>\n"},"alt_text":"Anteportada de la Topograf\u00eda M\u00e9dica de Bu\u00f1ol (ed. 1935) dedicada por su autor, Facundo Tom\u00e1s al escritor valenciano Bernardo Morales.","media_type":"image","mime_type":"image\/jpeg","media_details":{"width":4160,"height":3120,"file":"2017\/08\/anteportada3.jpg","sizes":{"thumbnail":{"file":"anteportada3-290x290.jpg","width":290,"height":290,"mime_type":"image\/jpeg","source_url":"https:\/\/www.tucomarca.com\/wordpress\/segunda\/wp-content\/uploads\/2017\/08\/anteportada3-290x290.jpg"},"medium":{"file":"anteportada3-300x225.jpg","width":300,"height":225,"mime_type":"image\/jpeg","source_url":"https:\/\/www.tucomarca.com\/wordpress\/segunda\/wp-content\/uploads\/2017\/08\/anteportada3-300x225.jpg"},"medium_large":{"file":"anteportada3-768x576.jpg","width":768,"height":576,"mime_type":"image\/jpeg","source_url":"https:\/\/www.tucomarca.com\/wordpress\/segunda\/wp-content\/uploads\/2017\/08\/anteportada3-768x576.jpg"},"large":{"file":"anteportada3-1024x768.jpg","width":1024,"height":768,"mime_type":"image\/jpeg","source_url":"https:\/\/www.tucomarca.com\/wordpress\/segunda\/wp-content\/uploads\/2017\/08\/anteportada3-1024x768.jpg"},"post-thumbnail":{"file":"anteportada3-50x50.jpg","width":50,"height":50,"mime_type":"image\/jpeg","source_url":"https:\/\/www.tucomarca.com\/wordpress\/segunda\/wp-content\/uploads\/2017\/08\/anteportada3-50x50.jpg"},"gabfire":{"file":"anteportada3-1024x768.jpg","width":1024,"height":768,"mime_type":"image\/jpeg","source_url":"https:\/\/www.tucomarca.com\/wordpress\/segunda\/wp-content\/uploads\/2017\/08\/anteportada3-1024x768.jpg"},"full":{"file":"anteportada3.jpg","width":4160,"height":3120,"mime_type":"image\/jpeg","source_url":"https:\/\/www.tucomarca.com\/wordpress\/segunda\/wp-content\/uploads\/2017\/08\/anteportada3.jpg"}},"image_meta":{"aperture":"1.9","credit":"","camera":"Aquaris E5","caption":"","created_timestamp":"1500489754","copyright":"","focal_length":"4.6","iso":"142","shutter_speed":"0.033333333333333","title":"","orientation":"1","keywords":[]}},"post":58634,"source_url":"https:\/\/www.tucomarca.com\/wordpress\/segunda\/wp-content\/uploads\/2017\/08\/anteportada3.jpg","_links":{"self":[{"href":"https:\/\/www.tucomarca.com\/wordpress\/segunda\/wp-json\/wp\/v2\/media\/58636","targetHints":{"allow":["GET"]}}],"collection":[{"href":"https:\/\/www.tucomarca.com\/wordpress\/segunda\/wp-json\/wp\/v2\/media"}],"about":[{"href":"https:\/\/www.tucomarca.com\/wordpress\/segunda\/wp-json\/wp\/v2\/types\/attachment"}],"author":[{"embeddable":true,"href":"https:\/\/www.tucomarca.com\/wordpress\/segunda\/wp-json\/wp\/v2\/users\/2"}],"replies":[{"embeddable":true,"href":"https:\/\/www.tucomarca.com\/wordpress\/segunda\/wp-json\/wp\/v2\/comments?post=58636"}],"wp:attached-to":[{"embeddable":true,"post_type":"post","id":58634,"href":"https:\/\/www.tucomarca.com\/wordpress\/segunda\/wp-json\/wp\/v2\/posts\/58634"}],"curies":[{"name":"wp","href":"https:\/\/api.w.org\/{rel}","templated":true}]}}

<p class="attachment"><a href='https://www.tucomarca.com/wordpress/segunda/wp-content/uploads/2017/08/anteportada3.jpg'><img loading="lazy" decoding="async" width="300" height="225" src="https://www.tucomarca.com/wordpress/segunda/wp-content/uploads/2017/08/anteportada3-300x225.jpg" class="attachment-medium size-medium" alt="Anteportada de la Topografía Médica de Buñol (ed. 1935) dedicada por su autor, Facundo Tomás al escritor valenciano Bernardo Morales." srcset="https://www.tucomarca.com/wordpress/segunda/wp-content/uploads/2017/08/anteportada3-300x225.jpg 300w, https://www.tucomarca.com/wordpress/segunda/wp-content/uploads/2017/08/anteportada3-768x576.jpg 768w, https://www.tucomarca.com/wordpress/segunda/wp-content/uploads/2017/08/anteportada3-1024x768.jpg 1024w" sizes="auto, (max-width: 300px) 100vw, 300px" /></a></p>
<p>Anteportada de la Topografía Médica de Buñol (ed. 1935) dedicada por su autor, Facundo Tomás al escritor valenciano Bernardo Morales. </p>

<div class="mh-excerpt">Anteportada de la Topografía Médica de Buñol (ed. 1935) dedicada por su autor, Facundo Tomás al escritor valenciano Bernardo Morales. </div>
<p> <a class="mh-excerpt-more" href="https://www.tucomarca.com/wordpress/segunda/la-biblioteca-de-bunol-adquiere-la-primera-edicion-de-la-topografia-medica-de-bunol-firmada-por-su-autor-facundo-tomas/anteportada3/" title="anteportada3">[+] </a></p>

Anteportada de la Topografía Médica de Buñol (ed. 1935) dedicada por su autor, Facundo Tomás al escritor valenciano Bernardo Morales.
