{"id":58750,"date":"2017-08-05T21:18:56","date_gmt":"2017-08-05T19:18:56","guid":{"rendered":"http:\/\/www.tucomarca.com\/wordpress\/segunda\/wp-content\/uploads\/2017\/08\/Amadeo.jpg"},"modified":"2017-08-05T21:19:07","modified_gmt":"2017-08-05T19:19:07","slug":"amadeo-4","status":"inherit","type":"attachment","link":"https:\/\/www.tucomarca.com\/wordpress\/segunda\/video-el-presidente-del-cd-bunol-amadeo-saez-detalla-el-acuerdo-con-el-grupo-inversor-britanico\/amadeo-4\/","title":{"rendered":"Amadeo"},"author":1,"featured_media":0,"comment_status":"open","ping_status":"closed","template":"","meta":[],"class_list":["post-58750","attachment","type-attachment","status-inherit"],"description":{"rendered":"<p class=\"attachment\"><a href='https:\/\/www.tucomarca.com\/wordpress\/segunda\/wp-content\/uploads\/2017\/08\/Amadeo.jpg'><img loading=\"lazy\" decoding=\"async\" width=\"300\" height=\"169\" src=\"https:\/\/www.tucomarca.com\/wordpress\/segunda\/wp-content\/uploads\/2017\/08\/Amadeo-300x169.jpg\" class=\"attachment-medium size-medium\" alt=\"El presidente del Club Deportivo Bu\u00f1ol, Amadeo S\u00e1ez, durante la entrevista realizada en tucomarca televisi\u00f3n.\" srcset=\"https:\/\/www.tucomarca.com\/wordpress\/segunda\/wp-content\/uploads\/2017\/08\/Amadeo-300x169.jpg 300w, https:\/\/www.tucomarca.com\/wordpress\/segunda\/wp-content\/uploads\/2017\/08\/Amadeo-768x432.jpg 768w, https:\/\/www.tucomarca.com\/wordpress\/segunda\/wp-content\/uploads\/2017\/08\/Amadeo-1024x576.jpg 1024w\" sizes=\"auto, (max-width: 300px) 100vw, 300px\" \/><\/a><\/p>\n<p>El presidente del Club Deportivo Bu\u00f1ol, Amadeo S\u00e1ez, durante la entrevista realizada en tucomarca televisi\u00f3n.<\/p>\n"},"caption":{"rendered":"<div class=\"mh-excerpt\">El presidente del Club Deportivo Bu\u00f1ol, Amadeo S\u00e1ez, durante la entrevista realizada en tucomarca televisi\u00f3n.<\/div>\n<p> <a class=\"mh-excerpt-more\" href=\"https:\/\/www.tucomarca.com\/wordpress\/segunda\/video-el-presidente-del-cd-bunol-amadeo-saez-detalla-el-acuerdo-con-el-grupo-inversor-britanico\/amadeo-4\/\" title=\"Amadeo\">[+] <\/a><\/p>\n"},"alt_text":"El presidente del Club Deportivo Bu\u00f1ol, Amadeo S\u00e1ez, durante la entrevista realizada en tucomarca televisi\u00f3n.","media_type":"image","mime_type":"image\/jpeg","media_details":{"width":5120,"height":2880,"file":"2017\/08\/Amadeo.jpg","sizes":{"thumbnail":{"file":"Amadeo-290x290.jpg","width":290,"height":290,"mime_type":"image\/jpeg","source_url":"https:\/\/www.tucomarca.com\/wordpress\/segunda\/wp-content\/uploads\/2017\/08\/Amadeo-290x290.jpg"},"medium":{"file":"Amadeo-300x169.jpg","width":300,"height":169,"mime_type":"image\/jpeg","source_url":"https:\/\/www.tucomarca.com\/wordpress\/segunda\/wp-content\/uploads\/2017\/08\/Amadeo-300x169.jpg"},"medium_large":{"file":"Amadeo-768x432.jpg","width":768,"height":432,"mime_type":"image\/jpeg","source_url":"https:\/\/www.tucomarca.com\/wordpress\/segunda\/wp-content\/uploads\/2017\/08\/Amadeo-768x432.jpg"},"large":{"file":"Amadeo-1024x576.jpg","width":1024,"height":576,"mime_type":"image\/jpeg","source_url":"https:\/\/www.tucomarca.com\/wordpress\/segunda\/wp-content\/uploads\/2017\/08\/Amadeo-1024x576.jpg"},"post-thumbnail":{"file":"Amadeo-50x50.jpg","width":50,"height":50,"mime_type":"image\/jpeg","source_url":"https:\/\/www.tucomarca.com\/wordpress\/segunda\/wp-content\/uploads\/2017\/08\/Amadeo-50x50.jpg"},"gabfire":{"file":"Amadeo-1024x576.jpg","width":1024,"height":576,"mime_type":"image\/jpeg","source_url":"https:\/\/www.tucomarca.com\/wordpress\/segunda\/wp-content\/uploads\/2017\/08\/Amadeo-1024x576.jpg"},"full":{"file":"Amadeo.jpg","width":5120,"height":2880,"mime_type":"image\/jpeg","source_url":"https:\/\/www.tucomarca.com\/wordpress\/segunda\/wp-content\/uploads\/2017\/08\/Amadeo.jpg"}},"image_meta":{"aperture":"0","credit":"","camera":"","caption":"","created_timestamp":"0","copyright":"","focal_length":"0","iso":"0","shutter_speed":"0","title":"","orientation":"1","keywords":[]}},"post":58742,"source_url":"https:\/\/www.tucomarca.com\/wordpress\/segunda\/wp-content\/uploads\/2017\/08\/Amadeo.jpg","_links":{"self":[{"href":"https:\/\/www.tucomarca.com\/wordpress\/segunda\/wp-json\/wp\/v2\/media\/58750","targetHints":{"allow":["GET"]}}],"collection":[{"href":"https:\/\/www.tucomarca.com\/wordpress\/segunda\/wp-json\/wp\/v2\/media"}],"about":[{"href":"https:\/\/www.tucomarca.com\/wordpress\/segunda\/wp-json\/wp\/v2\/types\/attachment"}],"author":[{"embeddable":true,"href":"https:\/\/www.tucomarca.com\/wordpress\/segunda\/wp-json\/wp\/v2\/users\/1"}],"replies":[{"embeddable":true,"href":"https:\/\/www.tucomarca.com\/wordpress\/segunda\/wp-json\/wp\/v2\/comments?post=58750"}],"wp:attached-to":[{"embeddable":true,"post_type":"post","id":58742,"href":"https:\/\/www.tucomarca.com\/wordpress\/segunda\/wp-json\/wp\/v2\/posts\/58742"}],"curies":[{"name":"wp","href":"https:\/\/api.w.org\/{rel}","templated":true}]}}

<p class="attachment"><a href='https://www.tucomarca.com/wordpress/segunda/wp-content/uploads/2017/08/Amadeo.jpg'><img loading="lazy" decoding="async" width="300" height="169" src="https://www.tucomarca.com/wordpress/segunda/wp-content/uploads/2017/08/Amadeo-300x169.jpg" class="attachment-medium size-medium" alt="El presidente del Club Deportivo Buñol, Amadeo Sáez, durante la entrevista realizada en tucomarca televisión." srcset="https://www.tucomarca.com/wordpress/segunda/wp-content/uploads/2017/08/Amadeo-300x169.jpg 300w, https://www.tucomarca.com/wordpress/segunda/wp-content/uploads/2017/08/Amadeo-768x432.jpg 768w, https://www.tucomarca.com/wordpress/segunda/wp-content/uploads/2017/08/Amadeo-1024x576.jpg 1024w" sizes="auto, (max-width: 300px) 100vw, 300px" /></a></p>
<p>El presidente del Club Deportivo Buñol, Amadeo Sáez, durante la entrevista realizada en tucomarca televisión.</p>

<div class="mh-excerpt">El presidente del Club Deportivo Buñol, Amadeo Sáez, durante la entrevista realizada en tucomarca televisión.</div>
<p> <a class="mh-excerpt-more" href="https://www.tucomarca.com/wordpress/segunda/video-el-presidente-del-cd-bunol-amadeo-saez-detalla-el-acuerdo-con-el-grupo-inversor-britanico/amadeo-4/" title="Amadeo">[+] </a></p>

El presidente del Club Deportivo Buñol, Amadeo Sáez, durante la entrevista realizada en tucomarca televisión.
