{"id":59295,"date":"2017-09-01T18:26:53","date_gmt":"2017-09-01T16:26:53","guid":{"rendered":"http:\/\/www.tucomarca.com\/wordpress\/segunda\/wp-content\/uploads\/2017\/09\/PavimentoTuris.jpeg"},"modified":"2017-09-01T19:50:58","modified_gmt":"2017-09-01T17:50:58","slug":"pavimentoturis","status":"inherit","type":"attachment","link":"https:\/\/www.tucomarca.com\/wordpress\/segunda\/lajuntament-de-turis-renova-el-paviment-de-diversos-carrers\/pavimentoturis\/","title":{"rendered":"PavimentoTuris"},"author":1,"featured_media":0,"comment_status":"open","ping_status":"closed","template":"","meta":[],"class_list":["post-59295","attachment","type-attachment","status-inherit"],"description":{"rendered":"<p class=\"attachment\"><a href='https:\/\/www.tucomarca.com\/wordpress\/segunda\/wp-content\/uploads\/2017\/09\/PavimentoTuris.jpeg'><img loading=\"lazy\" decoding=\"async\" width=\"300\" height=\"169\" src=\"https:\/\/www.tucomarca.com\/wordpress\/segunda\/wp-content\/uploads\/2017\/09\/PavimentoTuris-300x169.jpeg\" class=\"attachment-medium size-medium\" alt=\"L&#039;Ajuntament de Tur\u00eds ha reasfaltat en les \u00faltimes setmanes diverses carrers del nucli urb\u00e0 que presentaven un paviment molt deteriorat.\" srcset=\"https:\/\/www.tucomarca.com\/wordpress\/segunda\/wp-content\/uploads\/2017\/09\/PavimentoTuris-300x169.jpeg 300w, https:\/\/www.tucomarca.com\/wordpress\/segunda\/wp-content\/uploads\/2017\/09\/PavimentoTuris-768x432.jpeg 768w, https:\/\/www.tucomarca.com\/wordpress\/segunda\/wp-content\/uploads\/2017\/09\/PavimentoTuris-1024x576.jpeg 1024w, https:\/\/www.tucomarca.com\/wordpress\/segunda\/wp-content\/uploads\/2017\/09\/PavimentoTuris.jpeg 1328w\" sizes=\"auto, (max-width: 300px) 100vw, 300px\" \/><\/a><\/p>\n<p>L&#8217;Ajuntament de Tur\u00eds ha reasfaltat en les \u00faltimes setmanes diverses carrers del nucli urb\u00e0 que presentaven un paviment molt deteriorat.<\/p>\n"},"caption":{"rendered":"<div class=\"mh-excerpt\">L&#8217;Ajuntament de Tur\u00eds ha reasfaltat en les \u00faltimes setmanes diverses carrers del nucli urb\u00e0 que presentaven un paviment molt deteriorat.<\/div>\n<p> <a class=\"mh-excerpt-more\" href=\"https:\/\/www.tucomarca.com\/wordpress\/segunda\/lajuntament-de-turis-renova-el-paviment-de-diversos-carrers\/pavimentoturis\/\" title=\"PavimentoTuris\">[+] <\/a><\/p>\n"},"alt_text":"L'Ajuntament de Tur\u00eds ha reasfaltat en les \u00faltimes setmanes diverses carrers del nucli urb\u00e0 que presentaven un paviment molt deteriorat.","media_type":"image","mime_type":"image\/jpeg","media_details":{"width":1328,"height":747,"file":"2017\/09\/PavimentoTuris.jpeg","sizes":{"thumbnail":{"file":"PavimentoTuris-290x290.jpeg","width":290,"height":290,"mime_type":"image\/jpeg","source_url":"https:\/\/www.tucomarca.com\/wordpress\/segunda\/wp-content\/uploads\/2017\/09\/PavimentoTuris-290x290.jpeg"},"medium":{"file":"PavimentoTuris-300x169.jpeg","width":300,"height":169,"mime_type":"image\/jpeg","source_url":"https:\/\/www.tucomarca.com\/wordpress\/segunda\/wp-content\/uploads\/2017\/09\/PavimentoTuris-300x169.jpeg"},"medium_large":{"file":"PavimentoTuris-768x432.jpeg","width":768,"height":432,"mime_type":"image\/jpeg","source_url":"https:\/\/www.tucomarca.com\/wordpress\/segunda\/wp-content\/uploads\/2017\/09\/PavimentoTuris-768x432.jpeg"},"large":{"file":"PavimentoTuris-1024x576.jpeg","width":1024,"height":576,"mime_type":"image\/jpeg","source_url":"https:\/\/www.tucomarca.com\/wordpress\/segunda\/wp-content\/uploads\/2017\/09\/PavimentoTuris-1024x576.jpeg"},"post-thumbnail":{"file":"PavimentoTuris-50x50.jpeg","width":50,"height":50,"mime_type":"image\/jpeg","source_url":"https:\/\/www.tucomarca.com\/wordpress\/segunda\/wp-content\/uploads\/2017\/09\/PavimentoTuris-50x50.jpeg"},"gabfire":{"file":"PavimentoTuris-1024x576.jpeg","width":1024,"height":576,"mime_type":"image\/jpeg","source_url":"https:\/\/www.tucomarca.com\/wordpress\/segunda\/wp-content\/uploads\/2017\/09\/PavimentoTuris-1024x576.jpeg"},"full":{"file":"PavimentoTuris.jpeg","width":1328,"height":747,"mime_type":"image\/jpeg","source_url":"https:\/\/www.tucomarca.com\/wordpress\/segunda\/wp-content\/uploads\/2017\/09\/PavimentoTuris.jpeg"}},"image_meta":{"aperture":"0","credit":"","camera":"","caption":"","created_timestamp":"0","copyright":"","focal_length":"0","iso":"0","shutter_speed":"0","title":"","orientation":"0","keywords":[]}},"post":59294,"source_url":"https:\/\/www.tucomarca.com\/wordpress\/segunda\/wp-content\/uploads\/2017\/09\/PavimentoTuris.jpeg","_links":{"self":[{"href":"https:\/\/www.tucomarca.com\/wordpress\/segunda\/wp-json\/wp\/v2\/media\/59295","targetHints":{"allow":["GET"]}}],"collection":[{"href":"https:\/\/www.tucomarca.com\/wordpress\/segunda\/wp-json\/wp\/v2\/media"}],"about":[{"href":"https:\/\/www.tucomarca.com\/wordpress\/segunda\/wp-json\/wp\/v2\/types\/attachment"}],"author":[{"embeddable":true,"href":"https:\/\/www.tucomarca.com\/wordpress\/segunda\/wp-json\/wp\/v2\/users\/1"}],"replies":[{"embeddable":true,"href":"https:\/\/www.tucomarca.com\/wordpress\/segunda\/wp-json\/wp\/v2\/comments?post=59295"}],"wp:attached-to":[{"embeddable":true,"post_type":"post","id":59294,"href":"https:\/\/www.tucomarca.com\/wordpress\/segunda\/wp-json\/wp\/v2\/posts\/59294"}],"curies":[{"name":"wp","href":"https:\/\/api.w.org\/{rel}","templated":true}]}}

<p class="attachment"><a href='https://www.tucomarca.com/wordpress/segunda/wp-content/uploads/2017/09/PavimentoTuris.jpeg'><img loading="lazy" decoding="async" width="300" height="169" src="https://www.tucomarca.com/wordpress/segunda/wp-content/uploads/2017/09/PavimentoTuris-300x169.jpeg" class="attachment-medium size-medium" alt="L&#039;Ajuntament de Turís ha reasfaltat en les últimes setmanes diverses carrers del nucli urbà que presentaven un paviment molt deteriorat." srcset="https://www.tucomarca.com/wordpress/segunda/wp-content/uploads/2017/09/PavimentoTuris-300x169.jpeg 300w, https://www.tucomarca.com/wordpress/segunda/wp-content/uploads/2017/09/PavimentoTuris-768x432.jpeg 768w, https://www.tucomarca.com/wordpress/segunda/wp-content/uploads/2017/09/PavimentoTuris-1024x576.jpeg 1024w, https://www.tucomarca.com/wordpress/segunda/wp-content/uploads/2017/09/PavimentoTuris.jpeg 1328w" sizes="auto, (max-width: 300px) 100vw, 300px" /></a></p>
<p>L&#8217;Ajuntament de Turís ha reasfaltat en les últimes setmanes diverses carrers del nucli urbà que presentaven un paviment molt deteriorat.</p>

<div class="mh-excerpt">L&#8217;Ajuntament de Turís ha reasfaltat en les últimes setmanes diverses carrers del nucli urbà que presentaven un paviment molt deteriorat.</div>
<p> <a class="mh-excerpt-more" href="https://www.tucomarca.com/wordpress/segunda/lajuntament-de-turis-renova-el-paviment-de-diversos-carrers/pavimentoturis/" title="PavimentoTuris">[+] </a></p>

L'Ajuntament de Turís ha reasfaltat en les últimes setmanes diverses carrers del nucli urbà que presentaven un paviment molt deteriorat.
