{"id":60742,"date":"2017-10-06T20:39:17","date_gmt":"2017-10-06T18:39:17","guid":{"rendered":"http:\/\/www.tucomarca.com\/wordpress\/segunda\/wp-content\/uploads\/2017\/10\/AlvaroDelMoral.png"},"modified":"2017-10-06T20:39:45","modified_gmt":"2017-10-06T18:39:45","slug":"alvarodelmoral","status":"inherit","type":"attachment","link":"https:\/\/www.tucomarca.com\/wordpress\/segunda\/el-jugador-del-cd-bunol-alvaro-del-moral-pasara-el-lunes-por-el-quirofano\/alvarodelmoral\/","title":{"rendered":"AlvaroDelMoral"},"author":1,"featured_media":0,"comment_status":"open","ping_status":"closed","template":"","meta":[],"class_list":["post-60742","attachment","type-attachment","status-inherit"],"description":{"rendered":"<p class=\"attachment\"><a href='https:\/\/www.tucomarca.com\/wordpress\/segunda\/wp-content\/uploads\/2017\/10\/AlvaroDelMoral.png'><img loading=\"lazy\" decoding=\"async\" width=\"300\" height=\"150\" src=\"https:\/\/www.tucomarca.com\/wordpress\/segunda\/wp-content\/uploads\/2017\/10\/AlvaroDelMoral-300x150.png\" class=\"attachment-medium size-medium\" alt=\"\u00c1lvaro Del Moral con el presidente del CD Bu\u00f1ol, Amadeo S\u00e1ez, durante le anuncio de su renovaci\u00f3n con el club.\" srcset=\"https:\/\/www.tucomarca.com\/wordpress\/segunda\/wp-content\/uploads\/2017\/10\/AlvaroDelMoral-300x150.png 300w, https:\/\/www.tucomarca.com\/wordpress\/segunda\/wp-content\/uploads\/2017\/10\/AlvaroDelMoral.png 660w\" sizes=\"auto, (max-width: 300px) 100vw, 300px\" \/><\/a><\/p>\n<p>\u00c1lvaro Del Moral con el presidente del CD Bu\u00f1ol, Amadeo S\u00e1ez, durante le anuncio de su renovaci\u00f3n con el club.<\/p>\n"},"caption":{"rendered":"<div class=\"mh-excerpt\">\u00c1lvaro Del Moral con el presidente del CD Bu\u00f1ol, Amadeo S\u00e1ez, durante le anuncio de su renovaci\u00f3n con el club.<\/div>\n<p> <a class=\"mh-excerpt-more\" href=\"https:\/\/www.tucomarca.com\/wordpress\/segunda\/el-jugador-del-cd-bunol-alvaro-del-moral-pasara-el-lunes-por-el-quirofano\/alvarodelmoral\/\" title=\"AlvaroDelMoral\">[+] <\/a><\/p>\n"},"alt_text":"\u00c1lvaro Del Moral con el presidente del CD Bu\u00f1ol, Amadeo S\u00e1ez, durante le anuncio de su renovaci\u00f3n con el club.","media_type":"image","mime_type":"image\/png","media_details":{"width":660,"height":330,"file":"2017\/10\/AlvaroDelMoral.png","sizes":{"thumbnail":{"file":"AlvaroDelMoral-290x290.png","width":290,"height":290,"mime_type":"image\/png","source_url":"https:\/\/www.tucomarca.com\/wordpress\/segunda\/wp-content\/uploads\/2017\/10\/AlvaroDelMoral-290x290.png"},"medium":{"file":"AlvaroDelMoral-300x150.png","width":300,"height":150,"mime_type":"image\/png","source_url":"https:\/\/www.tucomarca.com\/wordpress\/segunda\/wp-content\/uploads\/2017\/10\/AlvaroDelMoral-300x150.png"},"post-thumbnail":{"file":"AlvaroDelMoral-50x50.png","width":50,"height":50,"mime_type":"image\/png","source_url":"https:\/\/www.tucomarca.com\/wordpress\/segunda\/wp-content\/uploads\/2017\/10\/AlvaroDelMoral-50x50.png"},"full":{"file":"AlvaroDelMoral.png","width":660,"height":330,"mime_type":"image\/png","source_url":"https:\/\/www.tucomarca.com\/wordpress\/segunda\/wp-content\/uploads\/2017\/10\/AlvaroDelMoral.png"}},"image_meta":{"aperture":"0","credit":"","camera":"","caption":"","created_timestamp":"0","copyright":"","focal_length":"0","iso":"0","shutter_speed":"0","title":"","orientation":"0","keywords":[]}},"post":60681,"source_url":"https:\/\/www.tucomarca.com\/wordpress\/segunda\/wp-content\/uploads\/2017\/10\/AlvaroDelMoral.png","_links":{"self":[{"href":"https:\/\/www.tucomarca.com\/wordpress\/segunda\/wp-json\/wp\/v2\/media\/60742","targetHints":{"allow":["GET"]}}],"collection":[{"href":"https:\/\/www.tucomarca.com\/wordpress\/segunda\/wp-json\/wp\/v2\/media"}],"about":[{"href":"https:\/\/www.tucomarca.com\/wordpress\/segunda\/wp-json\/wp\/v2\/types\/attachment"}],"author":[{"embeddable":true,"href":"https:\/\/www.tucomarca.com\/wordpress\/segunda\/wp-json\/wp\/v2\/users\/1"}],"replies":[{"embeddable":true,"href":"https:\/\/www.tucomarca.com\/wordpress\/segunda\/wp-json\/wp\/v2\/comments?post=60742"}],"wp:attached-to":[{"embeddable":true,"post_type":"post","id":60681,"href":"https:\/\/www.tucomarca.com\/wordpress\/segunda\/wp-json\/wp\/v2\/posts\/60681"}],"curies":[{"name":"wp","href":"https:\/\/api.w.org\/{rel}","templated":true}]}}

<p class="attachment"><a href='https://www.tucomarca.com/wordpress/segunda/wp-content/uploads/2017/10/AlvaroDelMoral.png'><img loading="lazy" decoding="async" width="300" height="150" src="https://www.tucomarca.com/wordpress/segunda/wp-content/uploads/2017/10/AlvaroDelMoral-300x150.png" class="attachment-medium size-medium" alt="Álvaro Del Moral con el presidente del CD Buñol, Amadeo Sáez, durante le anuncio de su renovación con el club." srcset="https://www.tucomarca.com/wordpress/segunda/wp-content/uploads/2017/10/AlvaroDelMoral-300x150.png 300w, https://www.tucomarca.com/wordpress/segunda/wp-content/uploads/2017/10/AlvaroDelMoral.png 660w" sizes="auto, (max-width: 300px) 100vw, 300px" /></a></p>
<p>Álvaro Del Moral con el presidente del CD Buñol, Amadeo Sáez, durante le anuncio de su renovación con el club.</p>

<div class="mh-excerpt">Álvaro Del Moral con el presidente del CD Buñol, Amadeo Sáez, durante le anuncio de su renovación con el club.</div>
<p> <a class="mh-excerpt-more" href="https://www.tucomarca.com/wordpress/segunda/el-jugador-del-cd-bunol-alvaro-del-moral-pasara-el-lunes-por-el-quirofano/alvarodelmoral/" title="AlvaroDelMoral">[+] </a></p>

Álvaro Del Moral con el presidente del CD Buñol, Amadeo Sáez, durante le anuncio de su renovación con el club.
