{"id":61941,"date":"2017-11-06T10:46:26","date_gmt":"2017-11-06T08:46:26","guid":{"rendered":"http:\/\/www.tucomarca.com\/wordpress\/segunda\/wp-content\/uploads\/2017\/11\/Atmacastre2.jpg"},"modified":"2017-11-06T10:47:21","modified_gmt":"2017-11-06T08:47:21","slug":"atmacastre2","status":"inherit","type":"attachment","link":"https:\/\/www.tucomarca.com\/wordpress\/segunda\/derrotas-del-chiva-cf-y-del-atletico-de-macastre-en-sus-visitas-a-la-fonteta-2-1-y-a-aldaia-6-0\/atmacastre2\/","title":{"rendered":"Atmacastre2"},"author":1,"featured_media":0,"comment_status":"open","ping_status":"closed","template":"","meta":[],"class_list":["post-61941","attachment","type-attachment","status-inherit"],"description":{"rendered":"<p class=\"attachment\"><a href='https:\/\/www.tucomarca.com\/wordpress\/segunda\/wp-content\/uploads\/2017\/11\/Atmacastre2.jpg'><img loading=\"lazy\" decoding=\"async\" width=\"300\" height=\"200\" src=\"https:\/\/www.tucomarca.com\/wordpress\/segunda\/wp-content\/uploads\/2017\/11\/Atmacastre2-300x200.jpg\" class=\"attachment-medium size-medium\" alt=\"El Atl\u00e9tico de Macastre ha sufrido una severa derrota en su \u00faltimo enfrentamiento. Foto: Ra\u00fal Miralles.\" srcset=\"https:\/\/www.tucomarca.com\/wordpress\/segunda\/wp-content\/uploads\/2017\/11\/Atmacastre2-300x200.jpg 300w, https:\/\/www.tucomarca.com\/wordpress\/segunda\/wp-content\/uploads\/2017\/11\/Atmacastre2-768x512.jpg 768w, https:\/\/www.tucomarca.com\/wordpress\/segunda\/wp-content\/uploads\/2017\/11\/Atmacastre2.jpg 886w\" sizes=\"auto, (max-width: 300px) 100vw, 300px\" \/><\/a><\/p>\n<p>El Atl\u00e9tico de Macastre ha sufrido una severa derrota en su \u00faltimo enfrentamiento. Foto: Ra\u00fal Miralles.<\/p>\n"},"caption":{"rendered":"<div class=\"mh-excerpt\">El Atl\u00e9tico de Macastre ha sufrido una severa derrota en su \u00faltimo enfrentamiento. Foto: Ra\u00fal Miralles.<\/div>\n<p> <a class=\"mh-excerpt-more\" href=\"https:\/\/www.tucomarca.com\/wordpress\/segunda\/derrotas-del-chiva-cf-y-del-atletico-de-macastre-en-sus-visitas-a-la-fonteta-2-1-y-a-aldaia-6-0\/atmacastre2\/\" title=\"Atmacastre2\">[+] <\/a><\/p>\n"},"alt_text":"El Atl\u00e9tico de Macastre ha sufrido una severa derrota en su \u00faltimo enfrentamiento. Foto: Ra\u00fal Miralles.","media_type":"image","mime_type":"image\/jpeg","media_details":{"width":886,"height":591,"file":"2017\/11\/Atmacastre2.jpg","sizes":{"thumbnail":{"file":"Atmacastre2-290x290.jpg","width":290,"height":290,"mime_type":"image\/jpeg","source_url":"https:\/\/www.tucomarca.com\/wordpress\/segunda\/wp-content\/uploads\/2017\/11\/Atmacastre2-290x290.jpg"},"medium":{"file":"Atmacastre2-300x200.jpg","width":300,"height":200,"mime_type":"image\/jpeg","source_url":"https:\/\/www.tucomarca.com\/wordpress\/segunda\/wp-content\/uploads\/2017\/11\/Atmacastre2-300x200.jpg"},"medium_large":{"file":"Atmacastre2-768x512.jpg","width":768,"height":512,"mime_type":"image\/jpeg","source_url":"https:\/\/www.tucomarca.com\/wordpress\/segunda\/wp-content\/uploads\/2017\/11\/Atmacastre2-768x512.jpg"},"post-thumbnail":{"file":"Atmacastre2-50x50.jpg","width":50,"height":50,"mime_type":"image\/jpeg","source_url":"https:\/\/www.tucomarca.com\/wordpress\/segunda\/wp-content\/uploads\/2017\/11\/Atmacastre2-50x50.jpg"},"full":{"file":"Atmacastre2.jpg","width":886,"height":591,"mime_type":"image\/jpeg","source_url":"https:\/\/www.tucomarca.com\/wordpress\/segunda\/wp-content\/uploads\/2017\/11\/Atmacastre2.jpg"}},"image_meta":{"aperture":"5.6","credit":"","camera":"Canon EOS 1300D","caption":"","created_timestamp":"1509298432","copyright":"","focal_length":"55","iso":"100","shutter_speed":"0.002","title":"","orientation":"1","keywords":[]}},"post":61927,"source_url":"https:\/\/www.tucomarca.com\/wordpress\/segunda\/wp-content\/uploads\/2017\/11\/Atmacastre2.jpg","_links":{"self":[{"href":"https:\/\/www.tucomarca.com\/wordpress\/segunda\/wp-json\/wp\/v2\/media\/61941","targetHints":{"allow":["GET"]}}],"collection":[{"href":"https:\/\/www.tucomarca.com\/wordpress\/segunda\/wp-json\/wp\/v2\/media"}],"about":[{"href":"https:\/\/www.tucomarca.com\/wordpress\/segunda\/wp-json\/wp\/v2\/types\/attachment"}],"author":[{"embeddable":true,"href":"https:\/\/www.tucomarca.com\/wordpress\/segunda\/wp-json\/wp\/v2\/users\/1"}],"replies":[{"embeddable":true,"href":"https:\/\/www.tucomarca.com\/wordpress\/segunda\/wp-json\/wp\/v2\/comments?post=61941"}],"wp:attached-to":[{"embeddable":true,"post_type":"post","id":61927,"href":"https:\/\/www.tucomarca.com\/wordpress\/segunda\/wp-json\/wp\/v2\/posts\/61927"}],"curies":[{"name":"wp","href":"https:\/\/api.w.org\/{rel}","templated":true}]}}

<p class="attachment"><a href='https://www.tucomarca.com/wordpress/segunda/wp-content/uploads/2017/11/Atmacastre2.jpg'><img loading="lazy" decoding="async" width="300" height="200" src="https://www.tucomarca.com/wordpress/segunda/wp-content/uploads/2017/11/Atmacastre2-300x200.jpg" class="attachment-medium size-medium" alt="El Atlético de Macastre ha sufrido una severa derrota en su último enfrentamiento. Foto: Raúl Miralles." srcset="https://www.tucomarca.com/wordpress/segunda/wp-content/uploads/2017/11/Atmacastre2-300x200.jpg 300w, https://www.tucomarca.com/wordpress/segunda/wp-content/uploads/2017/11/Atmacastre2-768x512.jpg 768w, https://www.tucomarca.com/wordpress/segunda/wp-content/uploads/2017/11/Atmacastre2.jpg 886w" sizes="auto, (max-width: 300px) 100vw, 300px" /></a></p>
<p>El Atlético de Macastre ha sufrido una severa derrota en su último enfrentamiento. Foto: Raúl Miralles.</p>

<div class="mh-excerpt">El Atlético de Macastre ha sufrido una severa derrota en su último enfrentamiento. Foto: Raúl Miralles.</div>
<p> <a class="mh-excerpt-more" href="https://www.tucomarca.com/wordpress/segunda/derrotas-del-chiva-cf-y-del-atletico-de-macastre-en-sus-visitas-a-la-fonteta-2-1-y-a-aldaia-6-0/atmacastre2/" title="Atmacastre2">[+] </a></p>

El Atlético de Macastre ha sufrido una severa derrota en su último enfrentamiento. Foto: Raúl Miralles.
