{"id":63000,"date":"2017-11-30T03:28:04","date_gmt":"2017-11-30T01:28:04","guid":{"rendered":"http:\/\/www.tucomarca.com\/wordpress\/segunda\/wp-content\/uploads\/2017\/11\/CharlaAlzheimer.jpg"},"modified":"2017-11-30T03:30:32","modified_gmt":"2017-11-30T01:30:32","slug":"a3_formacion-alz","status":"inherit","type":"attachment","link":"https:\/\/www.tucomarca.com\/wordpress\/segunda\/el-ayuntamiento-de-bunol-organiza-una-charla-formativa-sobre-el-alzheimer-en-la-sala-raga\/a3_formacion-alz\/","title":{"rendered":"A3_formacion ALZ"},"author":2,"featured_media":0,"comment_status":"open","ping_status":"closed","template":"","meta":[],"class_list":["post-63000","attachment","type-attachment","status-inherit"],"description":{"rendered":"<p class=\"attachment\"><a href='https:\/\/www.tucomarca.com\/wordpress\/segunda\/wp-content\/uploads\/2017\/11\/CharlaAlzheimer.jpg'><img loading=\"lazy\" decoding=\"async\" width=\"212\" height=\"300\" src=\"https:\/\/www.tucomarca.com\/wordpress\/segunda\/wp-content\/uploads\/2017\/11\/CharlaAlzheimer-212x300.jpg\" class=\"attachment-medium size-medium\" alt=\"La Concejal\u00eda de Bienestar Social del Ayuntamiento de Bu\u00f1ol ha organizado esta charla para el pr\u00f3ximo lunes 4 de diciembre en la Sala Raga del Molino Gal\u00e1n a las 18.30 h.\" srcset=\"https:\/\/www.tucomarca.com\/wordpress\/segunda\/wp-content\/uploads\/2017\/11\/CharlaAlzheimer-212x300.jpg 212w, https:\/\/www.tucomarca.com\/wordpress\/segunda\/wp-content\/uploads\/2017\/11\/CharlaAlzheimer.jpg 510w\" sizes=\"auto, (max-width: 212px) 100vw, 212px\" \/><\/a><\/p>\n<p>La Concejal\u00eda de Bienestar Social del Ayuntamiento de Bu\u00f1ol ha organizado esta charla para el pr\u00f3ximo lunes 4 de diciembre en la Sala Raga del Molino Gal\u00e1n a las 18.30 h.<\/p>\n"},"caption":{"rendered":"<div class=\"mh-excerpt\">La Concejal\u00eda de Bienestar Social del Ayuntamiento de Bu\u00f1ol ha organizado esta charla para el pr\u00f3ximo lunes 4 de diciembre en la Sala Raga del Molino Gal\u00e1n a las 18.30 h.<\/div>\n<p> <a class=\"mh-excerpt-more\" href=\"https:\/\/www.tucomarca.com\/wordpress\/segunda\/el-ayuntamiento-de-bunol-organiza-una-charla-formativa-sobre-el-alzheimer-en-la-sala-raga\/a3_formacion-alz\/\" title=\"A3_formacion ALZ\">[+] <\/a><\/p>\n"},"alt_text":"La Concejal\u00eda de Bienestar Social del Ayuntamiento de Bu\u00f1ol ha organizado esta charla para el pr\u00f3ximo lunes 4 de diciembre en la Sala Raga del Molino Gal\u00e1n a las 18.30 h.","media_type":"image","mime_type":"image\/jpeg","media_details":{"width":510,"height":722,"file":"2017\/11\/CharlaAlzheimer.jpg","sizes":{"thumbnail":{"file":"CharlaAlzheimer-290x290.jpg","width":290,"height":290,"mime_type":"image\/jpeg","source_url":"https:\/\/www.tucomarca.com\/wordpress\/segunda\/wp-content\/uploads\/2017\/11\/CharlaAlzheimer-290x290.jpg"},"medium":{"file":"CharlaAlzheimer-212x300.jpg","width":212,"height":300,"mime_type":"image\/jpeg","source_url":"https:\/\/www.tucomarca.com\/wordpress\/segunda\/wp-content\/uploads\/2017\/11\/CharlaAlzheimer-212x300.jpg"},"post-thumbnail":{"file":"CharlaAlzheimer-50x50.jpg","width":50,"height":50,"mime_type":"image\/jpeg","source_url":"https:\/\/www.tucomarca.com\/wordpress\/segunda\/wp-content\/uploads\/2017\/11\/CharlaAlzheimer-50x50.jpg"},"full":{"file":"CharlaAlzheimer.jpg","width":510,"height":722,"mime_type":"image\/jpeg","source_url":"https:\/\/www.tucomarca.com\/wordpress\/segunda\/wp-content\/uploads\/2017\/11\/CharlaAlzheimer.jpg"}},"image_meta":{"aperture":"0","credit":"","camera":"","caption":"","created_timestamp":"0","copyright":"","focal_length":"0","iso":"0","shutter_speed":"0","title":"A3_formacion ALZ","orientation":"1","keywords":[]}},"post":62998,"source_url":"https:\/\/www.tucomarca.com\/wordpress\/segunda\/wp-content\/uploads\/2017\/11\/CharlaAlzheimer.jpg","_links":{"self":[{"href":"https:\/\/www.tucomarca.com\/wordpress\/segunda\/wp-json\/wp\/v2\/media\/63000","targetHints":{"allow":["GET"]}}],"collection":[{"href":"https:\/\/www.tucomarca.com\/wordpress\/segunda\/wp-json\/wp\/v2\/media"}],"about":[{"href":"https:\/\/www.tucomarca.com\/wordpress\/segunda\/wp-json\/wp\/v2\/types\/attachment"}],"author":[{"embeddable":true,"href":"https:\/\/www.tucomarca.com\/wordpress\/segunda\/wp-json\/wp\/v2\/users\/2"}],"replies":[{"embeddable":true,"href":"https:\/\/www.tucomarca.com\/wordpress\/segunda\/wp-json\/wp\/v2\/comments?post=63000"}],"wp:attached-to":[{"embeddable":true,"post_type":"post","id":62998,"href":"https:\/\/www.tucomarca.com\/wordpress\/segunda\/wp-json\/wp\/v2\/posts\/62998"}],"curies":[{"name":"wp","href":"https:\/\/api.w.org\/{rel}","templated":true}]}}

<p class="attachment"><a href='https://www.tucomarca.com/wordpress/segunda/wp-content/uploads/2017/11/CharlaAlzheimer.jpg'><img loading="lazy" decoding="async" width="212" height="300" src="https://www.tucomarca.com/wordpress/segunda/wp-content/uploads/2017/11/CharlaAlzheimer-212x300.jpg" class="attachment-medium size-medium" alt="La Concejalía de Bienestar Social del Ayuntamiento de Buñol ha organizado esta charla para el próximo lunes 4 de diciembre en la Sala Raga del Molino Galán a las 18.30 h." srcset="https://www.tucomarca.com/wordpress/segunda/wp-content/uploads/2017/11/CharlaAlzheimer-212x300.jpg 212w, https://www.tucomarca.com/wordpress/segunda/wp-content/uploads/2017/11/CharlaAlzheimer.jpg 510w" sizes="auto, (max-width: 212px) 100vw, 212px" /></a></p>
<p>La Concejalía de Bienestar Social del Ayuntamiento de Buñol ha organizado esta charla para el próximo lunes 4 de diciembre en la Sala Raga del Molino Galán a las 18.30 h.</p>

<div class="mh-excerpt">La Concejalía de Bienestar Social del Ayuntamiento de Buñol ha organizado esta charla para el próximo lunes 4 de diciembre en la Sala Raga del Molino Galán a las 18.30 h.</div>
<p> <a class="mh-excerpt-more" href="https://www.tucomarca.com/wordpress/segunda/el-ayuntamiento-de-bunol-organiza-una-charla-formativa-sobre-el-alzheimer-en-la-sala-raga/a3_formacion-alz/" title="A3_formacion ALZ">[+] </a></p>

La Concejalía de Bienestar Social del Ayuntamiento de Buñol ha organizado esta charla para el próximo lunes 4 de diciembre en la Sala Raga del Molino Galán a las 18.30 h.
