{"id":63217,"date":"2017-12-04T22:01:39","date_gmt":"2017-12-04T20:01:39","guid":{"rendered":"http:\/\/www.tucomarca.com\/wordpress\/segunda\/wp-content\/uploads\/2017\/12\/JorgeCarreteras.jpg"},"modified":"2017-12-04T22:01:54","modified_gmt":"2017-12-04T20:01:54","slug":"jorgecarreteras","status":"inherit","type":"attachment","link":"https:\/\/www.tucomarca.com\/wordpress\/segunda\/la-diputacio-invertira-35-millones-de-euros-en-3-anos-en-conservacion-para-tener-unas-carreteras-mas-seguras\/jorgecarreteras\/","title":{"rendered":"JorgeCarreteras"},"author":1,"featured_media":0,"comment_status":"open","ping_status":"closed","template":"","meta":[],"class_list":["post-63217","attachment","type-attachment","status-inherit"],"description":{"rendered":"<p class=\"attachment\"><a href='https:\/\/www.tucomarca.com\/wordpress\/segunda\/wp-content\/uploads\/2017\/12\/JorgeCarreteras.jpg'><img loading=\"lazy\" decoding=\"async\" width=\"300\" height=\"195\" src=\"https:\/\/www.tucomarca.com\/wordpress\/segunda\/wp-content\/uploads\/2017\/12\/JorgeCarreteras-300x195.jpg\" class=\"attachment-medium size-medium\" alt=\"El presidente de la Diputaci\u00f3 de Val\u00e8ncia, Jorge Rodr\u00edguez durante la presentaci\u00f3n.\" srcset=\"https:\/\/www.tucomarca.com\/wordpress\/segunda\/wp-content\/uploads\/2017\/12\/JorgeCarreteras-300x195.jpg 300w, https:\/\/www.tucomarca.com\/wordpress\/segunda\/wp-content\/uploads\/2017\/12\/JorgeCarreteras-768x499.jpg 768w, https:\/\/www.tucomarca.com\/wordpress\/segunda\/wp-content\/uploads\/2017\/12\/JorgeCarreteras-1024x665.jpg 1024w\" sizes=\"auto, (max-width: 300px) 100vw, 300px\" \/><\/a><\/p>\n<p>El presidente de la Diputaci\u00f3 de Val\u00e8ncia, Jorge Rodr\u00edguez durante la presentaci\u00f3n.<\/p>\n"},"caption":{"rendered":"<div class=\"mh-excerpt\">El presidente de la Diputaci\u00f3 de Val\u00e8ncia, Jorge Rodr\u00edguez durante la presentaci\u00f3n.<\/div>\n<p> <a class=\"mh-excerpt-more\" href=\"https:\/\/www.tucomarca.com\/wordpress\/segunda\/la-diputacio-invertira-35-millones-de-euros-en-3-anos-en-conservacion-para-tener-unas-carreteras-mas-seguras\/jorgecarreteras\/\" title=\"JorgeCarreteras\">[+] <\/a><\/p>\n"},"alt_text":"El presidente de la Diputaci\u00f3 de Val\u00e8ncia, Jorge Rodr\u00edguez durante la presentaci\u00f3n.","media_type":"image","mime_type":"image\/jpeg","media_details":{"width":2362,"height":1535,"file":"2017\/12\/JorgeCarreteras.jpg","sizes":{"thumbnail":{"file":"JorgeCarreteras-290x290.jpg","width":290,"height":290,"mime_type":"image\/jpeg","source_url":"https:\/\/www.tucomarca.com\/wordpress\/segunda\/wp-content\/uploads\/2017\/12\/JorgeCarreteras-290x290.jpg"},"medium":{"file":"JorgeCarreteras-300x195.jpg","width":300,"height":195,"mime_type":"image\/jpeg","source_url":"https:\/\/www.tucomarca.com\/wordpress\/segunda\/wp-content\/uploads\/2017\/12\/JorgeCarreteras-300x195.jpg"},"medium_large":{"file":"JorgeCarreteras-768x499.jpg","width":768,"height":499,"mime_type":"image\/jpeg","source_url":"https:\/\/www.tucomarca.com\/wordpress\/segunda\/wp-content\/uploads\/2017\/12\/JorgeCarreteras-768x499.jpg"},"large":{"file":"JorgeCarreteras-1024x665.jpg","width":1024,"height":665,"mime_type":"image\/jpeg","source_url":"https:\/\/www.tucomarca.com\/wordpress\/segunda\/wp-content\/uploads\/2017\/12\/JorgeCarreteras-1024x665.jpg"},"post-thumbnail":{"file":"JorgeCarreteras-50x50.jpg","width":50,"height":50,"mime_type":"image\/jpeg","source_url":"https:\/\/www.tucomarca.com\/wordpress\/segunda\/wp-content\/uploads\/2017\/12\/JorgeCarreteras-50x50.jpg"},"gabfire":{"file":"JorgeCarreteras-1024x665.jpg","width":1024,"height":665,"mime_type":"image\/jpeg","source_url":"https:\/\/www.tucomarca.com\/wordpress\/segunda\/wp-content\/uploads\/2017\/12\/JorgeCarreteras-1024x665.jpg"},"full":{"file":"JorgeCarreteras.jpg","width":2362,"height":1535,"mime_type":"image\/jpeg","source_url":"https:\/\/www.tucomarca.com\/wordpress\/segunda\/wp-content\/uploads\/2017\/12\/JorgeCarreteras.jpg"}},"image_meta":{"aperture":"0","credit":"Raquel Abulaila","camera":"","caption":"","created_timestamp":"0","copyright":"Raquel Abulaila","focal_length":"0","iso":"0","shutter_speed":"0","title":"","orientation":"1","keywords":[]}},"post":63216,"source_url":"https:\/\/www.tucomarca.com\/wordpress\/segunda\/wp-content\/uploads\/2017\/12\/JorgeCarreteras.jpg","_links":{"self":[{"href":"https:\/\/www.tucomarca.com\/wordpress\/segunda\/wp-json\/wp\/v2\/media\/63217","targetHints":{"allow":["GET"]}}],"collection":[{"href":"https:\/\/www.tucomarca.com\/wordpress\/segunda\/wp-json\/wp\/v2\/media"}],"about":[{"href":"https:\/\/www.tucomarca.com\/wordpress\/segunda\/wp-json\/wp\/v2\/types\/attachment"}],"author":[{"embeddable":true,"href":"https:\/\/www.tucomarca.com\/wordpress\/segunda\/wp-json\/wp\/v2\/users\/1"}],"replies":[{"embeddable":true,"href":"https:\/\/www.tucomarca.com\/wordpress\/segunda\/wp-json\/wp\/v2\/comments?post=63217"}],"wp:attached-to":[{"embeddable":true,"post_type":"post","id":63216,"href":"https:\/\/www.tucomarca.com\/wordpress\/segunda\/wp-json\/wp\/v2\/posts\/63216"}],"curies":[{"name":"wp","href":"https:\/\/api.w.org\/{rel}","templated":true}]}}

<p class="attachment"><a href='https://www.tucomarca.com/wordpress/segunda/wp-content/uploads/2017/12/JorgeCarreteras.jpg'><img loading="lazy" decoding="async" width="300" height="195" src="https://www.tucomarca.com/wordpress/segunda/wp-content/uploads/2017/12/JorgeCarreteras-300x195.jpg" class="attachment-medium size-medium" alt="El presidente de la Diputació de València, Jorge Rodríguez durante la presentación." srcset="https://www.tucomarca.com/wordpress/segunda/wp-content/uploads/2017/12/JorgeCarreteras-300x195.jpg 300w, https://www.tucomarca.com/wordpress/segunda/wp-content/uploads/2017/12/JorgeCarreteras-768x499.jpg 768w, https://www.tucomarca.com/wordpress/segunda/wp-content/uploads/2017/12/JorgeCarreteras-1024x665.jpg 1024w" sizes="auto, (max-width: 300px) 100vw, 300px" /></a></p>
<p>El presidente de la Diputació de València, Jorge Rodríguez durante la presentación.</p>

<div class="mh-excerpt">El presidente de la Diputació de València, Jorge Rodríguez durante la presentación.</div>
<p> <a class="mh-excerpt-more" href="https://www.tucomarca.com/wordpress/segunda/la-diputacio-invertira-35-millones-de-euros-en-3-anos-en-conservacion-para-tener-unas-carreteras-mas-seguras/jorgecarreteras/" title="JorgeCarreteras">[+] </a></p>

El presidente de la Diputació de València, Jorge Rodríguez durante la presentación.
