{"id":63223,"date":"2017-12-04T22:19:16","date_gmt":"2017-12-04T20:19:16","guid":{"rendered":"http:\/\/www.tucomarca.com\/wordpress\/segunda\/wp-content\/uploads\/2017\/12\/BunyolCliment.jpg"},"modified":"2017-12-04T22:19:46","modified_gmt":"2017-12-04T20:19:46","slug":"bunyolcliment","status":"inherit","type":"attachment","link":"https:\/\/www.tucomarca.com\/wordpress\/segunda\/bunol-pide-al-conseller-de-economia-sostenible-sectores-productivos-comercio-y-trabajo-mas-apoyo-para-las-industrias-de-la-hoya\/bunyolcliment\/","title":{"rendered":"BunyolCliment"},"author":1,"featured_media":0,"comment_status":"open","ping_status":"closed","template":"","meta":[],"class_list":["post-63223","attachment","type-attachment","status-inherit"],"description":{"rendered":"<p class=\"attachment\"><a href='https:\/\/www.tucomarca.com\/wordpress\/segunda\/wp-content\/uploads\/2017\/12\/BunyolCliment.jpg'><img loading=\"lazy\" decoding=\"async\" width=\"300\" height=\"225\" src=\"https:\/\/www.tucomarca.com\/wordpress\/segunda\/wp-content\/uploads\/2017\/12\/BunyolCliment-300x225.jpg\" class=\"attachment-medium size-medium\" alt=\"La alcaldesa, Juncal Carrascosa, junto a los tenientes de alcalde, Rafael P\u00e9rez y Alejandro Agustina, ha solicitado inversiones en infraestructuras en La Hoya y especialmente en Bu\u00f1ol para el pr\u00f3ximo ejercicio.\" srcset=\"https:\/\/www.tucomarca.com\/wordpress\/segunda\/wp-content\/uploads\/2017\/12\/BunyolCliment-300x225.jpg 300w, https:\/\/www.tucomarca.com\/wordpress\/segunda\/wp-content\/uploads\/2017\/12\/BunyolCliment-768x576.jpg 768w, https:\/\/www.tucomarca.com\/wordpress\/segunda\/wp-content\/uploads\/2017\/12\/BunyolCliment-1024x768.jpg 1024w, https:\/\/www.tucomarca.com\/wordpress\/segunda\/wp-content\/uploads\/2017\/12\/BunyolCliment.jpg 1280w\" sizes=\"auto, (max-width: 300px) 100vw, 300px\" \/><\/a><\/p>\n<p>La alcaldesa, Juncal Carrascosa, junto a los tenientes de alcalde, Rafael P\u00e9rez y Alejandro Agustina, ha solicitado inversiones en infraestructuras en La Hoya y especialmente en Bu\u00f1ol para el pr\u00f3ximo ejercicio.<\/p>\n"},"caption":{"rendered":"<div class=\"mh-excerpt\">La alcaldesa, Juncal Carrascosa, junto a los tenientes de alcalde, Rafael P\u00e9rez y Alejandro Agustina, ha solicitado inversiones en infraestructuras en La Hoya y especialmente en Bu\u00f1ol para el pr\u00f3ximo ejercicio.<\/div>\n<p> <a class=\"mh-excerpt-more\" href=\"https:\/\/www.tucomarca.com\/wordpress\/segunda\/bunol-pide-al-conseller-de-economia-sostenible-sectores-productivos-comercio-y-trabajo-mas-apoyo-para-las-industrias-de-la-hoya\/bunyolcliment\/\" title=\"BunyolCliment\">[+] <\/a><\/p>\n"},"alt_text":"La alcaldesa, Juncal Carrascosa, junto a los tenientes de alcalde, Rafael P\u00e9rez y Alejandro Agustina, ha solicitado inversiones en infraestructuras en La Hoya y especialmente en Bu\u00f1ol para el pr\u00f3ximo ejercicio.","media_type":"image","mime_type":"image\/jpeg","media_details":{"width":1280,"height":960,"file":"2017\/12\/BunyolCliment.jpg","sizes":{"thumbnail":{"file":"BunyolCliment-290x290.jpg","width":290,"height":290,"mime_type":"image\/jpeg","source_url":"https:\/\/www.tucomarca.com\/wordpress\/segunda\/wp-content\/uploads\/2017\/12\/BunyolCliment-290x290.jpg"},"medium":{"file":"BunyolCliment-300x225.jpg","width":300,"height":225,"mime_type":"image\/jpeg","source_url":"https:\/\/www.tucomarca.com\/wordpress\/segunda\/wp-content\/uploads\/2017\/12\/BunyolCliment-300x225.jpg"},"medium_large":{"file":"BunyolCliment-768x576.jpg","width":768,"height":576,"mime_type":"image\/jpeg","source_url":"https:\/\/www.tucomarca.com\/wordpress\/segunda\/wp-content\/uploads\/2017\/12\/BunyolCliment-768x576.jpg"},"large":{"file":"BunyolCliment-1024x768.jpg","width":1024,"height":768,"mime_type":"image\/jpeg","source_url":"https:\/\/www.tucomarca.com\/wordpress\/segunda\/wp-content\/uploads\/2017\/12\/BunyolCliment-1024x768.jpg"},"post-thumbnail":{"file":"BunyolCliment-50x50.jpg","width":50,"height":50,"mime_type":"image\/jpeg","source_url":"https:\/\/www.tucomarca.com\/wordpress\/segunda\/wp-content\/uploads\/2017\/12\/BunyolCliment-50x50.jpg"},"gabfire":{"file":"BunyolCliment-1024x768.jpg","width":1024,"height":768,"mime_type":"image\/jpeg","source_url":"https:\/\/www.tucomarca.com\/wordpress\/segunda\/wp-content\/uploads\/2017\/12\/BunyolCliment-1024x768.jpg"},"full":{"file":"BunyolCliment.jpg","width":1280,"height":960,"mime_type":"image\/jpeg","source_url":"https:\/\/www.tucomarca.com\/wordpress\/segunda\/wp-content\/uploads\/2017\/12\/BunyolCliment.jpg"}},"image_meta":{"aperture":"0","credit":"","camera":"","caption":"","created_timestamp":"0","copyright":"","focal_length":"0","iso":"0","shutter_speed":"0","title":"","orientation":"0","keywords":[]}},"post":63222,"source_url":"https:\/\/www.tucomarca.com\/wordpress\/segunda\/wp-content\/uploads\/2017\/12\/BunyolCliment.jpg","_links":{"self":[{"href":"https:\/\/www.tucomarca.com\/wordpress\/segunda\/wp-json\/wp\/v2\/media\/63223","targetHints":{"allow":["GET"]}}],"collection":[{"href":"https:\/\/www.tucomarca.com\/wordpress\/segunda\/wp-json\/wp\/v2\/media"}],"about":[{"href":"https:\/\/www.tucomarca.com\/wordpress\/segunda\/wp-json\/wp\/v2\/types\/attachment"}],"author":[{"embeddable":true,"href":"https:\/\/www.tucomarca.com\/wordpress\/segunda\/wp-json\/wp\/v2\/users\/1"}],"replies":[{"embeddable":true,"href":"https:\/\/www.tucomarca.com\/wordpress\/segunda\/wp-json\/wp\/v2\/comments?post=63223"}],"wp:attached-to":[{"embeddable":true,"post_type":"post","id":63222,"href":"https:\/\/www.tucomarca.com\/wordpress\/segunda\/wp-json\/wp\/v2\/posts\/63222"}],"curies":[{"name":"wp","href":"https:\/\/api.w.org\/{rel}","templated":true}]}}

<p class="attachment"><a href='https://www.tucomarca.com/wordpress/segunda/wp-content/uploads/2017/12/BunyolCliment.jpg'><img loading="lazy" decoding="async" width="300" height="225" src="https://www.tucomarca.com/wordpress/segunda/wp-content/uploads/2017/12/BunyolCliment-300x225.jpg" class="attachment-medium size-medium" alt="La alcaldesa, Juncal Carrascosa, junto a los tenientes de alcalde, Rafael Pérez y Alejandro Agustina, ha solicitado inversiones en infraestructuras en La Hoya y especialmente en Buñol para el próximo ejercicio." srcset="https://www.tucomarca.com/wordpress/segunda/wp-content/uploads/2017/12/BunyolCliment-300x225.jpg 300w, https://www.tucomarca.com/wordpress/segunda/wp-content/uploads/2017/12/BunyolCliment-768x576.jpg 768w, https://www.tucomarca.com/wordpress/segunda/wp-content/uploads/2017/12/BunyolCliment-1024x768.jpg 1024w, https://www.tucomarca.com/wordpress/segunda/wp-content/uploads/2017/12/BunyolCliment.jpg 1280w" sizes="auto, (max-width: 300px) 100vw, 300px" /></a></p>
<p>La alcaldesa, Juncal Carrascosa, junto a los tenientes de alcalde, Rafael Pérez y Alejandro Agustina, ha solicitado inversiones en infraestructuras en La Hoya y especialmente en Buñol para el próximo ejercicio.</p>

<div class="mh-excerpt">La alcaldesa, Juncal Carrascosa, junto a los tenientes de alcalde, Rafael Pérez y Alejandro Agustina, ha solicitado inversiones en infraestructuras en La Hoya y especialmente en Buñol para el próximo ejercicio.</div>
<p> <a class="mh-excerpt-more" href="https://www.tucomarca.com/wordpress/segunda/bunol-pide-al-conseller-de-economia-sostenible-sectores-productivos-comercio-y-trabajo-mas-apoyo-para-las-industrias-de-la-hoya/bunyolcliment/" title="BunyolCliment">[+] </a></p>

La alcaldesa, Juncal Carrascosa, junto a los tenientes de alcalde, Rafael Pérez y Alejandro Agustina, ha solicitado inversiones en infraestructuras en La Hoya y especialmente en Buñol para el próximo ejercicio.
