{"id":63237,"date":"2017-12-04T22:38:39","date_gmt":"2017-12-04T20:38:39","guid":{"rendered":"http:\/\/www.tucomarca.com\/wordpress\/segunda\/wp-content\/uploads\/2017\/12\/Turiscolegio.jpeg"},"modified":"2017-12-04T22:39:07","modified_gmt":"2017-12-04T20:39:07","slug":"turiscolegio","status":"inherit","type":"attachment","link":"https:\/\/www.tucomarca.com\/wordpress\/segunda\/turis-tendra-un-nuevo-colegio\/turiscolegio\/","title":{"rendered":"Turiscolegio"},"author":1,"featured_media":0,"comment_status":"open","ping_status":"closed","template":"","meta":[],"class_list":["post-63237","attachment","type-attachment","status-inherit"],"description":{"rendered":"<p class=\"attachment\"><a href='https:\/\/www.tucomarca.com\/wordpress\/segunda\/wp-content\/uploads\/2017\/12\/Turiscolegio.jpeg'><img loading=\"lazy\" decoding=\"async\" width=\"300\" height=\"162\" src=\"https:\/\/www.tucomarca.com\/wordpress\/segunda\/wp-content\/uploads\/2017\/12\/Turiscolegio-300x162.jpeg\" class=\"attachment-medium size-medium\" alt=\"Reuni\u00f3n de trabajo de los responsables municipales con Jes\u00fas Garc\u00eda, Subdirector General de Infraestructuras y Personal T\u00e9cnico de la Conselleria de Educaci\u00f3n.\" srcset=\"https:\/\/www.tucomarca.com\/wordpress\/segunda\/wp-content\/uploads\/2017\/12\/Turiscolegio-300x162.jpeg 300w, https:\/\/www.tucomarca.com\/wordpress\/segunda\/wp-content\/uploads\/2017\/12\/Turiscolegio-768x416.jpeg 768w, https:\/\/www.tucomarca.com\/wordpress\/segunda\/wp-content\/uploads\/2017\/12\/Turiscolegio-1024x554.jpeg 1024w, https:\/\/www.tucomarca.com\/wordpress\/segunda\/wp-content\/uploads\/2017\/12\/Turiscolegio.jpeg 1600w\" sizes=\"auto, (max-width: 300px) 100vw, 300px\" \/><\/a><\/p>\n<p>Reuni\u00f3n de trabajo de los responsables municipales con Jes\u00fas Garc\u00eda, Subdirector General de Infraestructuras y Personal T\u00e9cnico de la Conselleria de Educaci\u00f3n.<\/p>\n"},"caption":{"rendered":"<div class=\"mh-excerpt\">Reuni\u00f3n de trabajo de los responsables municipales con Jes\u00fas Garc\u00eda, Subdirector General de Infraestructuras y Personal T\u00e9cnico de la Conselleria de Educaci\u00f3n.<\/div>\n<p> <a class=\"mh-excerpt-more\" href=\"https:\/\/www.tucomarca.com\/wordpress\/segunda\/turis-tendra-un-nuevo-colegio\/turiscolegio\/\" title=\"Turiscolegio\">[+] <\/a><\/p>\n"},"alt_text":"Reuni\u00f3n de trabajo de los responsables municipales con Jes\u00fas Garc\u00eda, Subdirector General de Infraestructuras y Personal T\u00e9cnico de la Conselleria de Educaci\u00f3n.","media_type":"image","mime_type":"image\/jpeg","media_details":{"width":1600,"height":866,"file":"2017\/12\/Turiscolegio.jpeg","sizes":{"thumbnail":{"file":"Turiscolegio-290x290.jpeg","width":290,"height":290,"mime_type":"image\/jpeg","source_url":"https:\/\/www.tucomarca.com\/wordpress\/segunda\/wp-content\/uploads\/2017\/12\/Turiscolegio-290x290.jpeg"},"medium":{"file":"Turiscolegio-300x162.jpeg","width":300,"height":162,"mime_type":"image\/jpeg","source_url":"https:\/\/www.tucomarca.com\/wordpress\/segunda\/wp-content\/uploads\/2017\/12\/Turiscolegio-300x162.jpeg"},"medium_large":{"file":"Turiscolegio-768x416.jpeg","width":768,"height":416,"mime_type":"image\/jpeg","source_url":"https:\/\/www.tucomarca.com\/wordpress\/segunda\/wp-content\/uploads\/2017\/12\/Turiscolegio-768x416.jpeg"},"large":{"file":"Turiscolegio-1024x554.jpeg","width":1024,"height":554,"mime_type":"image\/jpeg","source_url":"https:\/\/www.tucomarca.com\/wordpress\/segunda\/wp-content\/uploads\/2017\/12\/Turiscolegio-1024x554.jpeg"},"post-thumbnail":{"file":"Turiscolegio-50x50.jpeg","width":50,"height":50,"mime_type":"image\/jpeg","source_url":"https:\/\/www.tucomarca.com\/wordpress\/segunda\/wp-content\/uploads\/2017\/12\/Turiscolegio-50x50.jpeg"},"gabfire":{"file":"Turiscolegio-1024x554.jpeg","width":1024,"height":554,"mime_type":"image\/jpeg","source_url":"https:\/\/www.tucomarca.com\/wordpress\/segunda\/wp-content\/uploads\/2017\/12\/Turiscolegio-1024x554.jpeg"},"full":{"file":"Turiscolegio.jpeg","width":1600,"height":866,"mime_type":"image\/jpeg","source_url":"https:\/\/www.tucomarca.com\/wordpress\/segunda\/wp-content\/uploads\/2017\/12\/Turiscolegio.jpeg"}},"image_meta":{"aperture":"0","credit":"","camera":"","caption":"","created_timestamp":"0","copyright":"","focal_length":"0","iso":"0","shutter_speed":"0","title":"","orientation":"0","keywords":[]}},"post":63236,"source_url":"https:\/\/www.tucomarca.com\/wordpress\/segunda\/wp-content\/uploads\/2017\/12\/Turiscolegio.jpeg","_links":{"self":[{"href":"https:\/\/www.tucomarca.com\/wordpress\/segunda\/wp-json\/wp\/v2\/media\/63237","targetHints":{"allow":["GET"]}}],"collection":[{"href":"https:\/\/www.tucomarca.com\/wordpress\/segunda\/wp-json\/wp\/v2\/media"}],"about":[{"href":"https:\/\/www.tucomarca.com\/wordpress\/segunda\/wp-json\/wp\/v2\/types\/attachment"}],"author":[{"embeddable":true,"href":"https:\/\/www.tucomarca.com\/wordpress\/segunda\/wp-json\/wp\/v2\/users\/1"}],"replies":[{"embeddable":true,"href":"https:\/\/www.tucomarca.com\/wordpress\/segunda\/wp-json\/wp\/v2\/comments?post=63237"}],"wp:attached-to":[{"embeddable":true,"post_type":"post","id":63236,"href":"https:\/\/www.tucomarca.com\/wordpress\/segunda\/wp-json\/wp\/v2\/posts\/63236"}],"curies":[{"name":"wp","href":"https:\/\/api.w.org\/{rel}","templated":true}]}}

<p class="attachment"><a href='https://www.tucomarca.com/wordpress/segunda/wp-content/uploads/2017/12/Turiscolegio.jpeg'><img loading="lazy" decoding="async" width="300" height="162" src="https://www.tucomarca.com/wordpress/segunda/wp-content/uploads/2017/12/Turiscolegio-300x162.jpeg" class="attachment-medium size-medium" alt="Reunión de trabajo de los responsables municipales con Jesús García, Subdirector General de Infraestructuras y Personal Técnico de la Conselleria de Educación." srcset="https://www.tucomarca.com/wordpress/segunda/wp-content/uploads/2017/12/Turiscolegio-300x162.jpeg 300w, https://www.tucomarca.com/wordpress/segunda/wp-content/uploads/2017/12/Turiscolegio-768x416.jpeg 768w, https://www.tucomarca.com/wordpress/segunda/wp-content/uploads/2017/12/Turiscolegio-1024x554.jpeg 1024w, https://www.tucomarca.com/wordpress/segunda/wp-content/uploads/2017/12/Turiscolegio.jpeg 1600w" sizes="auto, (max-width: 300px) 100vw, 300px" /></a></p>
<p>Reunión de trabajo de los responsables municipales con Jesús García, Subdirector General de Infraestructuras y Personal Técnico de la Conselleria de Educación.</p>

<div class="mh-excerpt">Reunión de trabajo de los responsables municipales con Jesús García, Subdirector General de Infraestructuras y Personal Técnico de la Conselleria de Educación.</div>
<p> <a class="mh-excerpt-more" href="https://www.tucomarca.com/wordpress/segunda/turis-tendra-un-nuevo-colegio/turiscolegio/" title="Turiscolegio">[+] </a></p>

Reunión de trabajo de los responsables municipales con Jesús García, Subdirector General de Infraestructuras y Personal Técnico de la Conselleria de Educación.
