{"id":63356,"date":"2017-12-07T21:07:29","date_gmt":"2017-12-07T19:07:29","guid":{"rendered":"http:\/\/www.tucomarca.com\/wordpress\/segunda\/wp-content\/uploads\/2017\/12\/Ruedadeprensa-patrimonio.jpg"},"modified":"2017-12-07T21:08:28","modified_gmt":"2017-12-07T19:08:28","slug":"ruedadeprensa-patrimonio","status":"inherit","type":"attachment","link":"https:\/\/www.tucomarca.com\/wordpress\/segunda\/los-serranos-recibira-de-la-diputacio-13-millones-de-euros-para-la-restauracion-de-su-patrimonio\/ruedadeprensa-patrimonio\/","title":{"rendered":"Ruedadeprensa patrimonio"},"author":1,"featured_media":0,"comment_status":"open","ping_status":"closed","template":"","meta":[],"class_list":["post-63356","attachment","type-attachment","status-inherit"],"description":{"rendered":"<p class=\"attachment\"><a href='https:\/\/www.tucomarca.com\/wordpress\/segunda\/wp-content\/uploads\/2017\/12\/Ruedadeprensa-patrimonio.jpg'><img loading=\"lazy\" decoding=\"async\" width=\"300\" height=\"185\" src=\"https:\/\/www.tucomarca.com\/wordpress\/segunda\/wp-content\/uploads\/2017\/12\/Ruedadeprensa-patrimonio-300x185.jpg\" class=\"attachment-medium size-medium\" alt=\"La comarca de Los Serranos recibir\u00e1 un total de 1.266.246 euros en concepto de las Ayudas para la restauraci\u00f3n del patrimonio de la Diputaci\u00f3 de Val\u00e8ncia.\" srcset=\"https:\/\/www.tucomarca.com\/wordpress\/segunda\/wp-content\/uploads\/2017\/12\/Ruedadeprensa-patrimonio-300x185.jpg 300w, https:\/\/www.tucomarca.com\/wordpress\/segunda\/wp-content\/uploads\/2017\/12\/Ruedadeprensa-patrimonio-768x473.jpg 768w, https:\/\/www.tucomarca.com\/wordpress\/segunda\/wp-content\/uploads\/2017\/12\/Ruedadeprensa-patrimonio-1024x631.jpg 1024w\" sizes=\"auto, (max-width: 300px) 100vw, 300px\" \/><\/a><\/p>\n<p>La comarca de Los Serranos recibir\u00e1 un total de 1.266.246 euros en concepto de las Ayudas para la restauraci\u00f3n del patrimonio de la Diputaci\u00f3 de Val\u00e8ncia.<\/p>\n"},"caption":{"rendered":"<div class=\"mh-excerpt\">La comarca de Los Serranos recibir\u00e1 un total de 1.266.246 euros en concepto de las Ayudas para la restauraci\u00f3n del patrimonio de la Diputaci\u00f3 de Val\u00e8ncia.<\/div>\n<p> <a class=\"mh-excerpt-more\" href=\"https:\/\/www.tucomarca.com\/wordpress\/segunda\/los-serranos-recibira-de-la-diputacio-13-millones-de-euros-para-la-restauracion-de-su-patrimonio\/ruedadeprensa-patrimonio\/\" title=\"Ruedadeprensa patrimonio\">[+] <\/a><\/p>\n"},"alt_text":"La comarca de Los Serranos recibir\u00e1 un total de 1.266.246 euros en concepto de las Ayudas para la restauraci\u00f3n del patrimonio de la Diputaci\u00f3 de Val\u00e8ncia.","media_type":"image","mime_type":"image\/jpeg","media_details":{"width":2362,"height":1455,"file":"2017\/12\/Ruedadeprensa-patrimonio.jpg","sizes":{"thumbnail":{"file":"Ruedadeprensa-patrimonio-290x290.jpg","width":290,"height":290,"mime_type":"image\/jpeg","source_url":"https:\/\/www.tucomarca.com\/wordpress\/segunda\/wp-content\/uploads\/2017\/12\/Ruedadeprensa-patrimonio-290x290.jpg"},"medium":{"file":"Ruedadeprensa-patrimonio-300x185.jpg","width":300,"height":185,"mime_type":"image\/jpeg","source_url":"https:\/\/www.tucomarca.com\/wordpress\/segunda\/wp-content\/uploads\/2017\/12\/Ruedadeprensa-patrimonio-300x185.jpg"},"medium_large":{"file":"Ruedadeprensa-patrimonio-768x473.jpg","width":768,"height":473,"mime_type":"image\/jpeg","source_url":"https:\/\/www.tucomarca.com\/wordpress\/segunda\/wp-content\/uploads\/2017\/12\/Ruedadeprensa-patrimonio-768x473.jpg"},"large":{"file":"Ruedadeprensa-patrimonio-1024x631.jpg","width":1024,"height":631,"mime_type":"image\/jpeg","source_url":"https:\/\/www.tucomarca.com\/wordpress\/segunda\/wp-content\/uploads\/2017\/12\/Ruedadeprensa-patrimonio-1024x631.jpg"},"post-thumbnail":{"file":"Ruedadeprensa-patrimonio-50x50.jpg","width":50,"height":50,"mime_type":"image\/jpeg","source_url":"https:\/\/www.tucomarca.com\/wordpress\/segunda\/wp-content\/uploads\/2017\/12\/Ruedadeprensa-patrimonio-50x50.jpg"},"gabfire":{"file":"Ruedadeprensa-patrimonio-1024x631.jpg","width":1024,"height":631,"mime_type":"image\/jpeg","source_url":"https:\/\/www.tucomarca.com\/wordpress\/segunda\/wp-content\/uploads\/2017\/12\/Ruedadeprensa-patrimonio-1024x631.jpg"},"full":{"file":"Ruedadeprensa-patrimonio.jpg","width":2362,"height":1455,"mime_type":"image\/jpeg","source_url":"https:\/\/www.tucomarca.com\/wordpress\/segunda\/wp-content\/uploads\/2017\/12\/Ruedadeprensa-patrimonio.jpg"}},"image_meta":{"aperture":"0","credit":"Raquel Abulaila","camera":"","caption":"","created_timestamp":"0","copyright":"Raquel Abulaila","focal_length":"0","iso":"0","shutter_speed":"0","title":"","orientation":"1","keywords":[]}},"post":63355,"source_url":"https:\/\/www.tucomarca.com\/wordpress\/segunda\/wp-content\/uploads\/2017\/12\/Ruedadeprensa-patrimonio.jpg","_links":{"self":[{"href":"https:\/\/www.tucomarca.com\/wordpress\/segunda\/wp-json\/wp\/v2\/media\/63356","targetHints":{"allow":["GET"]}}],"collection":[{"href":"https:\/\/www.tucomarca.com\/wordpress\/segunda\/wp-json\/wp\/v2\/media"}],"about":[{"href":"https:\/\/www.tucomarca.com\/wordpress\/segunda\/wp-json\/wp\/v2\/types\/attachment"}],"author":[{"embeddable":true,"href":"https:\/\/www.tucomarca.com\/wordpress\/segunda\/wp-json\/wp\/v2\/users\/1"}],"replies":[{"embeddable":true,"href":"https:\/\/www.tucomarca.com\/wordpress\/segunda\/wp-json\/wp\/v2\/comments?post=63356"}],"wp:attached-to":[{"embeddable":true,"post_type":"post","id":63355,"href":"https:\/\/www.tucomarca.com\/wordpress\/segunda\/wp-json\/wp\/v2\/posts\/63355"}],"curies":[{"name":"wp","href":"https:\/\/api.w.org\/{rel}","templated":true}]}}

<p class="attachment"><a href='https://www.tucomarca.com/wordpress/segunda/wp-content/uploads/2017/12/Ruedadeprensa-patrimonio.jpg'><img loading="lazy" decoding="async" width="300" height="185" src="https://www.tucomarca.com/wordpress/segunda/wp-content/uploads/2017/12/Ruedadeprensa-patrimonio-300x185.jpg" class="attachment-medium size-medium" alt="La comarca de Los Serranos recibirá un total de 1.266.246 euros en concepto de las Ayudas para la restauración del patrimonio de la Diputació de València." srcset="https://www.tucomarca.com/wordpress/segunda/wp-content/uploads/2017/12/Ruedadeprensa-patrimonio-300x185.jpg 300w, https://www.tucomarca.com/wordpress/segunda/wp-content/uploads/2017/12/Ruedadeprensa-patrimonio-768x473.jpg 768w, https://www.tucomarca.com/wordpress/segunda/wp-content/uploads/2017/12/Ruedadeprensa-patrimonio-1024x631.jpg 1024w" sizes="auto, (max-width: 300px) 100vw, 300px" /></a></p>
<p>La comarca de Los Serranos recibirá un total de 1.266.246 euros en concepto de las Ayudas para la restauración del patrimonio de la Diputació de València.</p>

<div class="mh-excerpt">La comarca de Los Serranos recibirá un total de 1.266.246 euros en concepto de las Ayudas para la restauración del patrimonio de la Diputació de València.</div>
<p> <a class="mh-excerpt-more" href="https://www.tucomarca.com/wordpress/segunda/los-serranos-recibira-de-la-diputacio-13-millones-de-euros-para-la-restauracion-de-su-patrimonio/ruedadeprensa-patrimonio/" title="Ruedadeprensa patrimonio">[+] </a></p>

La comarca de Los Serranos recibirá un total de 1.266.246 euros en concepto de las Ayudas para la restauración del patrimonio de la Diputació de València.
