{"id":63479,"date":"2017-12-15T11:05:44","date_gmt":"2017-12-15T09:05:44","guid":{"rendered":"http:\/\/www.tucomarca.com\/wordpress\/segunda\/wp-content\/uploads\/2017\/12\/RodriguezSegui.jpg"},"modified":"2017-12-15T11:05:57","modified_gmt":"2017-12-15T09:05:57","slug":"rodriguezsegui-3","status":"inherit","type":"attachment","link":"https:\/\/www.tucomarca.com\/wordpress\/segunda\/diputacio-iniciara-en-2018-las-obras-de-la-variante-norte-de-betera-para-evitar-el-colapso-de-trafico-en-el-municipio\/rodriguezsegui-3\/","title":{"rendered":"RodriguezSegui"},"author":1,"featured_media":0,"comment_status":"open","ping_status":"closed","template":"","meta":[],"class_list":["post-63479","attachment","type-attachment","status-inherit"],"description":{"rendered":"<p class=\"attachment\"><a href='https:\/\/www.tucomarca.com\/wordpress\/segunda\/wp-content\/uploads\/2017\/12\/RodriguezSegui.jpg'><img loading=\"lazy\" decoding=\"async\" width=\"300\" height=\"195\" src=\"https:\/\/www.tucomarca.com\/wordpress\/segunda\/wp-content\/uploads\/2017\/12\/RodriguezSegui-300x195.jpg\" class=\"attachment-medium size-medium\" alt=\"La corporaci\u00f3n que preside Jorge Rodr\u00edguez da respuesta a esta reivindicaci\u00f3n hist\u00f3rica con un proyecto de 16 millones de euros que ejecutar\u00e1 el \u00e1rea de Carreteras que dirige Pablo Segu\u00ed.\" srcset=\"https:\/\/www.tucomarca.com\/wordpress\/segunda\/wp-content\/uploads\/2017\/12\/RodriguezSegui-300x195.jpg 300w, https:\/\/www.tucomarca.com\/wordpress\/segunda\/wp-content\/uploads\/2017\/12\/RodriguezSegui-768x499.jpg 768w, https:\/\/www.tucomarca.com\/wordpress\/segunda\/wp-content\/uploads\/2017\/12\/RodriguezSegui-1024x665.jpg 1024w\" sizes=\"auto, (max-width: 300px) 100vw, 300px\" \/><\/a><\/p>\n<p>La corporaci\u00f3n que preside Jorge Rodr\u00edguez da respuesta a esta reivindicaci\u00f3n hist\u00f3rica con un proyecto de 16 millones de euros que ejecutar\u00e1 el \u00e1rea de Carreteras que dirige Pablo Segu\u00ed.<\/p>\n"},"caption":{"rendered":"<div class=\"mh-excerpt\">La corporaci\u00f3n que preside Jorge Rodr\u00edguez da respuesta a esta reivindicaci\u00f3n hist\u00f3rica con un proyecto de 16 millones de euros que ejecutar\u00e1 el \u00e1rea de Carreteras que dirige Pablo Segu\u00ed.<\/div>\n<p> <a class=\"mh-excerpt-more\" href=\"https:\/\/www.tucomarca.com\/wordpress\/segunda\/diputacio-iniciara-en-2018-las-obras-de-la-variante-norte-de-betera-para-evitar-el-colapso-de-trafico-en-el-municipio\/rodriguezsegui-3\/\" title=\"RodriguezSegui\">[+] <\/a><\/p>\n"},"alt_text":"La corporaci\u00f3n que preside Jorge Rodr\u00edguez da respuesta a esta reivindicaci\u00f3n hist\u00f3rica con un proyecto de 16 millones de euros que ejecutar\u00e1 el \u00e1rea de Carreteras que dirige Pablo Segu\u00ed.","media_type":"image","mime_type":"image\/jpeg","media_details":{"width":2362,"height":1535,"file":"2017\/12\/RodriguezSegui.jpg","sizes":{"thumbnail":{"file":"RodriguezSegui-290x290.jpg","width":290,"height":290,"mime_type":"image\/jpeg","source_url":"https:\/\/www.tucomarca.com\/wordpress\/segunda\/wp-content\/uploads\/2017\/12\/RodriguezSegui-290x290.jpg"},"medium":{"file":"RodriguezSegui-300x195.jpg","width":300,"height":195,"mime_type":"image\/jpeg","source_url":"https:\/\/www.tucomarca.com\/wordpress\/segunda\/wp-content\/uploads\/2017\/12\/RodriguezSegui-300x195.jpg"},"medium_large":{"file":"RodriguezSegui-768x499.jpg","width":768,"height":499,"mime_type":"image\/jpeg","source_url":"https:\/\/www.tucomarca.com\/wordpress\/segunda\/wp-content\/uploads\/2017\/12\/RodriguezSegui-768x499.jpg"},"large":{"file":"RodriguezSegui-1024x665.jpg","width":1024,"height":665,"mime_type":"image\/jpeg","source_url":"https:\/\/www.tucomarca.com\/wordpress\/segunda\/wp-content\/uploads\/2017\/12\/RodriguezSegui-1024x665.jpg"},"post-thumbnail":{"file":"RodriguezSegui-50x50.jpg","width":50,"height":50,"mime_type":"image\/jpeg","source_url":"https:\/\/www.tucomarca.com\/wordpress\/segunda\/wp-content\/uploads\/2017\/12\/RodriguezSegui-50x50.jpg"},"gabfire":{"file":"RodriguezSegui-1024x665.jpg","width":1024,"height":665,"mime_type":"image\/jpeg","source_url":"https:\/\/www.tucomarca.com\/wordpress\/segunda\/wp-content\/uploads\/2017\/12\/RodriguezSegui-1024x665.jpg"},"full":{"file":"RodriguezSegui.jpg","width":2362,"height":1535,"mime_type":"image\/jpeg","source_url":"https:\/\/www.tucomarca.com\/wordpress\/segunda\/wp-content\/uploads\/2017\/12\/RodriguezSegui.jpg"}},"image_meta":{"aperture":"0","credit":"Raquel Abulaila","camera":"","caption":"","created_timestamp":"0","copyright":"Raquel Abulaila","focal_length":"0","iso":"0","shutter_speed":"0","title":"","orientation":"1","keywords":[]}},"post":63478,"source_url":"https:\/\/www.tucomarca.com\/wordpress\/segunda\/wp-content\/uploads\/2017\/12\/RodriguezSegui.jpg","_links":{"self":[{"href":"https:\/\/www.tucomarca.com\/wordpress\/segunda\/wp-json\/wp\/v2\/media\/63479","targetHints":{"allow":["GET"]}}],"collection":[{"href":"https:\/\/www.tucomarca.com\/wordpress\/segunda\/wp-json\/wp\/v2\/media"}],"about":[{"href":"https:\/\/www.tucomarca.com\/wordpress\/segunda\/wp-json\/wp\/v2\/types\/attachment"}],"author":[{"embeddable":true,"href":"https:\/\/www.tucomarca.com\/wordpress\/segunda\/wp-json\/wp\/v2\/users\/1"}],"replies":[{"embeddable":true,"href":"https:\/\/www.tucomarca.com\/wordpress\/segunda\/wp-json\/wp\/v2\/comments?post=63479"}],"wp:attached-to":[{"embeddable":true,"post_type":"post","id":63478,"href":"https:\/\/www.tucomarca.com\/wordpress\/segunda\/wp-json\/wp\/v2\/posts\/63478"}],"curies":[{"name":"wp","href":"https:\/\/api.w.org\/{rel}","templated":true}]}}

<p class="attachment"><a href='https://www.tucomarca.com/wordpress/segunda/wp-content/uploads/2017/12/RodriguezSegui.jpg'><img loading="lazy" decoding="async" width="300" height="195" src="https://www.tucomarca.com/wordpress/segunda/wp-content/uploads/2017/12/RodriguezSegui-300x195.jpg" class="attachment-medium size-medium" alt="La corporación que preside Jorge Rodríguez da respuesta a esta reivindicación histórica con un proyecto de 16 millones de euros que ejecutará el área de Carreteras que dirige Pablo Seguí." srcset="https://www.tucomarca.com/wordpress/segunda/wp-content/uploads/2017/12/RodriguezSegui-300x195.jpg 300w, https://www.tucomarca.com/wordpress/segunda/wp-content/uploads/2017/12/RodriguezSegui-768x499.jpg 768w, https://www.tucomarca.com/wordpress/segunda/wp-content/uploads/2017/12/RodriguezSegui-1024x665.jpg 1024w" sizes="auto, (max-width: 300px) 100vw, 300px" /></a></p>
<p>La corporación que preside Jorge Rodríguez da respuesta a esta reivindicación histórica con un proyecto de 16 millones de euros que ejecutará el área de Carreteras que dirige Pablo Seguí.</p>

<div class="mh-excerpt">La corporación que preside Jorge Rodríguez da respuesta a esta reivindicación histórica con un proyecto de 16 millones de euros que ejecutará el área de Carreteras que dirige Pablo Seguí.</div>
<p> <a class="mh-excerpt-more" href="https://www.tucomarca.com/wordpress/segunda/diputacio-iniciara-en-2018-las-obras-de-la-variante-norte-de-betera-para-evitar-el-colapso-de-trafico-en-el-municipio/rodriguezsegui-3/" title="RodriguezSegui">[+] </a></p>

La corporación que preside Jorge Rodríguez da respuesta a esta reivindicación histórica con un proyecto de 16 millones de euros que ejecutará el área de Carreteras que dirige Pablo Seguí.
