{"id":63621,"date":"2017-12-17T22:27:56","date_gmt":"2017-12-17T20:27:56","guid":{"rendered":"http:\/\/www.tucomarca.com\/wordpress\/segunda\/wp-content\/uploads\/2017\/12\/UDyatova02.jpg"},"modified":"2018-01-03T19:50:17","modified_gmt":"2018-01-03T17:50:17","slug":"udyatova02-2","status":"inherit","type":"attachment","link":"https:\/\/www.tucomarca.com\/wordpress\/segunda\/la-ud-yatova-le-endosa-un-3-0-al-paterna-mientras-el-cd-turis-empata-a-un-gol-con-el-juventud-manisense\/udyatova02-2\/","title":{"rendered":"UDyatova02"},"author":1,"featured_media":0,"comment_status":"open","ping_status":"closed","template":"","meta":[],"class_list":["post-63621","attachment","type-attachment","status-inherit"],"description":{"rendered":"<p class=\"attachment\"><a href='https:\/\/www.tucomarca.com\/wordpress\/segunda\/wp-content\/uploads\/2017\/12\/UDyatova02.jpg'><img loading=\"lazy\" decoding=\"async\" width=\"300\" height=\"200\" src=\"https:\/\/www.tucomarca.com\/wordpress\/segunda\/wp-content\/uploads\/2017\/12\/UDyatova02-300x200.jpg\" class=\"attachment-medium size-medium\" alt=\"La UD Y\u00e1tova vuelve este domingo a la competici\u00f3n en Primera Regional. Foto: Ra\u00fal Miralles Lacalle.\" srcset=\"https:\/\/www.tucomarca.com\/wordpress\/segunda\/wp-content\/uploads\/2017\/12\/UDyatova02-300x200.jpg 300w, https:\/\/www.tucomarca.com\/wordpress\/segunda\/wp-content\/uploads\/2017\/12\/UDyatova02-768x512.jpg 768w, https:\/\/www.tucomarca.com\/wordpress\/segunda\/wp-content\/uploads\/2017\/12\/UDyatova02.jpg 886w\" sizes=\"auto, (max-width: 300px) 100vw, 300px\" \/><\/a><\/p>\n<p>La UD Y\u00e1tova vuelve este domingo a la competici\u00f3n en Primera Regional. Foto: Ra\u00fal Miralles Lacalle.<\/p>\n"},"caption":{"rendered":"<div class=\"mh-excerpt\">La UD Y\u00e1tova vuelve este domingo a la competici\u00f3n en Primera Regional. Foto: Ra\u00fal Miralles Lacalle.<\/div>\n<p> <a class=\"mh-excerpt-more\" href=\"https:\/\/www.tucomarca.com\/wordpress\/segunda\/la-ud-yatova-le-endosa-un-3-0-al-paterna-mientras-el-cd-turis-empata-a-un-gol-con-el-juventud-manisense\/udyatova02-2\/\" title=\"UDyatova02\">[+] <\/a><\/p>\n"},"alt_text":"La UD Y\u00e1tova vuelve este domingo a la competici\u00f3n en Primera Regional. Foto: Ra\u00fal Miralles Lacalle.","media_type":"image","mime_type":"image\/jpeg","media_details":{"width":886,"height":591,"file":"2017\/12\/UDyatova02.jpg","sizes":{"thumbnail":{"file":"UDyatova02-290x290.jpg","width":290,"height":290,"mime_type":"image\/jpeg","source_url":"https:\/\/www.tucomarca.com\/wordpress\/segunda\/wp-content\/uploads\/2017\/12\/UDyatova02-290x290.jpg"},"medium":{"file":"UDyatova02-300x200.jpg","width":300,"height":200,"mime_type":"image\/jpeg","source_url":"https:\/\/www.tucomarca.com\/wordpress\/segunda\/wp-content\/uploads\/2017\/12\/UDyatova02-300x200.jpg"},"medium_large":{"file":"UDyatova02-768x512.jpg","width":768,"height":512,"mime_type":"image\/jpeg","source_url":"https:\/\/www.tucomarca.com\/wordpress\/segunda\/wp-content\/uploads\/2017\/12\/UDyatova02-768x512.jpg"},"post-thumbnail":{"file":"UDyatova02-50x50.jpg","width":50,"height":50,"mime_type":"image\/jpeg","source_url":"https:\/\/www.tucomarca.com\/wordpress\/segunda\/wp-content\/uploads\/2017\/12\/UDyatova02-50x50.jpg"},"full":{"file":"UDyatova02.jpg","width":886,"height":591,"mime_type":"image\/jpeg","source_url":"https:\/\/www.tucomarca.com\/wordpress\/segunda\/wp-content\/uploads\/2017\/12\/UDyatova02.jpg"}},"image_meta":{"aperture":"8","credit":"","camera":"NIKON D3100","caption":"","created_timestamp":"1509208382","copyright":"","focal_length":"36","iso":"100","shutter_speed":"0.004","title":"","orientation":"1","keywords":[]}},"post":63620,"source_url":"https:\/\/www.tucomarca.com\/wordpress\/segunda\/wp-content\/uploads\/2017\/12\/UDyatova02.jpg","_links":{"self":[{"href":"https:\/\/www.tucomarca.com\/wordpress\/segunda\/wp-json\/wp\/v2\/media\/63621","targetHints":{"allow":["GET"]}}],"collection":[{"href":"https:\/\/www.tucomarca.com\/wordpress\/segunda\/wp-json\/wp\/v2\/media"}],"about":[{"href":"https:\/\/www.tucomarca.com\/wordpress\/segunda\/wp-json\/wp\/v2\/types\/attachment"}],"author":[{"embeddable":true,"href":"https:\/\/www.tucomarca.com\/wordpress\/segunda\/wp-json\/wp\/v2\/users\/1"}],"replies":[{"embeddable":true,"href":"https:\/\/www.tucomarca.com\/wordpress\/segunda\/wp-json\/wp\/v2\/comments?post=63621"}],"wp:attached-to":[{"embeddable":true,"post_type":"post","id":63620,"href":"https:\/\/www.tucomarca.com\/wordpress\/segunda\/wp-json\/wp\/v2\/posts\/63620"}],"curies":[{"name":"wp","href":"https:\/\/api.w.org\/{rel}","templated":true}]}}

<p class="attachment"><a href='https://www.tucomarca.com/wordpress/segunda/wp-content/uploads/2017/12/UDyatova02.jpg'><img loading="lazy" decoding="async" width="300" height="200" src="https://www.tucomarca.com/wordpress/segunda/wp-content/uploads/2017/12/UDyatova02-300x200.jpg" class="attachment-medium size-medium" alt="La UD Yátova vuelve este domingo a la competición en Primera Regional. Foto: Raúl Miralles Lacalle." srcset="https://www.tucomarca.com/wordpress/segunda/wp-content/uploads/2017/12/UDyatova02-300x200.jpg 300w, https://www.tucomarca.com/wordpress/segunda/wp-content/uploads/2017/12/UDyatova02-768x512.jpg 768w, https://www.tucomarca.com/wordpress/segunda/wp-content/uploads/2017/12/UDyatova02.jpg 886w" sizes="auto, (max-width: 300px) 100vw, 300px" /></a></p>
<p>La UD Yátova vuelve este domingo a la competición en Primera Regional. Foto: Raúl Miralles Lacalle.</p>

<div class="mh-excerpt">La UD Yátova vuelve este domingo a la competición en Primera Regional. Foto: Raúl Miralles Lacalle.</div>
<p> <a class="mh-excerpt-more" href="https://www.tucomarca.com/wordpress/segunda/la-ud-yatova-le-endosa-un-3-0-al-paterna-mientras-el-cd-turis-empata-a-un-gol-con-el-juventud-manisense/udyatova02-2/" title="UDyatova02">[+] </a></p>

La UD Yátova vuelve este domingo a la competición en Primera Regional. Foto: Raúl Miralles Lacalle.
