{"id":6415,"date":"2012-08-13T18:14:44","date_gmt":"2012-08-13T16:14:44","guid":{"rendered":"http:\/\/www.tucomarca.com\/wordpress\/segunda\/wp-content\/uploads\/2012\/08\/villanuevaganador.jpg"},"modified":"2012-08-13T18:14:44","modified_gmt":"2012-08-13T16:14:44","slug":"villanuevaganador","status":"inherit","type":"attachment","link":"https:\/\/www.tucomarca.com\/wordpress\/segunda\/mas-de-800-personas-participan-en-la-octava-prueba-del-circuito-de-carreras-populares-en-villanueva-de-castellon\/villanuevaganador\/","title":{"rendered":"villanuevaganador"},"author":1,"featured_media":0,"comment_status":"open","ping_status":"open","template":"","meta":[],"class_list":["post-6415","attachment","type-attachment","status-inherit"],"description":{"rendered":"<p class=\"attachment\"><a href='https:\/\/www.tucomarca.com\/wordpress\/segunda\/wp-content\/uploads\/2012\/08\/villanuevaganador.jpg'><img loading=\"lazy\" decoding=\"async\" width=\"300\" height=\"225\" src=\"https:\/\/www.tucomarca.com\/wordpress\/segunda\/wp-content\/uploads\/2012\/08\/villanuevaganador-300x225.jpg\" class=\"attachment-medium size-medium\" alt=\"Ouais Zitane volvi\u00f3 a sumar una victoria en el circuito de la Diputaci\u00f3n de Valencia en Villanueva de Castell\u00f3n.\" srcset=\"https:\/\/www.tucomarca.com\/wordpress\/segunda\/wp-content\/uploads\/2012\/08\/villanuevaganador-300x225.jpg 300w, https:\/\/www.tucomarca.com\/wordpress\/segunda\/wp-content\/uploads\/2012\/08\/villanuevaganador.jpg 1000w\" sizes=\"auto, (max-width: 300px) 100vw, 300px\" \/><\/a><\/p>\n<p>Ouais Zitane volvi\u00f3 a sumar una victoria en el circuito de la Diputaci\u00f3n de Valencia en Villanueva de Castell\u00f3n.<\/p>\n"},"caption":{"rendered":"<div class=\"mh-excerpt\">Ouais Zitane volvi\u00f3 a sumar una victoria en el circuito de la Diputaci\u00f3n de Valencia en Villanueva de Castell\u00f3n.<\/div>\n<p> <a class=\"mh-excerpt-more\" href=\"https:\/\/www.tucomarca.com\/wordpress\/segunda\/mas-de-800-personas-participan-en-la-octava-prueba-del-circuito-de-carreras-populares-en-villanueva-de-castellon\/villanuevaganador\/\" title=\"villanuevaganador\">[+] <\/a><\/p>\n"},"alt_text":"Ouais Zitane volvi\u00f3 a sumar una victoria en el circuito de la Diputaci\u00f3n de Valencia en Villanueva de Castell\u00f3n.","media_type":"image","mime_type":"image\/jpeg","media_details":{"width":"1000","height":"750","hwstring_small":"height='96' width='128'","file":"2012\/08\/villanuevaganador.jpg","sizes":{"thumbnail":{"file":"villanuevaganador-290x290.jpg","width":"290","height":"290","source_url":"https:\/\/www.tucomarca.com\/wordpress\/segunda\/wp-content\/uploads\/2012\/08\/villanuevaganador-290x290.jpg"},"medium":{"file":"villanuevaganador-300x225.jpg","width":"300","height":"225","source_url":"https:\/\/www.tucomarca.com\/wordpress\/segunda\/wp-content\/uploads\/2012\/08\/villanuevaganador-300x225.jpg"},"post-thumbnail":{"file":"villanuevaganador-50x50.jpg","width":"50","height":"50","source_url":"https:\/\/www.tucomarca.com\/wordpress\/segunda\/wp-content\/uploads\/2012\/08\/villanuevaganador-50x50.jpg"},"full":{"file":"villanuevaganador.jpg","width":1000,"height":750,"mime_type":"image\/jpeg","source_url":"https:\/\/www.tucomarca.com\/wordpress\/segunda\/wp-content\/uploads\/2012\/08\/villanuevaganador.jpg"}},"image_meta":{"aperture":"3.1","credit":"","camera":"FinePix S2950","caption":"","created_timestamp":"1293857819","copyright":"","focal_length":"5","iso":"400","shutter_speed":"0.001","title":""}},"post":6414,"source_url":"https:\/\/www.tucomarca.com\/wordpress\/segunda\/wp-content\/uploads\/2012\/08\/villanuevaganador.jpg","_links":{"self":[{"href":"https:\/\/www.tucomarca.com\/wordpress\/segunda\/wp-json\/wp\/v2\/media\/6415","targetHints":{"allow":["GET"]}}],"collection":[{"href":"https:\/\/www.tucomarca.com\/wordpress\/segunda\/wp-json\/wp\/v2\/media"}],"about":[{"href":"https:\/\/www.tucomarca.com\/wordpress\/segunda\/wp-json\/wp\/v2\/types\/attachment"}],"author":[{"embeddable":true,"href":"https:\/\/www.tucomarca.com\/wordpress\/segunda\/wp-json\/wp\/v2\/users\/1"}],"replies":[{"embeddable":true,"href":"https:\/\/www.tucomarca.com\/wordpress\/segunda\/wp-json\/wp\/v2\/comments?post=6415"}],"wp:attached-to":[{"embeddable":true,"post_type":"post","id":6414,"href":"https:\/\/www.tucomarca.com\/wordpress\/segunda\/wp-json\/wp\/v2\/posts\/6414"}],"curies":[{"name":"wp","href":"https:\/\/api.w.org\/{rel}","templated":true}]}}

<p class="attachment"><a href='https://www.tucomarca.com/wordpress/segunda/wp-content/uploads/2012/08/villanuevaganador.jpg'><img loading="lazy" decoding="async" width="300" height="225" src="https://www.tucomarca.com/wordpress/segunda/wp-content/uploads/2012/08/villanuevaganador-300x225.jpg" class="attachment-medium size-medium" alt="Ouais Zitane volvió a sumar una victoria en el circuito de la Diputación de Valencia en Villanueva de Castellón." srcset="https://www.tucomarca.com/wordpress/segunda/wp-content/uploads/2012/08/villanuevaganador-300x225.jpg 300w, https://www.tucomarca.com/wordpress/segunda/wp-content/uploads/2012/08/villanuevaganador.jpg 1000w" sizes="auto, (max-width: 300px) 100vw, 300px" /></a></p>
<p>Ouais Zitane volvió a sumar una victoria en el circuito de la Diputación de Valencia en Villanueva de Castellón.</p>

<div class="mh-excerpt">Ouais Zitane volvió a sumar una victoria en el circuito de la Diputación de Valencia en Villanueva de Castellón.</div>
<p> <a class="mh-excerpt-more" href="https://www.tucomarca.com/wordpress/segunda/mas-de-800-personas-participan-en-la-octava-prueba-del-circuito-de-carreras-populares-en-villanueva-de-castellon/villanuevaganador/" title="villanuevaganador">[+] </a></p>

Ouais Zitane volvió a sumar una victoria en el circuito de la Diputación de Valencia en Villanueva de Castellón.
