{"id":6447,"date":"2012-08-15T17:27:36","date_gmt":"2012-08-15T15:27:36","guid":{"rendered":"http:\/\/www.tucomarca.com\/wordpress\/segunda\/wp-content\/uploads\/2012\/08\/lenalopez2faceA.jpg"},"modified":"2012-08-15T17:27:36","modified_gmt":"2012-08-15T15:27:36","slug":"lenalopez2facea","status":"inherit","type":"attachment","link":"https:\/\/www.tucomarca.com\/wordpress\/segunda\/turis-recibe-a-lo-grande-a-la-gimnasta-elena-lopez-tras-su-paso-por-los-juegos-olimpicos\/lenalopez2facea\/","title":{"rendered":"lenalopez2faceA"},"author":1,"featured_media":0,"comment_status":"open","ping_status":"open","template":"","meta":[],"class_list":["post-6447","attachment","type-attachment","status-inherit"],"description":{"rendered":"<p class=\"attachment\"><a href='https:\/\/www.tucomarca.com\/wordpress\/segunda\/wp-content\/uploads\/2012\/08\/lenalopez2faceA.jpg'><img loading=\"lazy\" decoding=\"async\" width=\"300\" height=\"199\" src=\"https:\/\/www.tucomarca.com\/wordpress\/segunda\/wp-content\/uploads\/2012\/08\/lenalopez2faceA-300x199.jpg\" class=\"attachment-medium size-medium\" alt=\"Elena L\u00f3pez firm\u00f3 en el libro de honor de Tur\u00eds. Foto: Juan A\u00f1\u00f3n.\" srcset=\"https:\/\/www.tucomarca.com\/wordpress\/segunda\/wp-content\/uploads\/2012\/08\/lenalopez2faceA-300x199.jpg 300w, https:\/\/www.tucomarca.com\/wordpress\/segunda\/wp-content\/uploads\/2012\/08\/lenalopez2faceA-1024x682.jpg 1024w, https:\/\/www.tucomarca.com\/wordpress\/segunda\/wp-content\/uploads\/2012\/08\/lenalopez2faceA.jpg 1181w\" sizes=\"auto, (max-width: 300px) 100vw, 300px\" \/><\/a><\/p>\n<p>Elena L\u00f3pez firm\u00f3 en el libro de honor de Tur\u00eds. Foto: Juan A\u00f1\u00f3n.<\/p>\n"},"caption":{"rendered":"<div class=\"mh-excerpt\">Elena L\u00f3pez firm\u00f3 en el libro de honor de Tur\u00eds. Foto: Juan A\u00f1\u00f3n.<\/div>\n<p> <a class=\"mh-excerpt-more\" href=\"https:\/\/www.tucomarca.com\/wordpress\/segunda\/turis-recibe-a-lo-grande-a-la-gimnasta-elena-lopez-tras-su-paso-por-los-juegos-olimpicos\/lenalopez2facea\/\" title=\"lenalopez2faceA\">[+] <\/a><\/p>\n"},"alt_text":"Elena L\u00f3pez firm\u00f3 en el libro de honor de Tur\u00eds. Foto: Juan A\u00f1\u00f3n.","media_type":"image","mime_type":"image\/jpeg","media_details":{"width":"1181","height":"787","hwstring_small":"height='85' width='128'","file":"2012\/08\/lenalopez2faceA.jpg","sizes":{"thumbnail":{"file":"lenalopez2faceA-290x290.jpg","width":"290","height":"290","source_url":"https:\/\/www.tucomarca.com\/wordpress\/segunda\/wp-content\/uploads\/2012\/08\/lenalopez2faceA-290x290.jpg"},"medium":{"file":"lenalopez2faceA-300x199.jpg","width":"300","height":"199","source_url":"https:\/\/www.tucomarca.com\/wordpress\/segunda\/wp-content\/uploads\/2012\/08\/lenalopez2faceA-300x199.jpg"},"large":{"file":"lenalopez2faceA-1024x682.jpg","width":"1024","height":"682","source_url":"https:\/\/www.tucomarca.com\/wordpress\/segunda\/wp-content\/uploads\/2012\/08\/lenalopez2faceA-1024x682.jpg"},"post-thumbnail":{"file":"lenalopez2faceA-50x50.jpg","width":"50","height":"50","source_url":"https:\/\/www.tucomarca.com\/wordpress\/segunda\/wp-content\/uploads\/2012\/08\/lenalopez2faceA-50x50.jpg"},"gabfire":{"file":"lenalopez2faceA-1024x682.jpg","width":"1024","height":"682","source_url":"https:\/\/www.tucomarca.com\/wordpress\/segunda\/wp-content\/uploads\/2012\/08\/lenalopez2faceA-1024x682.jpg"},"full":{"file":"lenalopez2faceA.jpg","width":1181,"height":787,"mime_type":"image\/jpeg","source_url":"https:\/\/www.tucomarca.com\/wordpress\/segunda\/wp-content\/uploads\/2012\/08\/lenalopez2faceA.jpg"}},"image_meta":{"aperture":"2.8","credit":"","camera":"Canon EOS 1000D","caption":"","created_timestamp":"1344974270","copyright":"","focal_length":"39","iso":"400","shutter_speed":"0.008","title":""}},"post":6443,"source_url":"https:\/\/www.tucomarca.com\/wordpress\/segunda\/wp-content\/uploads\/2012\/08\/lenalopez2faceA.jpg","_links":{"self":[{"href":"https:\/\/www.tucomarca.com\/wordpress\/segunda\/wp-json\/wp\/v2\/media\/6447","targetHints":{"allow":["GET"]}}],"collection":[{"href":"https:\/\/www.tucomarca.com\/wordpress\/segunda\/wp-json\/wp\/v2\/media"}],"about":[{"href":"https:\/\/www.tucomarca.com\/wordpress\/segunda\/wp-json\/wp\/v2\/types\/attachment"}],"author":[{"embeddable":true,"href":"https:\/\/www.tucomarca.com\/wordpress\/segunda\/wp-json\/wp\/v2\/users\/1"}],"replies":[{"embeddable":true,"href":"https:\/\/www.tucomarca.com\/wordpress\/segunda\/wp-json\/wp\/v2\/comments?post=6447"}],"wp:attached-to":[{"embeddable":true,"post_type":"post","id":6443,"href":"https:\/\/www.tucomarca.com\/wordpress\/segunda\/wp-json\/wp\/v2\/posts\/6443"}],"curies":[{"name":"wp","href":"https:\/\/api.w.org\/{rel}","templated":true}]}}

<p class="attachment"><a href='https://www.tucomarca.com/wordpress/segunda/wp-content/uploads/2012/08/lenalopez2faceA.jpg'><img loading="lazy" decoding="async" width="300" height="199" src="https://www.tucomarca.com/wordpress/segunda/wp-content/uploads/2012/08/lenalopez2faceA-300x199.jpg" class="attachment-medium size-medium" alt="Elena López firmó en el libro de honor de Turís. Foto: Juan Añón." srcset="https://www.tucomarca.com/wordpress/segunda/wp-content/uploads/2012/08/lenalopez2faceA-300x199.jpg 300w, https://www.tucomarca.com/wordpress/segunda/wp-content/uploads/2012/08/lenalopez2faceA-1024x682.jpg 1024w, https://www.tucomarca.com/wordpress/segunda/wp-content/uploads/2012/08/lenalopez2faceA.jpg 1181w" sizes="auto, (max-width: 300px) 100vw, 300px" /></a></p>
<p>Elena López firmó en el libro de honor de Turís. Foto: Juan Añón.</p>

<div class="mh-excerpt">Elena López firmó en el libro de honor de Turís. Foto: Juan Añón.</div>
<p> <a class="mh-excerpt-more" href="https://www.tucomarca.com/wordpress/segunda/turis-recibe-a-lo-grande-a-la-gimnasta-elena-lopez-tras-su-paso-por-los-juegos-olimpicos/lenalopez2facea/" title="lenalopez2faceA">[+] </a></p>

Elena López firmó en el libro de honor de Turís. Foto: Juan Añón.
