{"id":65709,"date":"2018-02-09T15:48:15","date_gmt":"2018-02-09T13:48:15","guid":{"rendered":"http:\/\/www.tucomarca.com\/wordpress\/segunda\/wp-content\/uploads\/2018\/02\/Alzira.jpg"},"modified":"2018-02-09T15:48:27","modified_gmt":"2018-02-09T13:48:27","slug":"alzira-11","status":"inherit","type":"attachment","link":"https:\/\/www.tucomarca.com\/wordpress\/segunda\/maria-josep-amigo-assisteix-a-la-presentacio-del-llibret-tro-davis\/alzira-11\/","title":{"rendered":"Alzira"},"author":1,"featured_media":0,"comment_status":"open","ping_status":"closed","template":"","meta":[],"class_list":["post-65709","attachment","type-attachment","status-inherit"],"description":{"rendered":"<p class=\"attachment\"><a href='https:\/\/www.tucomarca.com\/wordpress\/segunda\/wp-content\/uploads\/2018\/02\/Alzira.jpg'><img loading=\"lazy\" decoding=\"async\" width=\"300\" height=\"225\" src=\"https:\/\/www.tucomarca.com\/wordpress\/segunda\/wp-content\/uploads\/2018\/02\/Alzira-300x225.jpg\" class=\"attachment-medium size-medium\" alt=\"Al llibret, realitzat per la Falla Pla\u00e7a Malva d\u2019Alzira, tamb\u00e9 ha col.laborat la vicepresidenta de la Diputaci\u00f3 de Val\u00e8ncia.\" srcset=\"https:\/\/www.tucomarca.com\/wordpress\/segunda\/wp-content\/uploads\/2018\/02\/Alzira-300x225.jpg 300w, https:\/\/www.tucomarca.com\/wordpress\/segunda\/wp-content\/uploads\/2018\/02\/Alzira-768x576.jpg 768w, https:\/\/www.tucomarca.com\/wordpress\/segunda\/wp-content\/uploads\/2018\/02\/Alzira-1024x768.jpg 1024w, https:\/\/www.tucomarca.com\/wordpress\/segunda\/wp-content\/uploads\/2018\/02\/Alzira.jpg 1280w\" sizes=\"auto, (max-width: 300px) 100vw, 300px\" \/><\/a><\/p>\n<p>Al llibret, realitzat per la Falla Pla\u00e7a Malva d\u2019Alzira, tamb\u00e9 ha col.laborat la vicepresidenta de la Diputaci\u00f3 de Val\u00e8ncia.<\/p>\n"},"caption":{"rendered":"<div class=\"mh-excerpt\">Al llibret, realitzat per la Falla Pla\u00e7a Malva d\u2019Alzira, tamb\u00e9 ha col.laborat la vicepresidenta de la Diputaci\u00f3 de Val\u00e8ncia.<\/div>\n<p> <a class=\"mh-excerpt-more\" href=\"https:\/\/www.tucomarca.com\/wordpress\/segunda\/maria-josep-amigo-assisteix-a-la-presentacio-del-llibret-tro-davis\/alzira-11\/\" title=\"Alzira\">[+] <\/a><\/p>\n"},"alt_text":"Al llibret, realitzat per la Falla Pla\u00e7a Malva d\u2019Alzira, tamb\u00e9 ha col.laborat la vicepresidenta de la Diputaci\u00f3 de Val\u00e8ncia.","media_type":"image","mime_type":"image\/jpeg","media_details":{"width":1280,"height":960,"file":"2018\/02\/Alzira.jpg","sizes":{"thumbnail":{"file":"Alzira-290x290.jpg","width":290,"height":290,"mime_type":"image\/jpeg","source_url":"https:\/\/www.tucomarca.com\/wordpress\/segunda\/wp-content\/uploads\/2018\/02\/Alzira-290x290.jpg"},"medium":{"file":"Alzira-300x225.jpg","width":300,"height":225,"mime_type":"image\/jpeg","source_url":"https:\/\/www.tucomarca.com\/wordpress\/segunda\/wp-content\/uploads\/2018\/02\/Alzira-300x225.jpg"},"medium_large":{"file":"Alzira-768x576.jpg","width":768,"height":576,"mime_type":"image\/jpeg","source_url":"https:\/\/www.tucomarca.com\/wordpress\/segunda\/wp-content\/uploads\/2018\/02\/Alzira-768x576.jpg"},"large":{"file":"Alzira-1024x768.jpg","width":1024,"height":768,"mime_type":"image\/jpeg","source_url":"https:\/\/www.tucomarca.com\/wordpress\/segunda\/wp-content\/uploads\/2018\/02\/Alzira-1024x768.jpg"},"post-thumbnail":{"file":"Alzira-50x50.jpg","width":50,"height":50,"mime_type":"image\/jpeg","source_url":"https:\/\/www.tucomarca.com\/wordpress\/segunda\/wp-content\/uploads\/2018\/02\/Alzira-50x50.jpg"},"gabfire":{"file":"Alzira-1024x768.jpg","width":1024,"height":768,"mime_type":"image\/jpeg","source_url":"https:\/\/www.tucomarca.com\/wordpress\/segunda\/wp-content\/uploads\/2018\/02\/Alzira-1024x768.jpg"},"full":{"file":"Alzira.jpg","width":1280,"height":960,"mime_type":"image\/jpeg","source_url":"https:\/\/www.tucomarca.com\/wordpress\/segunda\/wp-content\/uploads\/2018\/02\/Alzira.jpg"}},"image_meta":{"aperture":"0","credit":"","camera":"","caption":"","created_timestamp":"0","copyright":"","focal_length":"0","iso":"0","shutter_speed":"0","title":"","orientation":"0","keywords":[]}},"post":65703,"source_url":"https:\/\/www.tucomarca.com\/wordpress\/segunda\/wp-content\/uploads\/2018\/02\/Alzira.jpg","_links":{"self":[{"href":"https:\/\/www.tucomarca.com\/wordpress\/segunda\/wp-json\/wp\/v2\/media\/65709","targetHints":{"allow":["GET"]}}],"collection":[{"href":"https:\/\/www.tucomarca.com\/wordpress\/segunda\/wp-json\/wp\/v2\/media"}],"about":[{"href":"https:\/\/www.tucomarca.com\/wordpress\/segunda\/wp-json\/wp\/v2\/types\/attachment"}],"author":[{"embeddable":true,"href":"https:\/\/www.tucomarca.com\/wordpress\/segunda\/wp-json\/wp\/v2\/users\/1"}],"replies":[{"embeddable":true,"href":"https:\/\/www.tucomarca.com\/wordpress\/segunda\/wp-json\/wp\/v2\/comments?post=65709"}],"wp:attached-to":[{"embeddable":true,"post_type":"post","id":65703,"href":"https:\/\/www.tucomarca.com\/wordpress\/segunda\/wp-json\/wp\/v2\/posts\/65703"}],"curies":[{"name":"wp","href":"https:\/\/api.w.org\/{rel}","templated":true}]}}

<p class="attachment"><a href='https://www.tucomarca.com/wordpress/segunda/wp-content/uploads/2018/02/Alzira.jpg'><img loading="lazy" decoding="async" width="300" height="225" src="https://www.tucomarca.com/wordpress/segunda/wp-content/uploads/2018/02/Alzira-300x225.jpg" class="attachment-medium size-medium" alt="Al llibret, realitzat per la Falla Plaça Malva d’Alzira, també ha col.laborat la vicepresidenta de la Diputació de València." srcset="https://www.tucomarca.com/wordpress/segunda/wp-content/uploads/2018/02/Alzira-300x225.jpg 300w, https://www.tucomarca.com/wordpress/segunda/wp-content/uploads/2018/02/Alzira-768x576.jpg 768w, https://www.tucomarca.com/wordpress/segunda/wp-content/uploads/2018/02/Alzira-1024x768.jpg 1024w, https://www.tucomarca.com/wordpress/segunda/wp-content/uploads/2018/02/Alzira.jpg 1280w" sizes="auto, (max-width: 300px) 100vw, 300px" /></a></p>
<p>Al llibret, realitzat per la Falla Plaça Malva d’Alzira, també ha col.laborat la vicepresidenta de la Diputació de València.</p>

<div class="mh-excerpt">Al llibret, realitzat per la Falla Plaça Malva d’Alzira, també ha col.laborat la vicepresidenta de la Diputació de València.</div>
<p> <a class="mh-excerpt-more" href="https://www.tucomarca.com/wordpress/segunda/maria-josep-amigo-assisteix-a-la-presentacio-del-llibret-tro-davis/alzira-11/" title="Alzira">[+] </a></p>

Al llibret, realitzat per la Falla Plaça Malva d’Alzira, també ha col.laborat la vicepresidenta de la Diputació de València.
