{"id":68913,"date":"2018-05-13T15:08:08","date_gmt":"2018-05-13T13:08:08","guid":{"rendered":"http:\/\/www.tucomarca.com\/wordpress\/segunda\/wp-content\/uploads\/2018\/05\/FiraTuris-1.jpg"},"modified":"2018-05-13T15:08:37","modified_gmt":"2018-05-13T13:08:37","slug":"firaturis-2","status":"inherit","type":"attachment","link":"https:\/\/www.tucomarca.com\/wordpress\/segunda\/la-xv-fira-agricola-i-de-comerc-de-turis-atrau-milers-de-visitants\/firaturis-2\/","title":{"rendered":"FiraTuris"},"author":1,"featured_media":0,"comment_status":"open","ping_status":"closed","template":"","meta":[],"class_list":["post-68913","attachment","type-attachment","status-inherit"],"description":{"rendered":"<p class=\"attachment\"><a href='https:\/\/www.tucomarca.com\/wordpress\/segunda\/wp-content\/uploads\/2018\/05\/FiraTuris-1.jpg'><img loading=\"lazy\" decoding=\"async\" width=\"300\" height=\"225\" src=\"https:\/\/www.tucomarca.com\/wordpress\/segunda\/wp-content\/uploads\/2018\/05\/FiraTuris-1-300x225.jpg\" class=\"attachment-medium size-medium\" alt=\"La inauguraci\u00f3 va tenir lloc el divendres a la vesprada i va comptar amb la participaci\u00f3 institucional de Francisco Rodr\u00edguez Mulero, Secretari Auton\u00f2mic d&#039;Agricultura, i Mar\u00eda Such, Directora General de l&#039;Institut Valenci\u00e0 de les Dones.\" srcset=\"https:\/\/www.tucomarca.com\/wordpress\/segunda\/wp-content\/uploads\/2018\/05\/FiraTuris-1-300x225.jpg 300w, https:\/\/www.tucomarca.com\/wordpress\/segunda\/wp-content\/uploads\/2018\/05\/FiraTuris-1-768x576.jpg 768w, https:\/\/www.tucomarca.com\/wordpress\/segunda\/wp-content\/uploads\/2018\/05\/FiraTuris-1-1024x768.jpg 1024w\" sizes=\"auto, (max-width: 300px) 100vw, 300px\" \/><\/a><\/p>\n<p>La inauguraci\u00f3 va tenir lloc el divendres a la vesprada i va comptar amb la participaci\u00f3 institucional de Francisco Rodr\u00edguez Mulero, Secretari Auton\u00f2mic d&#8217;Agricultura, i Mar\u00eda Such, Directora General de l&#8217;Institut Valenci\u00e0 de les Dones.<\/p>\n"},"caption":{"rendered":"<div class=\"mh-excerpt\">La inauguraci\u00f3 va tenir lloc el divendres a la vesprada i va comptar amb la participaci\u00f3 institucional de Francisco Rodr\u00edguez Mulero, Secretari Auton\u00f2mic d&#8217;Agricultura, i Mar\u00eda Such, Directora General de l&#8217;Institut Valenci\u00e0 de les Dones.<\/div>\n<p> <a class=\"mh-excerpt-more\" href=\"https:\/\/www.tucomarca.com\/wordpress\/segunda\/la-xv-fira-agricola-i-de-comerc-de-turis-atrau-milers-de-visitants\/firaturis-2\/\" title=\"FiraTuris\">[+] <\/a><\/p>\n"},"alt_text":"La inauguraci\u00f3 va tenir lloc el divendres a la vesprada i va comptar amb la participaci\u00f3 institucional de Francisco Rodr\u00edguez Mulero, Secretari Auton\u00f2mic d'Agricultura, i Mar\u00eda Such, Directora General de l'Institut Valenci\u00e0 de les Dones.","media_type":"image","mime_type":"image\/jpeg","media_details":{"width":4000,"height":3000,"file":"2018\/05\/FiraTuris-1.jpg","sizes":{"thumbnail":{"file":"FiraTuris-1-290x290.jpg","width":290,"height":290,"mime_type":"image\/jpeg","source_url":"https:\/\/www.tucomarca.com\/wordpress\/segunda\/wp-content\/uploads\/2018\/05\/FiraTuris-1-290x290.jpg"},"medium":{"file":"FiraTuris-1-300x225.jpg","width":300,"height":225,"mime_type":"image\/jpeg","source_url":"https:\/\/www.tucomarca.com\/wordpress\/segunda\/wp-content\/uploads\/2018\/05\/FiraTuris-1-300x225.jpg"},"medium_large":{"file":"FiraTuris-1-768x576.jpg","width":768,"height":576,"mime_type":"image\/jpeg","source_url":"https:\/\/www.tucomarca.com\/wordpress\/segunda\/wp-content\/uploads\/2018\/05\/FiraTuris-1-768x576.jpg"},"large":{"file":"FiraTuris-1-1024x768.jpg","width":1024,"height":768,"mime_type":"image\/jpeg","source_url":"https:\/\/www.tucomarca.com\/wordpress\/segunda\/wp-content\/uploads\/2018\/05\/FiraTuris-1-1024x768.jpg"},"rss-image":{"file":"FiraTuris-1-300x225.jpg","width":300,"height":225,"mime_type":"image\/jpeg","source_url":"https:\/\/www.tucomarca.com\/wordpress\/segunda\/wp-content\/uploads\/2018\/05\/FiraTuris-1-300x225.jpg"},"post-thumbnail":{"file":"FiraTuris-1-50x50.jpg","width":50,"height":50,"mime_type":"image\/jpeg","source_url":"https:\/\/www.tucomarca.com\/wordpress\/segunda\/wp-content\/uploads\/2018\/05\/FiraTuris-1-50x50.jpg"},"gabfire":{"file":"FiraTuris-1-1024x768.jpg","width":1024,"height":768,"mime_type":"image\/jpeg","source_url":"https:\/\/www.tucomarca.com\/wordpress\/segunda\/wp-content\/uploads\/2018\/05\/FiraTuris-1-1024x768.jpg"},"full":{"file":"FiraTuris-1.jpg","width":4000,"height":3000,"mime_type":"image\/jpeg","source_url":"https:\/\/www.tucomarca.com\/wordpress\/segunda\/wp-content\/uploads\/2018\/05\/FiraTuris-1.jpg"}},"image_meta":{"aperture":"1.8","credit":"","camera":"Canon PowerShot G15","caption":"","created_timestamp":"1525638255","copyright":"","focal_length":"6.1","iso":"160","shutter_speed":"0.016666666666667","title":"","orientation":"1","keywords":[]}},"post":68862,"source_url":"https:\/\/www.tucomarca.com\/wordpress\/segunda\/wp-content\/uploads\/2018\/05\/FiraTuris-1.jpg","_links":{"self":[{"href":"https:\/\/www.tucomarca.com\/wordpress\/segunda\/wp-json\/wp\/v2\/media\/68913","targetHints":{"allow":["GET"]}}],"collection":[{"href":"https:\/\/www.tucomarca.com\/wordpress\/segunda\/wp-json\/wp\/v2\/media"}],"about":[{"href":"https:\/\/www.tucomarca.com\/wordpress\/segunda\/wp-json\/wp\/v2\/types\/attachment"}],"author":[{"embeddable":true,"href":"https:\/\/www.tucomarca.com\/wordpress\/segunda\/wp-json\/wp\/v2\/users\/1"}],"replies":[{"embeddable":true,"href":"https:\/\/www.tucomarca.com\/wordpress\/segunda\/wp-json\/wp\/v2\/comments?post=68913"}],"wp:attached-to":[{"embeddable":true,"post_type":"post","id":68862,"href":"https:\/\/www.tucomarca.com\/wordpress\/segunda\/wp-json\/wp\/v2\/posts\/68862"}],"curies":[{"name":"wp","href":"https:\/\/api.w.org\/{rel}","templated":true}]}}

<p class="attachment"><a href='https://www.tucomarca.com/wordpress/segunda/wp-content/uploads/2018/05/FiraTuris-1.jpg'><img loading="lazy" decoding="async" width="300" height="225" src="https://www.tucomarca.com/wordpress/segunda/wp-content/uploads/2018/05/FiraTuris-1-300x225.jpg" class="attachment-medium size-medium" alt="La inauguració va tenir lloc el divendres a la vesprada i va comptar amb la participació institucional de Francisco Rodríguez Mulero, Secretari Autonòmic d&#039;Agricultura, i María Such, Directora General de l&#039;Institut Valencià de les Dones." srcset="https://www.tucomarca.com/wordpress/segunda/wp-content/uploads/2018/05/FiraTuris-1-300x225.jpg 300w, https://www.tucomarca.com/wordpress/segunda/wp-content/uploads/2018/05/FiraTuris-1-768x576.jpg 768w, https://www.tucomarca.com/wordpress/segunda/wp-content/uploads/2018/05/FiraTuris-1-1024x768.jpg 1024w" sizes="auto, (max-width: 300px) 100vw, 300px" /></a></p>
<p>La inauguració va tenir lloc el divendres a la vesprada i va comptar amb la participació institucional de Francisco Rodríguez Mulero, Secretari Autonòmic d&#8217;Agricultura, i María Such, Directora General de l&#8217;Institut Valencià de les Dones.</p>

<div class="mh-excerpt">La inauguració va tenir lloc el divendres a la vesprada i va comptar amb la participació institucional de Francisco Rodríguez Mulero, Secretari Autonòmic d&#8217;Agricultura, i María Such, Directora General de l&#8217;Institut Valencià de les Dones.</div>
<p> <a class="mh-excerpt-more" href="https://www.tucomarca.com/wordpress/segunda/la-xv-fira-agricola-i-de-comerc-de-turis-atrau-milers-de-visitants/firaturis-2/" title="FiraTuris">[+] </a></p>

La inauguració va tenir lloc el divendres a la vesprada i va comptar amb la participació institucional de Francisco Rodríguez Mulero, Secretari Autonòmic d'Agricultura, i María Such, Directora General de l'Institut Valencià de les Dones.
