{"id":69121,"date":"2018-05-21T13:59:43","date_gmt":"2018-05-21T11:59:43","guid":{"rendered":"http:\/\/www.tucomarca.com\/wordpress\/segunda\/wp-content\/uploads\/2018\/05\/Nofuentes.jpg"},"modified":"2018-05-21T13:59:54","modified_gmt":"2018-05-21T11:59:54","slug":"nofuentes-4","status":"inherit","type":"attachment","link":"https:\/\/www.tucomarca.com\/wordpress\/segunda\/la-diputacio-de-valencia-abre-la-nueva-convocatoria-de-la-dipu-te-eurobeca\/nofuentes-4\/","title":{"rendered":"Nofuentes"},"author":1,"featured_media":0,"comment_status":"open","ping_status":"closed","template":"","meta":[],"class_list":["post-69121","attachment","type-attachment","status-inherit"],"description":{"rendered":"<p class=\"attachment\"><a href='https:\/\/www.tucomarca.com\/wordpress\/segunda\/wp-content\/uploads\/2018\/05\/Nofuentes.jpg'><img loading=\"lazy\" decoding=\"async\" width=\"300\" height=\"141\" src=\"https:\/\/www.tucomarca.com\/wordpress\/segunda\/wp-content\/uploads\/2018\/05\/Nofuentes-300x141.jpg\" class=\"attachment-medium size-medium\" alt=\"En la primera parte del programa de 2018, un total de 17 j\u00f3venes posgraduados podr\u00e1n optar a cinco meses de formaci\u00f3n en empresas e instituciones de toda Europa.\" srcset=\"https:\/\/www.tucomarca.com\/wordpress\/segunda\/wp-content\/uploads\/2018\/05\/Nofuentes-300x141.jpg 300w, https:\/\/www.tucomarca.com\/wordpress\/segunda\/wp-content\/uploads\/2018\/05\/Nofuentes-768x362.jpg 768w, https:\/\/www.tucomarca.com\/wordpress\/segunda\/wp-content\/uploads\/2018\/05\/Nofuentes-1024x483.jpg 1024w\" sizes=\"auto, (max-width: 300px) 100vw, 300px\" \/><\/a><\/p>\n<p>En la primera parte del programa de 2018, un total de 17 j\u00f3venes posgraduados podr\u00e1n optar a cinco meses de formaci\u00f3n en empresas e instituciones de toda Europa.<\/p>\n"},"caption":{"rendered":"<div class=\"mh-excerpt\">En la primera parte del programa de 2018, un total de 17 j\u00f3venes posgraduados podr\u00e1n optar a cinco meses de formaci\u00f3n en empresas e instituciones de toda Europa.<\/div>\n<p> <a class=\"mh-excerpt-more\" href=\"https:\/\/www.tucomarca.com\/wordpress\/segunda\/la-diputacio-de-valencia-abre-la-nueva-convocatoria-de-la-dipu-te-eurobeca\/nofuentes-4\/\" title=\"Nofuentes\">[+] <\/a><\/p>\n"},"alt_text":"En la primera parte del programa de 2018, un total de 17 j\u00f3venes posgraduados podr\u00e1n optar a cinco meses de formaci\u00f3n en empresas e instituciones de toda Europa.","media_type":"image","mime_type":"image\/jpeg","media_details":{"width":2362,"height":1113,"file":"2018\/05\/Nofuentes.jpg","sizes":{"thumbnail":{"file":"Nofuentes-290x290.jpg","width":290,"height":290,"mime_type":"image\/jpeg","source_url":"https:\/\/www.tucomarca.com\/wordpress\/segunda\/wp-content\/uploads\/2018\/05\/Nofuentes-290x290.jpg"},"medium":{"file":"Nofuentes-300x141.jpg","width":300,"height":141,"mime_type":"image\/jpeg","source_url":"https:\/\/www.tucomarca.com\/wordpress\/segunda\/wp-content\/uploads\/2018\/05\/Nofuentes-300x141.jpg"},"medium_large":{"file":"Nofuentes-768x362.jpg","width":768,"height":362,"mime_type":"image\/jpeg","source_url":"https:\/\/www.tucomarca.com\/wordpress\/segunda\/wp-content\/uploads\/2018\/05\/Nofuentes-768x362.jpg"},"large":{"file":"Nofuentes-1024x483.jpg","width":1024,"height":483,"mime_type":"image\/jpeg","source_url":"https:\/\/www.tucomarca.com\/wordpress\/segunda\/wp-content\/uploads\/2018\/05\/Nofuentes-1024x483.jpg"},"rss-image":{"file":"Nofuentes-300x141.jpg","width":300,"height":141,"mime_type":"image\/jpeg","source_url":"https:\/\/www.tucomarca.com\/wordpress\/segunda\/wp-content\/uploads\/2018\/05\/Nofuentes-300x141.jpg"},"post-thumbnail":{"file":"Nofuentes-50x50.jpg","width":50,"height":50,"mime_type":"image\/jpeg","source_url":"https:\/\/www.tucomarca.com\/wordpress\/segunda\/wp-content\/uploads\/2018\/05\/Nofuentes-50x50.jpg"},"gabfire":{"file":"Nofuentes-1024x483.jpg","width":1024,"height":483,"mime_type":"image\/jpeg","source_url":"https:\/\/www.tucomarca.com\/wordpress\/segunda\/wp-content\/uploads\/2018\/05\/Nofuentes-1024x483.jpg"},"full":{"file":"Nofuentes.jpg","width":2362,"height":1113,"mime_type":"image\/jpeg","source_url":"https:\/\/www.tucomarca.com\/wordpress\/segunda\/wp-content\/uploads\/2018\/05\/Nofuentes.jpg"}},"image_meta":{"aperture":"0","credit":"Raquel Abulaila","camera":"","caption":"","created_timestamp":"0","copyright":"Raquel Abulaila","focal_length":"0","iso":"0","shutter_speed":"0","title":"","orientation":"1","keywords":[]}},"post":69120,"source_url":"https:\/\/www.tucomarca.com\/wordpress\/segunda\/wp-content\/uploads\/2018\/05\/Nofuentes.jpg","_links":{"self":[{"href":"https:\/\/www.tucomarca.com\/wordpress\/segunda\/wp-json\/wp\/v2\/media\/69121","targetHints":{"allow":["GET"]}}],"collection":[{"href":"https:\/\/www.tucomarca.com\/wordpress\/segunda\/wp-json\/wp\/v2\/media"}],"about":[{"href":"https:\/\/www.tucomarca.com\/wordpress\/segunda\/wp-json\/wp\/v2\/types\/attachment"}],"author":[{"embeddable":true,"href":"https:\/\/www.tucomarca.com\/wordpress\/segunda\/wp-json\/wp\/v2\/users\/1"}],"replies":[{"embeddable":true,"href":"https:\/\/www.tucomarca.com\/wordpress\/segunda\/wp-json\/wp\/v2\/comments?post=69121"}],"wp:attached-to":[{"embeddable":true,"post_type":"post","id":69120,"href":"https:\/\/www.tucomarca.com\/wordpress\/segunda\/wp-json\/wp\/v2\/posts\/69120"}],"curies":[{"name":"wp","href":"https:\/\/api.w.org\/{rel}","templated":true}]}}

<p class="attachment"><a href='https://www.tucomarca.com/wordpress/segunda/wp-content/uploads/2018/05/Nofuentes.jpg'><img loading="lazy" decoding="async" width="300" height="141" src="https://www.tucomarca.com/wordpress/segunda/wp-content/uploads/2018/05/Nofuentes-300x141.jpg" class="attachment-medium size-medium" alt="En la primera parte del programa de 2018, un total de 17 jóvenes posgraduados podrán optar a cinco meses de formación en empresas e instituciones de toda Europa." srcset="https://www.tucomarca.com/wordpress/segunda/wp-content/uploads/2018/05/Nofuentes-300x141.jpg 300w, https://www.tucomarca.com/wordpress/segunda/wp-content/uploads/2018/05/Nofuentes-768x362.jpg 768w, https://www.tucomarca.com/wordpress/segunda/wp-content/uploads/2018/05/Nofuentes-1024x483.jpg 1024w" sizes="auto, (max-width: 300px) 100vw, 300px" /></a></p>
<p>En la primera parte del programa de 2018, un total de 17 jóvenes posgraduados podrán optar a cinco meses de formación en empresas e instituciones de toda Europa.</p>

<div class="mh-excerpt">En la primera parte del programa de 2018, un total de 17 jóvenes posgraduados podrán optar a cinco meses de formación en empresas e instituciones de toda Europa.</div>
<p> <a class="mh-excerpt-more" href="https://www.tucomarca.com/wordpress/segunda/la-diputacio-de-valencia-abre-la-nueva-convocatoria-de-la-dipu-te-eurobeca/nofuentes-4/" title="Nofuentes">[+] </a></p>

En la primera parte del programa de 2018, un total de 17 jóvenes posgraduados podrán optar a cinco meses de formación en empresas e instituciones de toda Europa.
