{"id":69617,"date":"2018-06-04T20:38:34","date_gmt":"2018-06-04T18:38:34","guid":{"rendered":"http:\/\/www.tucomarca.com\/wordpress\/segunda\/wp-content\/uploads\/2018\/06\/AlvaroOrti.jpg"},"modified":"2018-06-04T20:39:20","modified_gmt":"2018-06-04T18:39:20","slug":"alvaroorti","status":"inherit","type":"attachment","link":"https:\/\/www.tucomarca.com\/wordpress\/segunda\/alvaro-orti-dirigira-al-cd-bunol-en-su-nueva-etapa-en-regional-preferente-al-que-vuelve-godo-y-con-el-que-renuevan-edu-y-angel-moran\/alvaroorti\/","title":{"rendered":"AlvaroOrti"},"author":1,"featured_media":0,"comment_status":"open","ping_status":"closed","template":"","meta":[],"class_list":["post-69617","attachment","type-attachment","status-inherit"],"description":{"rendered":"<p class=\"attachment\"><a href='https:\/\/www.tucomarca.com\/wordpress\/segunda\/wp-content\/uploads\/2018\/06\/AlvaroOrti.jpg'><img loading=\"lazy\" decoding=\"async\" width=\"194\" height=\"300\" src=\"https:\/\/www.tucomarca.com\/wordpress\/segunda\/wp-content\/uploads\/2018\/06\/AlvaroOrti-194x300.jpg\" class=\"attachment-medium size-medium\" alt=\"El nuevo entrenador del CD Bu\u00f1ol, \u00c1lvaro Ort\u00ed. Foto: Ra\u00fal Miralles.\" srcset=\"https:\/\/www.tucomarca.com\/wordpress\/segunda\/wp-content\/uploads\/2018\/06\/AlvaroOrti-194x300.jpg 194w, https:\/\/www.tucomarca.com\/wordpress\/segunda\/wp-content\/uploads\/2018\/06\/AlvaroOrti-768x1191.jpg 768w, https:\/\/www.tucomarca.com\/wordpress\/segunda\/wp-content\/uploads\/2018\/06\/AlvaroOrti-661x1024.jpg 661w, https:\/\/www.tucomarca.com\/wordpress\/segunda\/wp-content\/uploads\/2018\/06\/AlvaroOrti.jpg 945w\" sizes=\"auto, (max-width: 194px) 100vw, 194px\" \/><\/a><\/p>\n<p>El nuevo entrenador del CD Bu\u00f1ol, \u00c1lvaro Ort\u00ed. Foto: Ra\u00fal Miralles.<\/p>\n"},"caption":{"rendered":"<div class=\"mh-excerpt\">El nuevo entrenador del CD Bu\u00f1ol, \u00c1lvaro Ort\u00ed. Foto: Ra\u00fal Miralles.<\/div>\n<p> <a class=\"mh-excerpt-more\" href=\"https:\/\/www.tucomarca.com\/wordpress\/segunda\/alvaro-orti-dirigira-al-cd-bunol-en-su-nueva-etapa-en-regional-preferente-al-que-vuelve-godo-y-con-el-que-renuevan-edu-y-angel-moran\/alvaroorti\/\" title=\"AlvaroOrti\">[+] <\/a><\/p>\n"},"alt_text":"El nuevo entrenador del CD Bu\u00f1ol, \u00c1lvaro Ort\u00ed. Foto: Ra\u00fal Miralles.","media_type":"image","mime_type":"image\/jpeg","media_details":{"width":945,"height":1465,"file":"2018\/06\/AlvaroOrti.jpg","sizes":{"thumbnail":{"file":"AlvaroOrti-290x290.jpg","width":290,"height":290,"mime_type":"image\/jpeg","source_url":"https:\/\/www.tucomarca.com\/wordpress\/segunda\/wp-content\/uploads\/2018\/06\/AlvaroOrti-290x290.jpg"},"medium":{"file":"AlvaroOrti-194x300.jpg","width":194,"height":300,"mime_type":"image\/jpeg","source_url":"https:\/\/www.tucomarca.com\/wordpress\/segunda\/wp-content\/uploads\/2018\/06\/AlvaroOrti-194x300.jpg"},"medium_large":{"file":"AlvaroOrti-768x1191.jpg","width":768,"height":1191,"mime_type":"image\/jpeg","source_url":"https:\/\/www.tucomarca.com\/wordpress\/segunda\/wp-content\/uploads\/2018\/06\/AlvaroOrti-768x1191.jpg"},"large":{"file":"AlvaroOrti-661x1024.jpg","width":661,"height":1024,"mime_type":"image\/jpeg","source_url":"https:\/\/www.tucomarca.com\/wordpress\/segunda\/wp-content\/uploads\/2018\/06\/AlvaroOrti-661x1024.jpg"},"rss-image":{"file":"AlvaroOrti-194x300.jpg","width":194,"height":300,"mime_type":"image\/jpeg","source_url":"https:\/\/www.tucomarca.com\/wordpress\/segunda\/wp-content\/uploads\/2018\/06\/AlvaroOrti-194x300.jpg"},"post-thumbnail":{"file":"AlvaroOrti-50x50.jpg","width":50,"height":50,"mime_type":"image\/jpeg","source_url":"https:\/\/www.tucomarca.com\/wordpress\/segunda\/wp-content\/uploads\/2018\/06\/AlvaroOrti-50x50.jpg"},"full":{"file":"AlvaroOrti.jpg","width":945,"height":1465,"mime_type":"image\/jpeg","source_url":"https:\/\/www.tucomarca.com\/wordpress\/segunda\/wp-content\/uploads\/2018\/06\/AlvaroOrti.jpg"}},"image_meta":{"aperture":"0","credit":"","camera":"","caption":"","created_timestamp":"0","copyright":"","focal_length":"0","iso":"0","shutter_speed":"0","title":"","orientation":"1","keywords":[]}},"post":69557,"source_url":"https:\/\/www.tucomarca.com\/wordpress\/segunda\/wp-content\/uploads\/2018\/06\/AlvaroOrti.jpg","_links":{"self":[{"href":"https:\/\/www.tucomarca.com\/wordpress\/segunda\/wp-json\/wp\/v2\/media\/69617","targetHints":{"allow":["GET"]}}],"collection":[{"href":"https:\/\/www.tucomarca.com\/wordpress\/segunda\/wp-json\/wp\/v2\/media"}],"about":[{"href":"https:\/\/www.tucomarca.com\/wordpress\/segunda\/wp-json\/wp\/v2\/types\/attachment"}],"author":[{"embeddable":true,"href":"https:\/\/www.tucomarca.com\/wordpress\/segunda\/wp-json\/wp\/v2\/users\/1"}],"replies":[{"embeddable":true,"href":"https:\/\/www.tucomarca.com\/wordpress\/segunda\/wp-json\/wp\/v2\/comments?post=69617"}],"wp:attached-to":[{"embeddable":true,"post_type":"post","id":69557,"href":"https:\/\/www.tucomarca.com\/wordpress\/segunda\/wp-json\/wp\/v2\/posts\/69557"}],"curies":[{"name":"wp","href":"https:\/\/api.w.org\/{rel}","templated":true}]}}

<p class="attachment"><a href='https://www.tucomarca.com/wordpress/segunda/wp-content/uploads/2018/06/AlvaroOrti.jpg'><img loading="lazy" decoding="async" width="194" height="300" src="https://www.tucomarca.com/wordpress/segunda/wp-content/uploads/2018/06/AlvaroOrti-194x300.jpg" class="attachment-medium size-medium" alt="El nuevo entrenador del CD Buñol, Álvaro Ortí. Foto: Raúl Miralles." srcset="https://www.tucomarca.com/wordpress/segunda/wp-content/uploads/2018/06/AlvaroOrti-194x300.jpg 194w, https://www.tucomarca.com/wordpress/segunda/wp-content/uploads/2018/06/AlvaroOrti-768x1191.jpg 768w, https://www.tucomarca.com/wordpress/segunda/wp-content/uploads/2018/06/AlvaroOrti-661x1024.jpg 661w, https://www.tucomarca.com/wordpress/segunda/wp-content/uploads/2018/06/AlvaroOrti.jpg 945w" sizes="auto, (max-width: 194px) 100vw, 194px" /></a></p>
<p>El nuevo entrenador del CD Buñol, Álvaro Ortí. Foto: Raúl Miralles.</p>

<div class="mh-excerpt">El nuevo entrenador del CD Buñol, Álvaro Ortí. Foto: Raúl Miralles.</div>
<p> <a class="mh-excerpt-more" href="https://www.tucomarca.com/wordpress/segunda/alvaro-orti-dirigira-al-cd-bunol-en-su-nueva-etapa-en-regional-preferente-al-que-vuelve-godo-y-con-el-que-renuevan-edu-y-angel-moran/alvaroorti/" title="AlvaroOrti">[+] </a></p>

El nuevo entrenador del CD Buñol, Álvaro Ortí. Foto: Raúl Miralles.
