{"id":70646,"date":"2018-07-10T19:59:30","date_gmt":"2018-07-10T17:59:30","guid":{"rendered":"http:\/\/www.tucomarca.com\/wordpress\/segunda\/wp-content\/uploads\/2018\/07\/reuni\u00f3_junta_1.jpg"},"modified":"2018-07-10T19:59:41","modified_gmt":"2018-07-10T17:59:41","slug":"reunio_junta_1","status":"inherit","type":"attachment","link":"https:\/\/www.tucomarca.com\/wordpress\/segunda\/la-junta-de-portaveus-de-la-diputacio-acorda-la-celebracio-dels-plenaris-per-al-nomenament-del-nou-president\/reunio_junta_1\/","title":{"rendered":"reuni\u00f3_junta_1"},"author":1,"featured_media":0,"comment_status":"open","ping_status":"closed","template":"","meta":[],"class_list":["post-70646","attachment","type-attachment","status-inherit"],"description":{"rendered":"<p class=\"attachment\"><a href='https:\/\/www.tucomarca.com\/wordpress\/segunda\/wp-content\/uploads\/2018\/07\/reuni\u00f3_junta_1.jpg'><img loading=\"lazy\" decoding=\"async\" width=\"300\" height=\"200\" src=\"https:\/\/www.tucomarca.com\/wordpress\/segunda\/wp-content\/uploads\/2018\/07\/reuni\u00f3_junta_1-300x200.jpg\" class=\"attachment-medium size-medium\" alt=\"La Diputaci\u00f3 celebrar\u00e0 dos sessions plen\u00e0ries extraordin\u00e0ries els propers dies 12 i 17 de juliol per acceptar la ren\u00fancia de Jorge Rodr\u00edguez i anomenar el nou cap de la corporaci\u00f3\" srcset=\"https:\/\/www.tucomarca.com\/wordpress\/segunda\/wp-content\/uploads\/2018\/07\/reuni\u00f3_junta_1-300x200.jpg 300w, https:\/\/www.tucomarca.com\/wordpress\/segunda\/wp-content\/uploads\/2018\/07\/reuni\u00f3_junta_1-768x512.jpg 768w, https:\/\/www.tucomarca.com\/wordpress\/segunda\/wp-content\/uploads\/2018\/07\/reuni\u00f3_junta_1-1024x682.jpg 1024w, https:\/\/www.tucomarca.com\/wordpress\/segunda\/wp-content\/uploads\/2018\/07\/reuni\u00f3_junta_1.jpg 1959w\" sizes=\"auto, (max-width: 300px) 100vw, 300px\" \/><\/a><\/p>\n<p>La Diputaci\u00f3 celebrar\u00e0 dos sessions plen\u00e0ries extraordin\u00e0ries els propers dies 12 i 17 de juliol per acceptar la ren\u00fancia de Jorge Rodr\u00edguez i anomenar el nou cap de la corporaci\u00f3<\/p>\n"},"caption":{"rendered":"<div class=\"mh-excerpt\">La Diputaci\u00f3 celebrar\u00e0 dos sessions plen\u00e0ries extraordin\u00e0ries els propers dies 12 i 17 de juliol per acceptar la ren\u00fancia de Jorge Rodr\u00edguez i anomenar el nou cap de la corporaci\u00f3<\/div>\n<p> <a class=\"mh-excerpt-more\" href=\"https:\/\/www.tucomarca.com\/wordpress\/segunda\/la-junta-de-portaveus-de-la-diputacio-acorda-la-celebracio-dels-plenaris-per-al-nomenament-del-nou-president\/reunio_junta_1\/\" title=\"reuni\u00f3_junta_1\">[+] <\/a><\/p>\n"},"alt_text":"La Diputaci\u00f3 celebrar\u00e0 dos sessions plen\u00e0ries extraordin\u00e0ries els propers dies 12 i 17 de juliol per acceptar la ren\u00fancia de Jorge Rodr\u00edguez i anomenar el nou cap de la corporaci\u00f3","media_type":"image","mime_type":"image\/jpeg","media_details":{"width":1959,"height":1305,"file":"2018\/07\/reuni\u00f3_junta_1.jpg","sizes":{"thumbnail":{"file":"reuni\u00f3_junta_1-290x290.jpg","width":290,"height":290,"mime_type":"image\/jpeg","source_url":"https:\/\/www.tucomarca.com\/wordpress\/segunda\/wp-content\/uploads\/2018\/07\/reuni\u00f3_junta_1-290x290.jpg"},"medium":{"file":"reuni\u00f3_junta_1-300x200.jpg","width":300,"height":200,"mime_type":"image\/jpeg","source_url":"https:\/\/www.tucomarca.com\/wordpress\/segunda\/wp-content\/uploads\/2018\/07\/reuni\u00f3_junta_1-300x200.jpg"},"medium_large":{"file":"reuni\u00f3_junta_1-768x512.jpg","width":768,"height":512,"mime_type":"image\/jpeg","source_url":"https:\/\/www.tucomarca.com\/wordpress\/segunda\/wp-content\/uploads\/2018\/07\/reuni\u00f3_junta_1-768x512.jpg"},"large":{"file":"reuni\u00f3_junta_1-1024x682.jpg","width":1024,"height":682,"mime_type":"image\/jpeg","source_url":"https:\/\/www.tucomarca.com\/wordpress\/segunda\/wp-content\/uploads\/2018\/07\/reuni\u00f3_junta_1-1024x682.jpg"},"rss-image":{"file":"reuni\u00f3_junta_1-300x200.jpg","width":300,"height":200,"mime_type":"image\/jpeg","source_url":"https:\/\/www.tucomarca.com\/wordpress\/segunda\/wp-content\/uploads\/2018\/07\/reuni\u00f3_junta_1-300x200.jpg"},"post-thumbnail":{"file":"reuni\u00f3_junta_1-50x50.jpg","width":50,"height":50,"mime_type":"image\/jpeg","source_url":"https:\/\/www.tucomarca.com\/wordpress\/segunda\/wp-content\/uploads\/2018\/07\/reuni\u00f3_junta_1-50x50.jpg"},"gabfire":{"file":"reuni\u00f3_junta_1-1024x682.jpg","width":1024,"height":682,"mime_type":"image\/jpeg","source_url":"https:\/\/www.tucomarca.com\/wordpress\/segunda\/wp-content\/uploads\/2018\/07\/reuni\u00f3_junta_1-1024x682.jpg"},"full":{"file":"reuni\u00f3_junta_1.jpg","width":1959,"height":1305,"mime_type":"image\/jpeg","source_url":"https:\/\/www.tucomarca.com\/wordpress\/segunda\/wp-content\/uploads\/2018\/07\/reuni\u00f3_junta_1.jpg"}},"image_meta":{"aperture":"0","credit":"","camera":"Aquaris M5","caption":"","created_timestamp":"1531220656","copyright":"","focal_length":"3.79","iso":"738","shutter_speed":"0.05","title":"","orientation":"0","keywords":[]}},"post":70645,"source_url":"https:\/\/www.tucomarca.com\/wordpress\/segunda\/wp-content\/uploads\/2018\/07\/reuni\u00f3_junta_1.jpg","_links":{"self":[{"href":"https:\/\/www.tucomarca.com\/wordpress\/segunda\/wp-json\/wp\/v2\/media\/70646","targetHints":{"allow":["GET"]}}],"collection":[{"href":"https:\/\/www.tucomarca.com\/wordpress\/segunda\/wp-json\/wp\/v2\/media"}],"about":[{"href":"https:\/\/www.tucomarca.com\/wordpress\/segunda\/wp-json\/wp\/v2\/types\/attachment"}],"author":[{"embeddable":true,"href":"https:\/\/www.tucomarca.com\/wordpress\/segunda\/wp-json\/wp\/v2\/users\/1"}],"replies":[{"embeddable":true,"href":"https:\/\/www.tucomarca.com\/wordpress\/segunda\/wp-json\/wp\/v2\/comments?post=70646"}],"wp:attached-to":[{"embeddable":true,"post_type":"post","id":70645,"href":"https:\/\/www.tucomarca.com\/wordpress\/segunda\/wp-json\/wp\/v2\/posts\/70645"}],"curies":[{"name":"wp","href":"https:\/\/api.w.org\/{rel}","templated":true}]}}

http://www.tucomarca.com/wordpress/segunda/wp-content/uploads/2018/07/reunió_junta_1.jpg

reunió_junta_1

<p class="attachment"><a href='https://www.tucomarca.com/wordpress/segunda/wp-content/uploads/2018/07/reunió_junta_1.jpg'><img loading="lazy" decoding="async" width="300" height="200" src="https://www.tucomarca.com/wordpress/segunda/wp-content/uploads/2018/07/reunió_junta_1-300x200.jpg" class="attachment-medium size-medium" alt="La Diputació celebrarà dos sessions plenàries extraordinàries els propers dies 12 i 17 de juliol per acceptar la renúncia de Jorge Rodríguez i anomenar el nou cap de la corporació" srcset="https://www.tucomarca.com/wordpress/segunda/wp-content/uploads/2018/07/reunió_junta_1-300x200.jpg 300w, https://www.tucomarca.com/wordpress/segunda/wp-content/uploads/2018/07/reunió_junta_1-768x512.jpg 768w, https://www.tucomarca.com/wordpress/segunda/wp-content/uploads/2018/07/reunió_junta_1-1024x682.jpg 1024w, https://www.tucomarca.com/wordpress/segunda/wp-content/uploads/2018/07/reunió_junta_1.jpg 1959w" sizes="auto, (max-width: 300px) 100vw, 300px" /></a></p>
<p>La Diputació celebrarà dos sessions plenàries extraordinàries els propers dies 12 i 17 de juliol per acceptar la renúncia de Jorge Rodríguez i anomenar el nou cap de la corporació</p>

<div class="mh-excerpt">La Diputació celebrarà dos sessions plenàries extraordinàries els propers dies 12 i 17 de juliol per acceptar la renúncia de Jorge Rodríguez i anomenar el nou cap de la corporació</div>
<p> <a class="mh-excerpt-more" href="https://www.tucomarca.com/wordpress/segunda/la-junta-de-portaveus-de-la-diputacio-acorda-la-celebracio-dels-plenaris-per-al-nomenament-del-nou-president/reunio_junta_1/" title="reunió_junta_1">[+] </a></p>

La Diputació celebrarà dos sessions plenàries extraordinàries els propers dies 12 i 17 de juliol per acceptar la renúncia de Jorge Rodríguez i anomenar el nou cap de la corporació

2018/07/reunió_junta_1.jpg

reunió_junta_1-290x290.jpg

https://www.tucomarca.com/wordpress/segunda/wp-content/uploads/2018/07/reunió_junta_1-290x290.jpg

reunió_junta_1-300x200.jpg

https://www.tucomarca.com/wordpress/segunda/wp-content/uploads/2018/07/reunió_junta_1-300x200.jpg

reunió_junta_1-768x512.jpg

https://www.tucomarca.com/wordpress/segunda/wp-content/uploads/2018/07/reunió_junta_1-768x512.jpg

reunió_junta_1-1024x682.jpg

https://www.tucomarca.com/wordpress/segunda/wp-content/uploads/2018/07/reunió_junta_1-1024x682.jpg

reunió_junta_1-50x50.jpg

https://www.tucomarca.com/wordpress/segunda/wp-content/uploads/2018/07/reunió_junta_1-50x50.jpg

reunió_junta_1.jpg

https://www.tucomarca.com/wordpress/segunda/wp-content/uploads/2018/07/reunió_junta_1.jpg
