{"id":70777,"date":"2018-07-20T20:00:46","date_gmt":"2018-07-20T18:00:46","guid":{"rendered":"http:\/\/www.tucomarca.com\/wordpress\/segunda\/wp-content\/uploads\/2018\/07\/Alborache.jpg"},"modified":"2018-07-20T20:01:11","modified_gmt":"2018-07-20T18:01:11","slug":"alborache-3","status":"inherit","type":"attachment","link":"https:\/\/www.tucomarca.com\/wordpress\/segunda\/la-guardia-civil-desmantela-un-laboratorio-clandestino-en-una-vivienda-de-la-localidad-de-alborache\/alborache-3\/","title":{"rendered":"Alborache"},"author":1,"featured_media":0,"comment_status":"open","ping_status":"closed","template":"","meta":[],"class_list":["post-70777","attachment","type-attachment","status-inherit"],"description":{"rendered":"<p class=\"attachment\"><a href='https:\/\/www.tucomarca.com\/wordpress\/segunda\/wp-content\/uploads\/2018\/07\/Alborache.jpg'><img loading=\"lazy\" decoding=\"async\" width=\"300\" height=\"199\" src=\"https:\/\/www.tucomarca.com\/wordpress\/segunda\/wp-content\/uploads\/2018\/07\/Alborache-300x199.jpg\" class=\"attachment-medium size-medium\" alt=\"A ra\u00edz de detener a un var\u00f3n por un presunto delito de malos tratos en el \u00e1mbito familiar, se comprueba que en la vivienda del presunto autor existe un laboratorio clandestino.\" srcset=\"https:\/\/www.tucomarca.com\/wordpress\/segunda\/wp-content\/uploads\/2018\/07\/Alborache-300x199.jpg 300w, https:\/\/www.tucomarca.com\/wordpress\/segunda\/wp-content\/uploads\/2018\/07\/Alborache-768x509.jpg 768w, https:\/\/www.tucomarca.com\/wordpress\/segunda\/wp-content\/uploads\/2018\/07\/Alborache-1024x678.jpg 1024w\" sizes=\"auto, (max-width: 300px) 100vw, 300px\" \/><\/a><\/p>\n<p>A ra\u00edz de detener a un var\u00f3n por un presunto delito de malos tratos en el \u00e1mbito familiar, se comprueba que en la vivienda del presunto autor existe un laboratorio clandestino.<\/p>\n"},"caption":{"rendered":"<div class=\"mh-excerpt\">A ra\u00edz de detener a un var\u00f3n por un presunto delito de malos tratos en el \u00e1mbito familiar, se comprueba que en la vivienda del presunto autor existe un laboratorio clandestino.<\/div>\n<p> <a class=\"mh-excerpt-more\" href=\"https:\/\/www.tucomarca.com\/wordpress\/segunda\/la-guardia-civil-desmantela-un-laboratorio-clandestino-en-una-vivienda-de-la-localidad-de-alborache\/alborache-3\/\" title=\"Alborache\">[+] <\/a><\/p>\n"},"alt_text":"A ra\u00edz de detener a un var\u00f3n por un presunto delito de malos tratos en el \u00e1mbito familiar, se comprueba que en la vivienda del presunto autor existe un laboratorio clandestino.","media_type":"image","mime_type":"image\/jpeg","media_details":{"width":3696,"height":2448,"file":"2018\/07\/Alborache.jpg","sizes":{"thumbnail":{"file":"Alborache-290x290.jpg","width":290,"height":290,"mime_type":"image\/jpeg","source_url":"https:\/\/www.tucomarca.com\/wordpress\/segunda\/wp-content\/uploads\/2018\/07\/Alborache-290x290.jpg"},"medium":{"file":"Alborache-300x199.jpg","width":300,"height":199,"mime_type":"image\/jpeg","source_url":"https:\/\/www.tucomarca.com\/wordpress\/segunda\/wp-content\/uploads\/2018\/07\/Alborache-300x199.jpg"},"medium_large":{"file":"Alborache-768x509.jpg","width":768,"height":509,"mime_type":"image\/jpeg","source_url":"https:\/\/www.tucomarca.com\/wordpress\/segunda\/wp-content\/uploads\/2018\/07\/Alborache-768x509.jpg"},"large":{"file":"Alborache-1024x678.jpg","width":1024,"height":678,"mime_type":"image\/jpeg","source_url":"https:\/\/www.tucomarca.com\/wordpress\/segunda\/wp-content\/uploads\/2018\/07\/Alborache-1024x678.jpg"},"rss-image":{"file":"Alborache-300x199.jpg","width":300,"height":199,"mime_type":"image\/jpeg","source_url":"https:\/\/www.tucomarca.com\/wordpress\/segunda\/wp-content\/uploads\/2018\/07\/Alborache-300x199.jpg"},"post-thumbnail":{"file":"Alborache-50x50.jpg","width":50,"height":50,"mime_type":"image\/jpeg","source_url":"https:\/\/www.tucomarca.com\/wordpress\/segunda\/wp-content\/uploads\/2018\/07\/Alborache-50x50.jpg"},"gabfire":{"file":"Alborache-1024x678.jpg","width":1024,"height":678,"mime_type":"image\/jpeg","source_url":"https:\/\/www.tucomarca.com\/wordpress\/segunda\/wp-content\/uploads\/2018\/07\/Alborache-1024x678.jpg"},"full":{"file":"Alborache.jpg","width":3696,"height":2448,"mime_type":"image\/jpeg","source_url":"https:\/\/www.tucomarca.com\/wordpress\/segunda\/wp-content\/uploads\/2018\/07\/Alborache.jpg"}},"image_meta":{"aperture":"3.8","credit":"","camera":"NIKON D5100","caption":"","created_timestamp":"1522833256","copyright":"","focal_length":"21","iso":"3200","shutter_speed":"0.016666666666667","title":"","orientation":"1","keywords":[]}},"post":70776,"source_url":"https:\/\/www.tucomarca.com\/wordpress\/segunda\/wp-content\/uploads\/2018\/07\/Alborache.jpg","_links":{"self":[{"href":"https:\/\/www.tucomarca.com\/wordpress\/segunda\/wp-json\/wp\/v2\/media\/70777","targetHints":{"allow":["GET"]}}],"collection":[{"href":"https:\/\/www.tucomarca.com\/wordpress\/segunda\/wp-json\/wp\/v2\/media"}],"about":[{"href":"https:\/\/www.tucomarca.com\/wordpress\/segunda\/wp-json\/wp\/v2\/types\/attachment"}],"author":[{"embeddable":true,"href":"https:\/\/www.tucomarca.com\/wordpress\/segunda\/wp-json\/wp\/v2\/users\/1"}],"replies":[{"embeddable":true,"href":"https:\/\/www.tucomarca.com\/wordpress\/segunda\/wp-json\/wp\/v2\/comments?post=70777"}],"wp:attached-to":[{"embeddable":true,"post_type":"post","id":70776,"href":"https:\/\/www.tucomarca.com\/wordpress\/segunda\/wp-json\/wp\/v2\/posts\/70776"}],"curies":[{"name":"wp","href":"https:\/\/api.w.org\/{rel}","templated":true}]}}

<p class="attachment"><a href='https://www.tucomarca.com/wordpress/segunda/wp-content/uploads/2018/07/Alborache.jpg'><img loading="lazy" decoding="async" width="300" height="199" src="https://www.tucomarca.com/wordpress/segunda/wp-content/uploads/2018/07/Alborache-300x199.jpg" class="attachment-medium size-medium" alt="A raíz de detener a un varón por un presunto delito de malos tratos en el ámbito familiar, se comprueba que en la vivienda del presunto autor existe un laboratorio clandestino." srcset="https://www.tucomarca.com/wordpress/segunda/wp-content/uploads/2018/07/Alborache-300x199.jpg 300w, https://www.tucomarca.com/wordpress/segunda/wp-content/uploads/2018/07/Alborache-768x509.jpg 768w, https://www.tucomarca.com/wordpress/segunda/wp-content/uploads/2018/07/Alborache-1024x678.jpg 1024w" sizes="auto, (max-width: 300px) 100vw, 300px" /></a></p>
<p>A raíz de detener a un varón por un presunto delito de malos tratos en el ámbito familiar, se comprueba que en la vivienda del presunto autor existe un laboratorio clandestino.</p>

<div class="mh-excerpt">A raíz de detener a un varón por un presunto delito de malos tratos en el ámbito familiar, se comprueba que en la vivienda del presunto autor existe un laboratorio clandestino.</div>
<p> <a class="mh-excerpt-more" href="https://www.tucomarca.com/wordpress/segunda/la-guardia-civil-desmantela-un-laboratorio-clandestino-en-una-vivienda-de-la-localidad-de-alborache/alborache-3/" title="Alborache">[+] </a></p>

A raíz de detener a un varón por un presunto delito de malos tratos en el ámbito familiar, se comprueba que en la vivienda del presunto autor existe un laboratorio clandestino.
