{"id":71454,"date":"2018-07-30T18:08:34","date_gmt":"2018-07-30T16:08:34","guid":{"rendered":"http:\/\/www.tucomarca.com\/wordpress\/segunda\/wp-content\/uploads\/2018\/07\/01_10.jpg"},"modified":"2018-07-30T18:08:48","modified_gmt":"2018-07-30T16:08:48","slug":"01_10","status":"inherit","type":"attachment","link":"https:\/\/www.tucomarca.com\/wordpress\/segunda\/la-diputacio-inicia-los-trabajos-de-mejora-en-la-travesia-de-quesa\/01_10\/","title":{"rendered":"01_10"},"author":1,"featured_media":0,"comment_status":"open","ping_status":"closed","template":"","meta":[],"class_list":["post-71454","attachment","type-attachment","status-inherit"],"description":{"rendered":"<p class=\"attachment\"><a href='https:\/\/www.tucomarca.com\/wordpress\/segunda\/wp-content\/uploads\/2018\/07\/01_10.jpg'><img loading=\"lazy\" decoding=\"async\" width=\"300\" height=\"225\" src=\"https:\/\/www.tucomarca.com\/wordpress\/segunda\/wp-content\/uploads\/2018\/07\/01_10-300x225.jpg\" class=\"attachment-medium size-medium\" alt=\"Las obras permitir\u00e1n pacificar el tr\u00e1fico, ordenar la circulaci\u00f3n y estacionamiento de veh\u00edculos y mejorar el drenaje.\" srcset=\"https:\/\/www.tucomarca.com\/wordpress\/segunda\/wp-content\/uploads\/2018\/07\/01_10-300x225.jpg 300w, https:\/\/www.tucomarca.com\/wordpress\/segunda\/wp-content\/uploads\/2018\/07\/01_10-768x576.jpg 768w, https:\/\/www.tucomarca.com\/wordpress\/segunda\/wp-content\/uploads\/2018\/07\/01_10-1024x768.jpg 1024w, https:\/\/www.tucomarca.com\/wordpress\/segunda\/wp-content\/uploads\/2018\/07\/01_10.jpg 1200w\" sizes=\"auto, (max-width: 300px) 100vw, 300px\" \/><\/a><\/p>\n<p>Las obras permitir\u00e1n pacificar el tr\u00e1fico, ordenar la circulaci\u00f3n y estacionamiento de veh\u00edculos y mejorar el drenaje.<\/p>\n"},"caption":{"rendered":"<div class=\"mh-excerpt\">Las obras permitir\u00e1n pacificar el tr\u00e1fico, ordenar la circulaci\u00f3n y estacionamiento de veh\u00edculos y mejorar el drenaje.<\/div>\n<p> <a class=\"mh-excerpt-more\" href=\"https:\/\/www.tucomarca.com\/wordpress\/segunda\/la-diputacio-inicia-los-trabajos-de-mejora-en-la-travesia-de-quesa\/01_10\/\" title=\"01_10\">[+] <\/a><\/p>\n"},"alt_text":"Las obras permitir\u00e1n pacificar el tr\u00e1fico, ordenar la circulaci\u00f3n y estacionamiento de veh\u00edculos y mejorar el drenaje.","media_type":"image","mime_type":"image\/jpeg","media_details":{"width":1200,"height":900,"file":"2018\/07\/01_10.jpg","sizes":{"thumbnail":{"file":"01_10-290x290.jpg","width":290,"height":290,"mime_type":"image\/jpeg","source_url":"https:\/\/www.tucomarca.com\/wordpress\/segunda\/wp-content\/uploads\/2018\/07\/01_10-290x290.jpg"},"medium":{"file":"01_10-300x225.jpg","width":300,"height":225,"mime_type":"image\/jpeg","source_url":"https:\/\/www.tucomarca.com\/wordpress\/segunda\/wp-content\/uploads\/2018\/07\/01_10-300x225.jpg"},"medium_large":{"file":"01_10-768x576.jpg","width":768,"height":576,"mime_type":"image\/jpeg","source_url":"https:\/\/www.tucomarca.com\/wordpress\/segunda\/wp-content\/uploads\/2018\/07\/01_10-768x576.jpg"},"large":{"file":"01_10-1024x768.jpg","width":1024,"height":768,"mime_type":"image\/jpeg","source_url":"https:\/\/www.tucomarca.com\/wordpress\/segunda\/wp-content\/uploads\/2018\/07\/01_10-1024x768.jpg"},"rss-image":{"file":"01_10-300x225.jpg","width":300,"height":225,"mime_type":"image\/jpeg","source_url":"https:\/\/www.tucomarca.com\/wordpress\/segunda\/wp-content\/uploads\/2018\/07\/01_10-300x225.jpg"},"post-thumbnail":{"file":"01_10-50x50.jpg","width":50,"height":50,"mime_type":"image\/jpeg","source_url":"https:\/\/www.tucomarca.com\/wordpress\/segunda\/wp-content\/uploads\/2018\/07\/01_10-50x50.jpg"},"gabfire":{"file":"01_10-1024x768.jpg","width":1024,"height":768,"mime_type":"image\/jpeg","source_url":"https:\/\/www.tucomarca.com\/wordpress\/segunda\/wp-content\/uploads\/2018\/07\/01_10-1024x768.jpg"},"full":{"file":"01_10.jpg","width":1200,"height":900,"mime_type":"image\/jpeg","source_url":"https:\/\/www.tucomarca.com\/wordpress\/segunda\/wp-content\/uploads\/2018\/07\/01_10.jpg"}},"image_meta":{"aperture":"0","credit":"","camera":"","caption":"","created_timestamp":"0","copyright":"","focal_length":"0","iso":"0","shutter_speed":"0","title":"","orientation":"0","keywords":[]}},"post":71453,"source_url":"https:\/\/www.tucomarca.com\/wordpress\/segunda\/wp-content\/uploads\/2018\/07\/01_10.jpg","_links":{"self":[{"href":"https:\/\/www.tucomarca.com\/wordpress\/segunda\/wp-json\/wp\/v2\/media\/71454","targetHints":{"allow":["GET"]}}],"collection":[{"href":"https:\/\/www.tucomarca.com\/wordpress\/segunda\/wp-json\/wp\/v2\/media"}],"about":[{"href":"https:\/\/www.tucomarca.com\/wordpress\/segunda\/wp-json\/wp\/v2\/types\/attachment"}],"author":[{"embeddable":true,"href":"https:\/\/www.tucomarca.com\/wordpress\/segunda\/wp-json\/wp\/v2\/users\/1"}],"replies":[{"embeddable":true,"href":"https:\/\/www.tucomarca.com\/wordpress\/segunda\/wp-json\/wp\/v2\/comments?post=71454"}],"wp:attached-to":[{"embeddable":true,"post_type":"post","id":71453,"href":"https:\/\/www.tucomarca.com\/wordpress\/segunda\/wp-json\/wp\/v2\/posts\/71453"}],"curies":[{"name":"wp","href":"https:\/\/api.w.org\/{rel}","templated":true}]}}

<p class="attachment"><a href='https://www.tucomarca.com/wordpress/segunda/wp-content/uploads/2018/07/01_10.jpg'><img loading="lazy" decoding="async" width="300" height="225" src="https://www.tucomarca.com/wordpress/segunda/wp-content/uploads/2018/07/01_10-300x225.jpg" class="attachment-medium size-medium" alt="Las obras permitirán pacificar el tráfico, ordenar la circulación y estacionamiento de vehículos y mejorar el drenaje." srcset="https://www.tucomarca.com/wordpress/segunda/wp-content/uploads/2018/07/01_10-300x225.jpg 300w, https://www.tucomarca.com/wordpress/segunda/wp-content/uploads/2018/07/01_10-768x576.jpg 768w, https://www.tucomarca.com/wordpress/segunda/wp-content/uploads/2018/07/01_10-1024x768.jpg 1024w, https://www.tucomarca.com/wordpress/segunda/wp-content/uploads/2018/07/01_10.jpg 1200w" sizes="auto, (max-width: 300px) 100vw, 300px" /></a></p>
<p>Las obras permitirán pacificar el tráfico, ordenar la circulación y estacionamiento de vehículos y mejorar el drenaje.</p>

<div class="mh-excerpt">Las obras permitirán pacificar el tráfico, ordenar la circulación y estacionamiento de vehículos y mejorar el drenaje.</div>
<p> <a class="mh-excerpt-more" href="https://www.tucomarca.com/wordpress/segunda/la-diputacio-inicia-los-trabajos-de-mejora-en-la-travesia-de-quesa/01_10/" title="01_10">[+] </a></p>

Las obras permitirán pacificar el tráfico, ordenar la circulación y estacionamiento de vehículos y mejorar el drenaje.
