{"id":73224,"date":"2018-08-24T14:23:16","date_gmt":"2018-08-24T12:23:16","guid":{"rendered":"http:\/\/www.tucomarca.com\/wordpress\/segunda\/wp-content\/uploads\/2018\/08\/IMG_5681.jpg"},"modified":"2018-08-24T14:24:08","modified_gmt":"2018-08-24T12:24:08","slug":"img_5681","status":"inherit","type":"attachment","link":"https:\/\/www.tucomarca.com\/wordpress\/segunda\/ferevin-2018-abre-sus-puertas-oficialmente-en-requena\/img_5681\/","title":{"rendered":"IMG_5681"},"author":1,"featured_media":0,"comment_status":"open","ping_status":"closed","template":"","meta":[],"class_list":["post-73224","attachment","type-attachment","status-inherit"],"description":{"rendered":"<p class=\"attachment\"><a href='https:\/\/www.tucomarca.com\/wordpress\/segunda\/wp-content\/uploads\/2018\/08\/IMG_5681-e1535113433702.jpg'><img loading=\"lazy\" decoding=\"async\" width=\"300\" height=\"194\" src=\"https:\/\/www.tucomarca.com\/wordpress\/segunda\/wp-content\/uploads\/2018\/08\/IMG_5681-e1535113433702-300x194.jpg\" class=\"attachment-medium size-medium\" alt=\"La Feria Requenense del Vino expondr\u00e1 los mejores caldos de la comarca hasta el pr\u00f3ximo domingo 26 de agosto.La Feria Requenense del Vino expondr\u00e1 los mejores caldos de la comarca hasta el pr\u00f3ximo domingo 26 de agosto.\" srcset=\"https:\/\/www.tucomarca.com\/wordpress\/segunda\/wp-content\/uploads\/2018\/08\/IMG_5681-e1535113433702-300x194.jpg 300w, https:\/\/www.tucomarca.com\/wordpress\/segunda\/wp-content\/uploads\/2018\/08\/IMG_5681-e1535113433702.jpg 606w\" sizes=\"auto, (max-width: 300px) 100vw, 300px\" \/><\/a><\/p>\n<p>La Feria Requenense del Vino expondr\u00e1 los mejores caldos de la comarca hasta el pr\u00f3ximo domingo 26 de agosto.<\/p>\n"},"caption":{"rendered":"<div class=\"mh-excerpt\">La Feria Requenense del Vino expondr\u00e1 los mejores caldos de la comarca hasta el pr\u00f3ximo domingo 26 de agosto.<\/div>\n<p> <a class=\"mh-excerpt-more\" href=\"https:\/\/www.tucomarca.com\/wordpress\/segunda\/ferevin-2018-abre-sus-puertas-oficialmente-en-requena\/img_5681\/\" title=\"IMG_5681\">[+] <\/a><\/p>\n"},"alt_text":"La Feria Requenense del Vino expondr\u00e1 los mejores caldos de la comarca hasta el pr\u00f3ximo domingo 26 de agosto.La Feria Requenense del Vino expondr\u00e1 los mejores caldos de la comarca hasta el pr\u00f3ximo domingo 26 de agosto.","media_type":"image","mime_type":"image\/jpeg","media_details":{"width":606,"height":392,"file":"2018\/08\/IMG_5681-e1535113433702.jpg","sizes":{"thumbnail":{"file":"IMG_5681-e1535113433702-290x290.jpg","width":290,"height":290,"mime_type":"image\/jpeg","source_url":"https:\/\/www.tucomarca.com\/wordpress\/segunda\/wp-content\/uploads\/2018\/08\/IMG_5681-e1535113433702-290x290.jpg"},"medium":{"file":"IMG_5681-e1535113433702-300x194.jpg","width":300,"height":194,"mime_type":"image\/jpeg","source_url":"https:\/\/www.tucomarca.com\/wordpress\/segunda\/wp-content\/uploads\/2018\/08\/IMG_5681-e1535113433702-300x194.jpg"},"rss-image":{"file":"IMG_5681-e1535113433702-300x194.jpg","width":300,"height":194,"mime_type":"image\/jpeg","source_url":"https:\/\/www.tucomarca.com\/wordpress\/segunda\/wp-content\/uploads\/2018\/08\/IMG_5681-e1535113433702-300x194.jpg"},"post-thumbnail":{"file":"IMG_5681-e1535113433702-50x50.jpg","width":50,"height":50,"mime_type":"image\/jpeg","source_url":"https:\/\/www.tucomarca.com\/wordpress\/segunda\/wp-content\/uploads\/2018\/08\/IMG_5681-e1535113433702-50x50.jpg"},"full":{"file":"IMG_5681-e1535113433702.jpg","width":606,"height":392,"mime_type":"image\/jpeg","source_url":"https:\/\/www.tucomarca.com\/wordpress\/segunda\/wp-content\/uploads\/2018\/08\/IMG_5681-e1535113433702.jpg"}},"image_meta":{"aperture":"1.8","credit":"","camera":"iPhone 8","caption":"","created_timestamp":"1535032411","copyright":"","focal_length":"3.99","iso":"50","shutter_speed":"0.0083333333333333","title":"","orientation":"1","keywords":[]}},"post":73221,"source_url":"https:\/\/www.tucomarca.com\/wordpress\/segunda\/wp-content\/uploads\/2018\/08\/IMG_5681-e1535113433702.jpg","_links":{"self":[{"href":"https:\/\/www.tucomarca.com\/wordpress\/segunda\/wp-json\/wp\/v2\/media\/73224","targetHints":{"allow":["GET"]}}],"collection":[{"href":"https:\/\/www.tucomarca.com\/wordpress\/segunda\/wp-json\/wp\/v2\/media"}],"about":[{"href":"https:\/\/www.tucomarca.com\/wordpress\/segunda\/wp-json\/wp\/v2\/types\/attachment"}],"author":[{"embeddable":true,"href":"https:\/\/www.tucomarca.com\/wordpress\/segunda\/wp-json\/wp\/v2\/users\/1"}],"replies":[{"embeddable":true,"href":"https:\/\/www.tucomarca.com\/wordpress\/segunda\/wp-json\/wp\/v2\/comments?post=73224"}],"wp:attached-to":[{"embeddable":true,"post_type":"post","id":73221,"href":"https:\/\/www.tucomarca.com\/wordpress\/segunda\/wp-json\/wp\/v2\/posts\/73221"}],"curies":[{"name":"wp","href":"https:\/\/api.w.org\/{rel}","templated":true}]}}

<p class="attachment"><a href='https://www.tucomarca.com/wordpress/segunda/wp-content/uploads/2018/08/IMG_5681-e1535113433702.jpg'><img loading="lazy" decoding="async" width="300" height="194" src="https://www.tucomarca.com/wordpress/segunda/wp-content/uploads/2018/08/IMG_5681-e1535113433702-300x194.jpg" class="attachment-medium size-medium" alt="La Feria Requenense del Vino expondrá los mejores caldos de la comarca hasta el próximo domingo 26 de agosto.La Feria Requenense del Vino expondrá los mejores caldos de la comarca hasta el próximo domingo 26 de agosto." srcset="https://www.tucomarca.com/wordpress/segunda/wp-content/uploads/2018/08/IMG_5681-e1535113433702-300x194.jpg 300w, https://www.tucomarca.com/wordpress/segunda/wp-content/uploads/2018/08/IMG_5681-e1535113433702.jpg 606w" sizes="auto, (max-width: 300px) 100vw, 300px" /></a></p>
<p>La Feria Requenense del Vino expondrá los mejores caldos de la comarca hasta el próximo domingo 26 de agosto.</p>

<div class="mh-excerpt">La Feria Requenense del Vino expondrá los mejores caldos de la comarca hasta el próximo domingo 26 de agosto.</div>
<p> <a class="mh-excerpt-more" href="https://www.tucomarca.com/wordpress/segunda/ferevin-2018-abre-sus-puertas-oficialmente-en-requena/img_5681/" title="IMG_5681">[+] </a></p>

La Feria Requenense del Vino expondrá los mejores caldos de la comarca hasta el próximo domingo 26 de agosto.La Feria Requenense del Vino expondrá los mejores caldos de la comarca hasta el próximo domingo 26 de agosto.
