{"id":74149,"date":"2018-09-05T12:53:21","date_gmt":"2018-09-05T10:53:21","guid":{"rendered":"http:\/\/www.tucomarca.com\/wordpress\/segunda\/wp-content\/uploads\/2018\/09\/PORINFA.jpg"},"modified":"2018-09-05T12:54:09","modified_gmt":"2018-09-05T10:54:09","slug":"porinfa","status":"inherit","type":"attachment","link":"https:\/\/www.tucomarca.com\/wordpress\/segunda\/la-guardia-civil-detiene-a-una-persona-por-tenencia-de-pornografia-infantil-en-una-poblacion-de-la-ribera-alta\/porinfa\/","title":{"rendered":"PORINFA"},"author":1,"featured_media":0,"comment_status":"open","ping_status":"closed","template":"","meta":[],"class_list":["post-74149","attachment","type-attachment","status-inherit"],"description":{"rendered":"<p class=\"attachment\"><a href='https:\/\/www.tucomarca.com\/wordpress\/segunda\/wp-content\/uploads\/2018\/09\/PORINFA.jpg'><img loading=\"lazy\" decoding=\"async\" width=\"300\" height=\"225\" src=\"https:\/\/www.tucomarca.com\/wordpress\/segunda\/wp-content\/uploads\/2018\/09\/PORINFA-300x225.jpg\" class=\"attachment-medium size-medium\" alt=\"Se ha practicado un registro en la vivienda del detenido en Alzira donde se le han intervenido 2 ordenadores port\u00e1tiles y 2 tel\u00e9fonos m\u00f3viles.\" srcset=\"https:\/\/www.tucomarca.com\/wordpress\/segunda\/wp-content\/uploads\/2018\/09\/PORINFA-300x225.jpg 300w, https:\/\/www.tucomarca.com\/wordpress\/segunda\/wp-content\/uploads\/2018\/09\/PORINFA-768x576.jpg 768w, https:\/\/www.tucomarca.com\/wordpress\/segunda\/wp-content\/uploads\/2018\/09\/PORINFA.jpg 1024w\" sizes=\"auto, (max-width: 300px) 100vw, 300px\" \/><\/a><\/p>\n<p>Se ha practicado un registro en la vivienda del detenido en Alzira donde se le han intervenido 2 ordenadores port\u00e1tiles y 2 tel\u00e9fonos m\u00f3viles.<\/p>\n"},"caption":{"rendered":"<div class=\"mh-excerpt\">Se ha practicado un registro en la vivienda del detenido en Alzira donde se le han intervenido 2 ordenadores port\u00e1tiles y 2 tel\u00e9fonos m\u00f3viles.<\/div>\n<p> <a class=\"mh-excerpt-more\" href=\"https:\/\/www.tucomarca.com\/wordpress\/segunda\/la-guardia-civil-detiene-a-una-persona-por-tenencia-de-pornografia-infantil-en-una-poblacion-de-la-ribera-alta\/porinfa\/\" title=\"PORINFA\">[+] <\/a><\/p>\n"},"alt_text":"Se ha practicado un registro en la vivienda del detenido en Alzira donde se le han intervenido 2 ordenadores port\u00e1tiles y 2 tel\u00e9fonos m\u00f3viles.","media_type":"image","mime_type":"image\/jpeg","media_details":{"width":1024,"height":768,"file":"2018\/09\/PORINFA.jpg","sizes":{"thumbnail":{"file":"PORINFA-290x290.jpg","width":290,"height":290,"mime_type":"image\/jpeg","source_url":"https:\/\/www.tucomarca.com\/wordpress\/segunda\/wp-content\/uploads\/2018\/09\/PORINFA-290x290.jpg"},"medium":{"file":"PORINFA-300x225.jpg","width":300,"height":225,"mime_type":"image\/jpeg","source_url":"https:\/\/www.tucomarca.com\/wordpress\/segunda\/wp-content\/uploads\/2018\/09\/PORINFA-300x225.jpg"},"medium_large":{"file":"PORINFA-768x576.jpg","width":768,"height":576,"mime_type":"image\/jpeg","source_url":"https:\/\/www.tucomarca.com\/wordpress\/segunda\/wp-content\/uploads\/2018\/09\/PORINFA-768x576.jpg"},"large":{"file":"PORINFA-1024x768.jpg","width":1024,"height":768,"mime_type":"image\/jpeg","source_url":"https:\/\/www.tucomarca.com\/wordpress\/segunda\/wp-content\/uploads\/2018\/09\/PORINFA-1024x768.jpg"},"rss-image":{"file":"PORINFA-300x225.jpg","width":300,"height":225,"mime_type":"image\/jpeg","source_url":"https:\/\/www.tucomarca.com\/wordpress\/segunda\/wp-content\/uploads\/2018\/09\/PORINFA-300x225.jpg"},"post-thumbnail":{"file":"PORINFA-50x50.jpg","width":50,"height":50,"mime_type":"image\/jpeg","source_url":"https:\/\/www.tucomarca.com\/wordpress\/segunda\/wp-content\/uploads\/2018\/09\/PORINFA-50x50.jpg"},"gabfire":{"file":"PORINFA-1024x768.jpg","width":1024,"height":768,"mime_type":"image\/jpeg","source_url":"https:\/\/www.tucomarca.com\/wordpress\/segunda\/wp-content\/uploads\/2018\/09\/PORINFA-1024x768.jpg"},"full":{"file":"PORINFA.jpg","width":1024,"height":768,"mime_type":"image\/jpeg","source_url":"https:\/\/www.tucomarca.com\/wordpress\/segunda\/wp-content\/uploads\/2018\/09\/PORINFA.jpg"}},"image_meta":{"aperture":"3.3","credit":"","camera":"FinePix S9600","caption":"","created_timestamp":"1535717854","copyright":"","focal_length":"9.3","iso":"400","shutter_speed":"0.025","title":"","orientation":"0","keywords":[]}},"post":74148,"source_url":"https:\/\/www.tucomarca.com\/wordpress\/segunda\/wp-content\/uploads\/2018\/09\/PORINFA.jpg","_links":{"self":[{"href":"https:\/\/www.tucomarca.com\/wordpress\/segunda\/wp-json\/wp\/v2\/media\/74149","targetHints":{"allow":["GET"]}}],"collection":[{"href":"https:\/\/www.tucomarca.com\/wordpress\/segunda\/wp-json\/wp\/v2\/media"}],"about":[{"href":"https:\/\/www.tucomarca.com\/wordpress\/segunda\/wp-json\/wp\/v2\/types\/attachment"}],"author":[{"embeddable":true,"href":"https:\/\/www.tucomarca.com\/wordpress\/segunda\/wp-json\/wp\/v2\/users\/1"}],"replies":[{"embeddable":true,"href":"https:\/\/www.tucomarca.com\/wordpress\/segunda\/wp-json\/wp\/v2\/comments?post=74149"}],"wp:attached-to":[{"embeddable":true,"post_type":"post","id":74148,"href":"https:\/\/www.tucomarca.com\/wordpress\/segunda\/wp-json\/wp\/v2\/posts\/74148"}],"curies":[{"name":"wp","href":"https:\/\/api.w.org\/{rel}","templated":true}]}}

<p class="attachment"><a href='https://www.tucomarca.com/wordpress/segunda/wp-content/uploads/2018/09/PORINFA.jpg'><img loading="lazy" decoding="async" width="300" height="225" src="https://www.tucomarca.com/wordpress/segunda/wp-content/uploads/2018/09/PORINFA-300x225.jpg" class="attachment-medium size-medium" alt="Se ha practicado un registro en la vivienda del detenido en Alzira donde se le han intervenido 2 ordenadores portátiles y 2 teléfonos móviles." srcset="https://www.tucomarca.com/wordpress/segunda/wp-content/uploads/2018/09/PORINFA-300x225.jpg 300w, https://www.tucomarca.com/wordpress/segunda/wp-content/uploads/2018/09/PORINFA-768x576.jpg 768w, https://www.tucomarca.com/wordpress/segunda/wp-content/uploads/2018/09/PORINFA.jpg 1024w" sizes="auto, (max-width: 300px) 100vw, 300px" /></a></p>
<p>Se ha practicado un registro en la vivienda del detenido en Alzira donde se le han intervenido 2 ordenadores portátiles y 2 teléfonos móviles.</p>

<div class="mh-excerpt">Se ha practicado un registro en la vivienda del detenido en Alzira donde se le han intervenido 2 ordenadores portátiles y 2 teléfonos móviles.</div>
<p> <a class="mh-excerpt-more" href="https://www.tucomarca.com/wordpress/segunda/la-guardia-civil-detiene-a-una-persona-por-tenencia-de-pornografia-infantil-en-una-poblacion-de-la-ribera-alta/porinfa/" title="PORINFA">[+] </a></p>

Se ha practicado un registro en la vivienda del detenido en Alzira donde se le han intervenido 2 ordenadores portátiles y 2 teléfonos móviles.
