{"id":74159,"date":"2018-09-05T13:14:22","date_gmt":"2018-09-05T11:14:22","guid":{"rendered":"http:\/\/www.tucomarca.com\/wordpress\/segunda\/wp-content\/uploads\/2018\/09\/Vuelta-a-Valencia_Foto-MPazos-2.jpg"},"modified":"2018-09-05T13:14:36","modified_gmt":"2018-09-05T11:14:36","slug":"vuelta-a-valencia_foto-mpazos-2","status":"inherit","type":"attachment","link":"https:\/\/www.tucomarca.com\/wordpress\/segunda\/la-volta-a-valencia-trofeu-diputacio-se-consolida-con-su-octava-edicion\/vuelta-a-valencia_foto-mpazos-2\/","title":{"rendered":"Vuelta a Valencia_Foto MPazos (2)"},"author":1,"featured_media":0,"comment_status":"open","ping_status":"closed","template":"","meta":[],"class_list":["post-74159","attachment","type-attachment","status-inherit"],"description":{"rendered":"<p class=\"attachment\"><a href='https:\/\/www.tucomarca.com\/wordpress\/segunda\/wp-content\/uploads\/2018\/09\/Vuelta-a-Valencia_Foto-MPazos-2.jpg'><img loading=\"lazy\" decoding=\"async\" width=\"300\" height=\"201\" src=\"https:\/\/www.tucomarca.com\/wordpress\/segunda\/wp-content\/uploads\/2018\/09\/Vuelta-a-Valencia_Foto-MPazos-2-300x201.jpg\" class=\"attachment-medium size-medium\" alt=\"Esta edici\u00f3n contar\u00e1 con un total de 21 equipos en competici\u00f3n que correr\u00e1n durante cuatro d\u00edas por las calles de Val\u00e8ncia, Benag\u00e9ber, Aras de los Olmos, Riba-roja de T\u00faria, Ll\u00edria y Moncada.\" srcset=\"https:\/\/www.tucomarca.com\/wordpress\/segunda\/wp-content\/uploads\/2018\/09\/Vuelta-a-Valencia_Foto-MPazos-2-300x201.jpg 300w, https:\/\/www.tucomarca.com\/wordpress\/segunda\/wp-content\/uploads\/2018\/09\/Vuelta-a-Valencia_Foto-MPazos-2-768x514.jpg 768w, https:\/\/www.tucomarca.com\/wordpress\/segunda\/wp-content\/uploads\/2018\/09\/Vuelta-a-Valencia_Foto-MPazos-2-1024x685.jpg 1024w\" sizes=\"auto, (max-width: 300px) 100vw, 300px\" \/><\/a><\/p>\n<p>Esta edici\u00f3n contar\u00e1 con un total de 21 equipos en competici\u00f3n que correr\u00e1n durante cuatro d\u00edas por las calles de Val\u00e8ncia, Benag\u00e9ber, Aras de los Olmos, Riba-roja de T\u00faria, Ll\u00edria y Moncada.<\/p>\n"},"caption":{"rendered":"<div class=\"mh-excerpt\">Esta edici\u00f3n contar\u00e1 con un total de 21 equipos en competici\u00f3n que correr\u00e1n durante cuatro d\u00edas por las calles de Val\u00e8ncia, Benag\u00e9ber, Aras de los Olmos, Riba-roja de T\u00faria, Ll\u00edria y Moncada.<\/div>\n<p> <a class=\"mh-excerpt-more\" href=\"https:\/\/www.tucomarca.com\/wordpress\/segunda\/la-volta-a-valencia-trofeu-diputacio-se-consolida-con-su-octava-edicion\/vuelta-a-valencia_foto-mpazos-2\/\" title=\"Vuelta a Valencia_Foto MPazos (2)\">[+] <\/a><\/p>\n"},"alt_text":"Esta edici\u00f3n contar\u00e1 con un total de 21 equipos en competici\u00f3n que correr\u00e1n durante cuatro d\u00edas por las calles de Val\u00e8ncia, Benag\u00e9ber, Aras de los Olmos, Riba-roja de T\u00faria, Ll\u00edria y Moncada.","media_type":"image","mime_type":"image\/jpeg","media_details":{"width":3872,"height":2592,"file":"2018\/09\/Vuelta-a-Valencia_Foto-MPazos-2.jpg","sizes":{"thumbnail":{"file":"Vuelta-a-Valencia_Foto-MPazos-2-290x290.jpg","width":290,"height":290,"mime_type":"image\/jpeg","source_url":"https:\/\/www.tucomarca.com\/wordpress\/segunda\/wp-content\/uploads\/2018\/09\/Vuelta-a-Valencia_Foto-MPazos-2-290x290.jpg"},"medium":{"file":"Vuelta-a-Valencia_Foto-MPazos-2-300x201.jpg","width":300,"height":201,"mime_type":"image\/jpeg","source_url":"https:\/\/www.tucomarca.com\/wordpress\/segunda\/wp-content\/uploads\/2018\/09\/Vuelta-a-Valencia_Foto-MPazos-2-300x201.jpg"},"medium_large":{"file":"Vuelta-a-Valencia_Foto-MPazos-2-768x514.jpg","width":768,"height":514,"mime_type":"image\/jpeg","source_url":"https:\/\/www.tucomarca.com\/wordpress\/segunda\/wp-content\/uploads\/2018\/09\/Vuelta-a-Valencia_Foto-MPazos-2-768x514.jpg"},"large":{"file":"Vuelta-a-Valencia_Foto-MPazos-2-1024x685.jpg","width":1024,"height":685,"mime_type":"image\/jpeg","source_url":"https:\/\/www.tucomarca.com\/wordpress\/segunda\/wp-content\/uploads\/2018\/09\/Vuelta-a-Valencia_Foto-MPazos-2-1024x685.jpg"},"rss-image":{"file":"Vuelta-a-Valencia_Foto-MPazos-2-300x201.jpg","width":300,"height":201,"mime_type":"image\/jpeg","source_url":"https:\/\/www.tucomarca.com\/wordpress\/segunda\/wp-content\/uploads\/2018\/09\/Vuelta-a-Valencia_Foto-MPazos-2-300x201.jpg"},"post-thumbnail":{"file":"Vuelta-a-Valencia_Foto-MPazos-2-50x50.jpg","width":50,"height":50,"mime_type":"image\/jpeg","source_url":"https:\/\/www.tucomarca.com\/wordpress\/segunda\/wp-content\/uploads\/2018\/09\/Vuelta-a-Valencia_Foto-MPazos-2-50x50.jpg"},"gabfire":{"file":"Vuelta-a-Valencia_Foto-MPazos-2-1024x685.jpg","width":1024,"height":685,"mime_type":"image\/jpeg","source_url":"https:\/\/www.tucomarca.com\/wordpress\/segunda\/wp-content\/uploads\/2018\/09\/Vuelta-a-Valencia_Foto-MPazos-2-1024x685.jpg"},"full":{"file":"Vuelta-a-Valencia_Foto-MPazos-2.jpg","width":3872,"height":2592,"mime_type":"image\/jpeg","source_url":"https:\/\/www.tucomarca.com\/wordpress\/segunda\/wp-content\/uploads\/2018\/09\/Vuelta-a-Valencia_Foto-MPazos-2.jpg"}},"image_meta":{"aperture":"2.8","credit":"","camera":"NIKON D200","caption":"","created_timestamp":"1226393436","copyright":"","focal_length":"24","iso":"1250","shutter_speed":"0.02","title":"","orientation":"1","keywords":[]}},"post":74158,"source_url":"https:\/\/www.tucomarca.com\/wordpress\/segunda\/wp-content\/uploads\/2018\/09\/Vuelta-a-Valencia_Foto-MPazos-2.jpg","_links":{"self":[{"href":"https:\/\/www.tucomarca.com\/wordpress\/segunda\/wp-json\/wp\/v2\/media\/74159","targetHints":{"allow":["GET"]}}],"collection":[{"href":"https:\/\/www.tucomarca.com\/wordpress\/segunda\/wp-json\/wp\/v2\/media"}],"about":[{"href":"https:\/\/www.tucomarca.com\/wordpress\/segunda\/wp-json\/wp\/v2\/types\/attachment"}],"author":[{"embeddable":true,"href":"https:\/\/www.tucomarca.com\/wordpress\/segunda\/wp-json\/wp\/v2\/users\/1"}],"replies":[{"embeddable":true,"href":"https:\/\/www.tucomarca.com\/wordpress\/segunda\/wp-json\/wp\/v2\/comments?post=74159"}],"wp:attached-to":[{"embeddable":true,"post_type":"post","id":74158,"href":"https:\/\/www.tucomarca.com\/wordpress\/segunda\/wp-json\/wp\/v2\/posts\/74158"}],"curies":[{"name":"wp","href":"https:\/\/api.w.org\/{rel}","templated":true}]}}

<p class="attachment"><a href='https://www.tucomarca.com/wordpress/segunda/wp-content/uploads/2018/09/Vuelta-a-Valencia_Foto-MPazos-2.jpg'><img loading="lazy" decoding="async" width="300" height="201" src="https://www.tucomarca.com/wordpress/segunda/wp-content/uploads/2018/09/Vuelta-a-Valencia_Foto-MPazos-2-300x201.jpg" class="attachment-medium size-medium" alt="Esta edición contará con un total de 21 equipos en competición que correrán durante cuatro días por las calles de València, Benagéber, Aras de los Olmos, Riba-roja de Túria, Llíria y Moncada." srcset="https://www.tucomarca.com/wordpress/segunda/wp-content/uploads/2018/09/Vuelta-a-Valencia_Foto-MPazos-2-300x201.jpg 300w, https://www.tucomarca.com/wordpress/segunda/wp-content/uploads/2018/09/Vuelta-a-Valencia_Foto-MPazos-2-768x514.jpg 768w, https://www.tucomarca.com/wordpress/segunda/wp-content/uploads/2018/09/Vuelta-a-Valencia_Foto-MPazos-2-1024x685.jpg 1024w" sizes="auto, (max-width: 300px) 100vw, 300px" /></a></p>
<p>Esta edición contará con un total de 21 equipos en competición que correrán durante cuatro días por las calles de València, Benagéber, Aras de los Olmos, Riba-roja de Túria, Llíria y Moncada.</p>

<div class="mh-excerpt">Esta edición contará con un total de 21 equipos en competición que correrán durante cuatro días por las calles de València, Benagéber, Aras de los Olmos, Riba-roja de Túria, Llíria y Moncada.</div>
<p> <a class="mh-excerpt-more" href="https://www.tucomarca.com/wordpress/segunda/la-volta-a-valencia-trofeu-diputacio-se-consolida-con-su-octava-edicion/vuelta-a-valencia_foto-mpazos-2/" title="Vuelta a Valencia_Foto MPazos (2)">[+] </a></p>

Esta edición contará con un total de 21 equipos en competición que correrán durante cuatro días por las calles de València, Benagéber, Aras de los Olmos, Riba-roja de Túria, Llíria y Moncada.
