{"id":74362,"date":"2018-09-11T21:33:38","date_gmt":"2018-09-11T19:33:38","guid":{"rendered":"http:\/\/www.tucomarca.com\/wordpress\/segunda\/wp-content\/uploads\/2018\/09\/1_13.jpeg"},"modified":"2018-09-11T21:33:52","modified_gmt":"2018-09-11T19:33:52","slug":"1_13","status":"inherit","type":"attachment","link":"https:\/\/www.tucomarca.com\/wordpress\/segunda\/montserrat-renovara-todos-sus-parques-infantiles-para-hacerlos-mas-seguros\/1_13\/","title":{"rendered":"1_13"},"author":1,"featured_media":0,"comment_status":"open","ping_status":"closed","template":"","meta":[],"class_list":["post-74362","attachment","type-attachment","status-inherit"],"description":{"rendered":"<p class=\"attachment\"><a href='https:\/\/www.tucomarca.com\/wordpress\/segunda\/wp-content\/uploads\/2018\/09\/1_13.jpeg'><img loading=\"lazy\" decoding=\"async\" width=\"300\" height=\"169\" src=\"https:\/\/www.tucomarca.com\/wordpress\/segunda\/wp-content\/uploads\/2018\/09\/1_13-300x169.jpeg\" class=\"attachment-medium size-medium\" alt=\"El municipio de la Ribera Alta invertir\u00e1 los 103.000 euros del plan de Servicios y Obras (SOM) de la Diputaci\u00f3 de Val\u00e8ncia en la sustituci\u00f3n del mobiliario y la modernizaci\u00f3n de sus 6 parques infantiles.\" srcset=\"https:\/\/www.tucomarca.com\/wordpress\/segunda\/wp-content\/uploads\/2018\/09\/1_13-300x169.jpeg 300w, https:\/\/www.tucomarca.com\/wordpress\/segunda\/wp-content\/uploads\/2018\/09\/1_13-768x432.jpeg 768w, https:\/\/www.tucomarca.com\/wordpress\/segunda\/wp-content\/uploads\/2018\/09\/1_13-1024x576.jpeg 1024w, https:\/\/www.tucomarca.com\/wordpress\/segunda\/wp-content\/uploads\/2018\/09\/1_13.jpeg 1600w\" sizes=\"auto, (max-width: 300px) 100vw, 300px\" \/><\/a><\/p>\n<p>El municipio de la Ribera Alta invertir\u00e1 los 103.000 euros del plan de Servicios y Obras (SOM) de la Diputaci\u00f3 de Val\u00e8ncia en la sustituci\u00f3n del mobiliario y la modernizaci\u00f3n de sus 6 parques infantiles.<\/p>\n"},"caption":{"rendered":"<div class=\"mh-excerpt\">El municipio de la Ribera Alta invertir\u00e1 los 103.000 euros del plan de Servicios y Obras (SOM) de la Diputaci\u00f3 de Val\u00e8ncia en la sustituci\u00f3n del mobiliario y la modernizaci\u00f3n de sus 6 parques infantiles.<\/div>\n<p> <a class=\"mh-excerpt-more\" href=\"https:\/\/www.tucomarca.com\/wordpress\/segunda\/montserrat-renovara-todos-sus-parques-infantiles-para-hacerlos-mas-seguros\/1_13\/\" title=\"1_13\">[+] <\/a><\/p>\n"},"alt_text":"El municipio de la Ribera Alta invertir\u00e1 los 103.000 euros del plan de Servicios y Obras (SOM) de la Diputaci\u00f3 de Val\u00e8ncia en la sustituci\u00f3n del mobiliario y la modernizaci\u00f3n de sus 6 parques infantiles.","media_type":"image","mime_type":"image\/jpeg","media_details":{"width":1600,"height":900,"file":"2018\/09\/1_13.jpeg","sizes":{"thumbnail":{"file":"1_13-290x290.jpeg","width":290,"height":290,"mime_type":"image\/jpeg","source_url":"https:\/\/www.tucomarca.com\/wordpress\/segunda\/wp-content\/uploads\/2018\/09\/1_13-290x290.jpeg"},"medium":{"file":"1_13-300x169.jpeg","width":300,"height":169,"mime_type":"image\/jpeg","source_url":"https:\/\/www.tucomarca.com\/wordpress\/segunda\/wp-content\/uploads\/2018\/09\/1_13-300x169.jpeg"},"medium_large":{"file":"1_13-768x432.jpeg","width":768,"height":432,"mime_type":"image\/jpeg","source_url":"https:\/\/www.tucomarca.com\/wordpress\/segunda\/wp-content\/uploads\/2018\/09\/1_13-768x432.jpeg"},"large":{"file":"1_13-1024x576.jpeg","width":1024,"height":576,"mime_type":"image\/jpeg","source_url":"https:\/\/www.tucomarca.com\/wordpress\/segunda\/wp-content\/uploads\/2018\/09\/1_13-1024x576.jpeg"},"rss-image":{"file":"1_13-300x169.jpeg","width":300,"height":169,"mime_type":"image\/jpeg","source_url":"https:\/\/www.tucomarca.com\/wordpress\/segunda\/wp-content\/uploads\/2018\/09\/1_13-300x169.jpeg"},"post-thumbnail":{"file":"1_13-50x50.jpeg","width":50,"height":50,"mime_type":"image\/jpeg","source_url":"https:\/\/www.tucomarca.com\/wordpress\/segunda\/wp-content\/uploads\/2018\/09\/1_13-50x50.jpeg"},"gabfire":{"file":"1_13-1024x576.jpeg","width":1024,"height":576,"mime_type":"image\/jpeg","source_url":"https:\/\/www.tucomarca.com\/wordpress\/segunda\/wp-content\/uploads\/2018\/09\/1_13-1024x576.jpeg"},"full":{"file":"1_13.jpeg","width":1600,"height":900,"mime_type":"image\/jpeg","source_url":"https:\/\/www.tucomarca.com\/wordpress\/segunda\/wp-content\/uploads\/2018\/09\/1_13.jpeg"}},"image_meta":{"aperture":"0","credit":"","camera":"","caption":"","created_timestamp":"0","copyright":"","focal_length":"0","iso":"0","shutter_speed":"0","title":"","orientation":"0","keywords":[]}},"post":74361,"source_url":"https:\/\/www.tucomarca.com\/wordpress\/segunda\/wp-content\/uploads\/2018\/09\/1_13.jpeg","_links":{"self":[{"href":"https:\/\/www.tucomarca.com\/wordpress\/segunda\/wp-json\/wp\/v2\/media\/74362","targetHints":{"allow":["GET"]}}],"collection":[{"href":"https:\/\/www.tucomarca.com\/wordpress\/segunda\/wp-json\/wp\/v2\/media"}],"about":[{"href":"https:\/\/www.tucomarca.com\/wordpress\/segunda\/wp-json\/wp\/v2\/types\/attachment"}],"author":[{"embeddable":true,"href":"https:\/\/www.tucomarca.com\/wordpress\/segunda\/wp-json\/wp\/v2\/users\/1"}],"replies":[{"embeddable":true,"href":"https:\/\/www.tucomarca.com\/wordpress\/segunda\/wp-json\/wp\/v2\/comments?post=74362"}],"wp:attached-to":[{"embeddable":true,"post_type":"post","id":74361,"href":"https:\/\/www.tucomarca.com\/wordpress\/segunda\/wp-json\/wp\/v2\/posts\/74361"}],"curies":[{"name":"wp","href":"https:\/\/api.w.org\/{rel}","templated":true}]}}

<p class="attachment"><a href='https://www.tucomarca.com/wordpress/segunda/wp-content/uploads/2018/09/1_13.jpeg'><img loading="lazy" decoding="async" width="300" height="169" src="https://www.tucomarca.com/wordpress/segunda/wp-content/uploads/2018/09/1_13-300x169.jpeg" class="attachment-medium size-medium" alt="El municipio de la Ribera Alta invertirá los 103.000 euros del plan de Servicios y Obras (SOM) de la Diputació de València en la sustitución del mobiliario y la modernización de sus 6 parques infantiles." srcset="https://www.tucomarca.com/wordpress/segunda/wp-content/uploads/2018/09/1_13-300x169.jpeg 300w, https://www.tucomarca.com/wordpress/segunda/wp-content/uploads/2018/09/1_13-768x432.jpeg 768w, https://www.tucomarca.com/wordpress/segunda/wp-content/uploads/2018/09/1_13-1024x576.jpeg 1024w, https://www.tucomarca.com/wordpress/segunda/wp-content/uploads/2018/09/1_13.jpeg 1600w" sizes="auto, (max-width: 300px) 100vw, 300px" /></a></p>
<p>El municipio de la Ribera Alta invertirá los 103.000 euros del plan de Servicios y Obras (SOM) de la Diputació de València en la sustitución del mobiliario y la modernización de sus 6 parques infantiles.</p>

<div class="mh-excerpt">El municipio de la Ribera Alta invertirá los 103.000 euros del plan de Servicios y Obras (SOM) de la Diputació de València en la sustitución del mobiliario y la modernización de sus 6 parques infantiles.</div>
<p> <a class="mh-excerpt-more" href="https://www.tucomarca.com/wordpress/segunda/montserrat-renovara-todos-sus-parques-infantiles-para-hacerlos-mas-seguros/1_13/" title="1_13">[+] </a></p>

El municipio de la Ribera Alta invertirá los 103.000 euros del plan de Servicios y Obras (SOM) de la Diputació de València en la sustitución del mobiliario y la modernización de sus 6 parques infantiles.
