{"id":75124,"date":"2018-09-25T20:40:52","date_gmt":"2018-09-25T18:40:52","guid":{"rendered":"http:\/\/www.tucomarca.com\/wordpress\/segunda\/wp-content\/uploads\/2018\/09\/DespedidaJV11.jpg"},"modified":"2018-09-25T20:42:00","modified_gmt":"2018-09-25T18:42:00","slug":"despedidajv11","status":"inherit","type":"attachment","link":"https:\/\/www.tucomarca.com\/wordpress\/segunda\/fotogaleria-multitudinaria-despedida-de-jose-vicente-martinez-muedra-parroco-de-bunol-y-siete-aguas\/despedidajv11\/","title":{"rendered":"DespedidaJV11"},"author":2,"featured_media":0,"comment_status":"open","ping_status":"closed","template":"","meta":[],"class_list":["post-75124","attachment","type-attachment","status-inherit"],"description":{"rendered":"<p class=\"attachment\"><a href='https:\/\/www.tucomarca.com\/wordpress\/segunda\/wp-content\/uploads\/2018\/09\/DespedidaJV11.jpg'><img loading=\"lazy\" decoding=\"async\" width=\"300\" height=\"200\" src=\"https:\/\/www.tucomarca.com\/wordpress\/segunda\/wp-content\/uploads\/2018\/09\/DespedidaJV11-300x200.jpg\" class=\"attachment-medium size-medium\" alt=\"Jos\u00e9 Vicente Mart\u00ednez Muedra agradeci\u00f3 de coraz\u00f3n a todos esta emotiva despedida.\" srcset=\"https:\/\/www.tucomarca.com\/wordpress\/segunda\/wp-content\/uploads\/2018\/09\/DespedidaJV11-300x200.jpg 300w, https:\/\/www.tucomarca.com\/wordpress\/segunda\/wp-content\/uploads\/2018\/09\/DespedidaJV11-768x512.jpg 768w, https:\/\/www.tucomarca.com\/wordpress\/segunda\/wp-content\/uploads\/2018\/09\/DespedidaJV11.jpg 787w\" sizes=\"auto, (max-width: 300px) 100vw, 300px\" \/><\/a><\/p>\n<p>Jos\u00e9 Vicente Mart\u00ednez Muedra agradeci\u00f3 de coraz\u00f3n a todos esta emotiva despedida.<\/p>\n"},"caption":{"rendered":"<div class=\"mh-excerpt\">Jos\u00e9 Vicente Mart\u00ednez Muedra agradeci\u00f3 de coraz\u00f3n a todos esta emotiva despedida.<\/div>\n<p> <a class=\"mh-excerpt-more\" href=\"https:\/\/www.tucomarca.com\/wordpress\/segunda\/fotogaleria-multitudinaria-despedida-de-jose-vicente-martinez-muedra-parroco-de-bunol-y-siete-aguas\/despedidajv11\/\" title=\"DespedidaJV11\">[+] <\/a><\/p>\n"},"alt_text":"Jos\u00e9 Vicente Mart\u00ednez Muedra agradeci\u00f3 de coraz\u00f3n a todos esta emotiva despedida.","media_type":"image","mime_type":"image\/jpeg","media_details":{"width":787,"height":525,"file":"2018\/09\/DespedidaJV11.jpg","sizes":{"thumbnail":{"file":"DespedidaJV11-290x290.jpg","width":290,"height":290,"mime_type":"image\/jpeg","source_url":"https:\/\/www.tucomarca.com\/wordpress\/segunda\/wp-content\/uploads\/2018\/09\/DespedidaJV11-290x290.jpg"},"medium":{"file":"DespedidaJV11-300x200.jpg","width":300,"height":200,"mime_type":"image\/jpeg","source_url":"https:\/\/www.tucomarca.com\/wordpress\/segunda\/wp-content\/uploads\/2018\/09\/DespedidaJV11-300x200.jpg"},"medium_large":{"file":"DespedidaJV11-768x512.jpg","width":768,"height":512,"mime_type":"image\/jpeg","source_url":"https:\/\/www.tucomarca.com\/wordpress\/segunda\/wp-content\/uploads\/2018\/09\/DespedidaJV11-768x512.jpg"},"rss-image":{"file":"DespedidaJV11-300x200.jpg","width":300,"height":200,"mime_type":"image\/jpeg","source_url":"https:\/\/www.tucomarca.com\/wordpress\/segunda\/wp-content\/uploads\/2018\/09\/DespedidaJV11-300x200.jpg"},"post-thumbnail":{"file":"DespedidaJV11-50x50.jpg","width":50,"height":50,"mime_type":"image\/jpeg","source_url":"https:\/\/www.tucomarca.com\/wordpress\/segunda\/wp-content\/uploads\/2018\/09\/DespedidaJV11-50x50.jpg"},"full":{"file":"DespedidaJV11.jpg","width":787,"height":525,"mime_type":"image\/jpeg","source_url":"https:\/\/www.tucomarca.com\/wordpress\/segunda\/wp-content\/uploads\/2018\/09\/DespedidaJV11.jpg"}},"image_meta":{"aperture":"4.8","credit":"","camera":"NIKON D3100","caption":"","created_timestamp":"1537728249","copyright":"","focal_length":"55","iso":"1250","shutter_speed":"0.016666666666667","title":"","orientation":"1","keywords":[]}},"post":75122,"source_url":"https:\/\/www.tucomarca.com\/wordpress\/segunda\/wp-content\/uploads\/2018\/09\/DespedidaJV11.jpg","_links":{"self":[{"href":"https:\/\/www.tucomarca.com\/wordpress\/segunda\/wp-json\/wp\/v2\/media\/75124","targetHints":{"allow":["GET"]}}],"collection":[{"href":"https:\/\/www.tucomarca.com\/wordpress\/segunda\/wp-json\/wp\/v2\/media"}],"about":[{"href":"https:\/\/www.tucomarca.com\/wordpress\/segunda\/wp-json\/wp\/v2\/types\/attachment"}],"author":[{"embeddable":true,"href":"https:\/\/www.tucomarca.com\/wordpress\/segunda\/wp-json\/wp\/v2\/users\/2"}],"replies":[{"embeddable":true,"href":"https:\/\/www.tucomarca.com\/wordpress\/segunda\/wp-json\/wp\/v2\/comments?post=75124"}],"wp:attached-to":[{"embeddable":true,"post_type":"post","id":75122,"href":"https:\/\/www.tucomarca.com\/wordpress\/segunda\/wp-json\/wp\/v2\/posts\/75122"}],"curies":[{"name":"wp","href":"https:\/\/api.w.org\/{rel}","templated":true}]}}

<p class="attachment"><a href='https://www.tucomarca.com/wordpress/segunda/wp-content/uploads/2018/09/DespedidaJV11.jpg'><img loading="lazy" decoding="async" width="300" height="200" src="https://www.tucomarca.com/wordpress/segunda/wp-content/uploads/2018/09/DespedidaJV11-300x200.jpg" class="attachment-medium size-medium" alt="José Vicente Martínez Muedra agradeció de corazón a todos esta emotiva despedida." srcset="https://www.tucomarca.com/wordpress/segunda/wp-content/uploads/2018/09/DespedidaJV11-300x200.jpg 300w, https://www.tucomarca.com/wordpress/segunda/wp-content/uploads/2018/09/DespedidaJV11-768x512.jpg 768w, https://www.tucomarca.com/wordpress/segunda/wp-content/uploads/2018/09/DespedidaJV11.jpg 787w" sizes="auto, (max-width: 300px) 100vw, 300px" /></a></p>
<p>José Vicente Martínez Muedra agradeció de corazón a todos esta emotiva despedida.</p>

<div class="mh-excerpt">José Vicente Martínez Muedra agradeció de corazón a todos esta emotiva despedida.</div>
<p> <a class="mh-excerpt-more" href="https://www.tucomarca.com/wordpress/segunda/fotogaleria-multitudinaria-despedida-de-jose-vicente-martinez-muedra-parroco-de-bunol-y-siete-aguas/despedidajv11/" title="DespedidaJV11">[+] </a></p>

José Vicente Martínez Muedra agradeció de corazón a todos esta emotiva despedida.
