{"id":7524,"date":"2012-09-27T19:58:08","date_gmt":"2012-09-27T17:58:08","guid":{"rendered":"http:\/\/www.tucomarca.com\/wordpress\/segunda\/wp-content\/uploads\/2012\/09\/Redes-Haro.jpg"},"modified":"2012-09-27T19:58:08","modified_gmt":"2012-09-27T17:58:08","slug":"redes-haro","status":"inherit","type":"attachment","link":"https:\/\/www.tucomarca.com\/wordpress\/segunda\/mas-de-30-000-internautas-siguen-a-la-diputacion-desde-las-redes-sociales\/redes-haro\/","title":{"rendered":"Redes-Haro"},"author":1,"featured_media":0,"comment_status":"open","ping_status":"open","template":"","meta":[],"class_list":["post-7524","attachment","type-attachment","status-inherit"],"description":{"rendered":"<p class=\"attachment\"><a href='https:\/\/www.tucomarca.com\/wordpress\/segunda\/wp-content\/uploads\/2012\/09\/Redes-Haro-e1348768999506.jpg'><img loading=\"lazy\" decoding=\"async\" width=\"300\" height=\"145\" src=\"https:\/\/www.tucomarca.com\/wordpress\/segunda\/wp-content\/uploads\/2012\/09\/Redes-Haro-e1348768999506-300x145.jpg\" class=\"attachment-medium size-medium\" alt=\"El diputado de Modernizaci\u00f3n y alcalde de Chiva, Jos\u00e9 Manuel Haro, durante la presentaci\u00f3n.\" srcset=\"https:\/\/www.tucomarca.com\/wordpress\/segunda\/wp-content\/uploads\/2012\/09\/Redes-Haro-e1348768999506-300x145.jpg 300w, https:\/\/www.tucomarca.com\/wordpress\/segunda\/wp-content\/uploads\/2012\/09\/Redes-Haro-e1348768999506-1024x496.jpg 1024w\" sizes=\"auto, (max-width: 300px) 100vw, 300px\" \/><\/a><\/p>\n<p>El diputado de Modernizaci\u00f3n y alcalde de Chiva, Jos\u00e9 Manuel Haro, durante la presentaci\u00f3n.<\/p>\n"},"caption":{"rendered":"<div class=\"mh-excerpt\">El diputado de Modernizaci\u00f3n y alcalde de Chiva, Jos\u00e9 Manuel Haro, durante la presentaci\u00f3n.<\/div>\n<p> <a class=\"mh-excerpt-more\" href=\"https:\/\/www.tucomarca.com\/wordpress\/segunda\/mas-de-30-000-internautas-siguen-a-la-diputacion-desde-las-redes-sociales\/redes-haro\/\" title=\"Redes-Haro\">[+] <\/a><\/p>\n"},"alt_text":"El diputado de Modernizaci\u00f3n y alcalde de Chiva, Jos\u00e9 Manuel Haro, durante la presentaci\u00f3n.","media_type":"image","mime_type":"image\/jpeg","media_details":{"width":"2362","height":"1145","hwstring_small":"height='62' width='128'","file":"2012\/09\/Redes-Haro-e1348768999506.jpg","sizes":{"thumbnail":{"file":"Redes-Haro-e1348768999506-290x290.jpg","width":"290","height":"290","source_url":"https:\/\/www.tucomarca.com\/wordpress\/segunda\/wp-content\/uploads\/2012\/09\/Redes-Haro-e1348768999506-290x290.jpg"},"medium":{"file":"Redes-Haro-e1348768999506-300x145.jpg","width":"300","height":"145","source_url":"https:\/\/www.tucomarca.com\/wordpress\/segunda\/wp-content\/uploads\/2012\/09\/Redes-Haro-e1348768999506-300x145.jpg"},"large":{"file":"Redes-Haro-e1348768999506-1024x496.jpg","width":"1024","height":"496","source_url":"https:\/\/www.tucomarca.com\/wordpress\/segunda\/wp-content\/uploads\/2012\/09\/Redes-Haro-e1348768999506-1024x496.jpg"},"post-thumbnail":{"file":"Redes-Haro-50x50.jpg","width":"50","height":"50","source_url":"https:\/\/www.tucomarca.com\/wordpress\/segunda\/wp-content\/uploads\/2012\/09\/Redes-Haro-50x50.jpg"},"gabfire":{"file":"Redes-Haro-1024x665.jpg","width":"1024","height":"665","source_url":"https:\/\/www.tucomarca.com\/wordpress\/segunda\/wp-content\/uploads\/2012\/09\/Redes-Haro-1024x665.jpg"},"full":{"file":"Redes-Haro-e1348768999506.jpg","width":2362,"height":1145,"mime_type":"image\/jpeg","source_url":"https:\/\/www.tucomarca.com\/wordpress\/segunda\/wp-content\/uploads\/2012\/09\/Redes-Haro-e1348768999506.jpg"}},"image_meta":{"aperture":"3.2","credit":"Raquel Abulaila","camera":"NIKON D3","caption":"","created_timestamp":"1348762864","copyright":"Raquel Abulaila","focal_length":"24","iso":"2000","shutter_speed":"0.025","title":""}},"post":7523,"source_url":"https:\/\/www.tucomarca.com\/wordpress\/segunda\/wp-content\/uploads\/2012\/09\/Redes-Haro-e1348768999506.jpg","_links":{"self":[{"href":"https:\/\/www.tucomarca.com\/wordpress\/segunda\/wp-json\/wp\/v2\/media\/7524","targetHints":{"allow":["GET"]}}],"collection":[{"href":"https:\/\/www.tucomarca.com\/wordpress\/segunda\/wp-json\/wp\/v2\/media"}],"about":[{"href":"https:\/\/www.tucomarca.com\/wordpress\/segunda\/wp-json\/wp\/v2\/types\/attachment"}],"author":[{"embeddable":true,"href":"https:\/\/www.tucomarca.com\/wordpress\/segunda\/wp-json\/wp\/v2\/users\/1"}],"replies":[{"embeddable":true,"href":"https:\/\/www.tucomarca.com\/wordpress\/segunda\/wp-json\/wp\/v2\/comments?post=7524"}],"wp:attached-to":[{"embeddable":true,"post_type":"post","id":7523,"href":"https:\/\/www.tucomarca.com\/wordpress\/segunda\/wp-json\/wp\/v2\/posts\/7523"}],"curies":[{"name":"wp","href":"https:\/\/api.w.org\/{rel}","templated":true}]}}

<p class="attachment"><a href='https://www.tucomarca.com/wordpress/segunda/wp-content/uploads/2012/09/Redes-Haro-e1348768999506.jpg'><img loading="lazy" decoding="async" width="300" height="145" src="https://www.tucomarca.com/wordpress/segunda/wp-content/uploads/2012/09/Redes-Haro-e1348768999506-300x145.jpg" class="attachment-medium size-medium" alt="El diputado de Modernización y alcalde de Chiva, José Manuel Haro, durante la presentación." srcset="https://www.tucomarca.com/wordpress/segunda/wp-content/uploads/2012/09/Redes-Haro-e1348768999506-300x145.jpg 300w, https://www.tucomarca.com/wordpress/segunda/wp-content/uploads/2012/09/Redes-Haro-e1348768999506-1024x496.jpg 1024w" sizes="auto, (max-width: 300px) 100vw, 300px" /></a></p>
<p>El diputado de Modernización y alcalde de Chiva, José Manuel Haro, durante la presentación.</p>

<div class="mh-excerpt">El diputado de Modernización y alcalde de Chiva, José Manuel Haro, durante la presentación.</div>
<p> <a class="mh-excerpt-more" href="https://www.tucomarca.com/wordpress/segunda/mas-de-30-000-internautas-siguen-a-la-diputacion-desde-las-redes-sociales/redes-haro/" title="Redes-Haro">[+] </a></p>

El diputado de Modernización y alcalde de Chiva, José Manuel Haro, durante la presentación.
