{"id":75243,"date":"2018-09-26T23:39:15","date_gmt":"2018-09-26T21:39:15","guid":{"rendered":"http:\/\/www.tucomarca.com\/wordpress\/segunda\/wp-content\/uploads\/2018\/09\/Festival-de-Lenguas-del-Mundo7.jpg"},"modified":"2018-09-26T23:39:59","modified_gmt":"2018-09-26T21:39:59","slug":"festival-de-lenguas-del-mundo7","status":"inherit","type":"attachment","link":"https:\/\/www.tucomarca.com\/wordpress\/segunda\/cheste-acoge-el-i-festival-de-lenguas-del-mundo\/festival-de-lenguas-del-mundo7\/","title":{"rendered":"Festival de Lenguas del Mundo7"},"author":1,"featured_media":0,"comment_status":"open","ping_status":"closed","template":"","meta":[],"class_list":["post-75243","attachment","type-attachment","status-inherit"],"description":{"rendered":"<p class=\"attachment\"><a href='https:\/\/www.tucomarca.com\/wordpress\/segunda\/wp-content\/uploads\/2018\/09\/Festival-de-Lenguas-del-Mundo7.jpg'><img loading=\"lazy\" decoding=\"async\" width=\"300\" height=\"200\" src=\"https:\/\/www.tucomarca.com\/wordpress\/segunda\/wp-content\/uploads\/2018\/09\/Festival-de-Lenguas-del-Mundo7-300x200.jpg\" class=\"attachment-medium size-medium\" alt=\"El pasado s\u00e1bado, 22 de septiembre, las aulas del Centro de Formaci\u00f3n de Personas Adultas se llenaron con motivo de la celebraci\u00f3n del I Festival de Lenguas del Mundo, una iniciativa del esperantista y pol\u00edglota reconocido internacionalmente, Dennis Keefe, que puso en marcha la asociaci\u00f3n de esperantistas de Cheste, Lum Radio, con la colaboraci\u00f3n de la concejal\u00eda de Educaci\u00f3n.\" srcset=\"https:\/\/www.tucomarca.com\/wordpress\/segunda\/wp-content\/uploads\/2018\/09\/Festival-de-Lenguas-del-Mundo7-300x200.jpg 300w, https:\/\/www.tucomarca.com\/wordpress\/segunda\/wp-content\/uploads\/2018\/09\/Festival-de-Lenguas-del-Mundo7-768x512.jpg 768w, https:\/\/www.tucomarca.com\/wordpress\/segunda\/wp-content\/uploads\/2018\/09\/Festival-de-Lenguas-del-Mundo7-1024x683.jpg 1024w\" sizes=\"auto, (max-width: 300px) 100vw, 300px\" \/><\/a><\/p>\n<p>El pasado s\u00e1bado, 22 de septiembre, las aulas del Centro de Formaci\u00f3n de Personas Adultas se llenaron con motivo de la celebraci\u00f3n del I Festival de Lenguas del Mundo, una iniciativa del esperantista y pol\u00edglota reconocido internacionalmente, Dennis Keefe, que puso en marcha la asociaci\u00f3n de esperantistas de Cheste, Lum Radio, con la colaboraci\u00f3n de la concejal\u00eda de Educaci\u00f3n.<\/p>\n"},"caption":{"rendered":"<div class=\"mh-excerpt\">El pasado s\u00e1bado, 22 de septiembre, las aulas del Centro de Formaci\u00f3n de Personas Adultas se llenaron con motivo de la celebraci\u00f3n del I Festival de Lenguas del Mundo, una iniciativa del esperantista y pol\u00edglota reconocido internacionalmente, Dennis Keefe, que puso en marcha la asociaci\u00f3n de esperantistas de Cheste, Lum Radio, con la colaboraci\u00f3n de la concejal\u00eda de Educaci\u00f3n.<\/div>\n<p> <a class=\"mh-excerpt-more\" href=\"https:\/\/www.tucomarca.com\/wordpress\/segunda\/cheste-acoge-el-i-festival-de-lenguas-del-mundo\/festival-de-lenguas-del-mundo7\/\" title=\"Festival de Lenguas del Mundo7\">[+] <\/a><\/p>\n"},"alt_text":"El pasado s\u00e1bado, 22 de septiembre, las aulas del Centro de Formaci\u00f3n de Personas Adultas se llenaron con motivo de la celebraci\u00f3n del I Festival de Lenguas del Mundo, una iniciativa del esperantista y pol\u00edglota reconocido internacionalmente, Dennis Keefe, que puso en marcha la asociaci\u00f3n de esperantistas de Cheste, Lum Radio, con la colaboraci\u00f3n de la concejal\u00eda de Educaci\u00f3n.","media_type":"image","mime_type":"image\/jpeg","media_details":{"width":5472,"height":3648,"file":"2018\/09\/Festival-de-Lenguas-del-Mundo7.jpg","sizes":{"thumbnail":{"file":"Festival-de-Lenguas-del-Mundo7-290x290.jpg","width":290,"height":290,"mime_type":"image\/jpeg","source_url":"https:\/\/www.tucomarca.com\/wordpress\/segunda\/wp-content\/uploads\/2018\/09\/Festival-de-Lenguas-del-Mundo7-290x290.jpg"},"medium":{"file":"Festival-de-Lenguas-del-Mundo7-300x200.jpg","width":300,"height":200,"mime_type":"image\/jpeg","source_url":"https:\/\/www.tucomarca.com\/wordpress\/segunda\/wp-content\/uploads\/2018\/09\/Festival-de-Lenguas-del-Mundo7-300x200.jpg"},"medium_large":{"file":"Festival-de-Lenguas-del-Mundo7-768x512.jpg","width":768,"height":512,"mime_type":"image\/jpeg","source_url":"https:\/\/www.tucomarca.com\/wordpress\/segunda\/wp-content\/uploads\/2018\/09\/Festival-de-Lenguas-del-Mundo7-768x512.jpg"},"large":{"file":"Festival-de-Lenguas-del-Mundo7-1024x683.jpg","width":1024,"height":683,"mime_type":"image\/jpeg","source_url":"https:\/\/www.tucomarca.com\/wordpress\/segunda\/wp-content\/uploads\/2018\/09\/Festival-de-Lenguas-del-Mundo7-1024x683.jpg"},"rss-image":{"file":"Festival-de-Lenguas-del-Mundo7-300x200.jpg","width":300,"height":200,"mime_type":"image\/jpeg","source_url":"https:\/\/www.tucomarca.com\/wordpress\/segunda\/wp-content\/uploads\/2018\/09\/Festival-de-Lenguas-del-Mundo7-300x200.jpg"},"post-thumbnail":{"file":"Festival-de-Lenguas-del-Mundo7-50x50.jpg","width":50,"height":50,"mime_type":"image\/jpeg","source_url":"https:\/\/www.tucomarca.com\/wordpress\/segunda\/wp-content\/uploads\/2018\/09\/Festival-de-Lenguas-del-Mundo7-50x50.jpg"},"gabfire":{"file":"Festival-de-Lenguas-del-Mundo7-1024x683.jpg","width":1024,"height":683,"mime_type":"image\/jpeg","source_url":"https:\/\/www.tucomarca.com\/wordpress\/segunda\/wp-content\/uploads\/2018\/09\/Festival-de-Lenguas-del-Mundo7-1024x683.jpg"},"full":{"file":"Festival-de-Lenguas-del-Mundo7.jpg","width":5472,"height":3648,"mime_type":"image\/jpeg","source_url":"https:\/\/www.tucomarca.com\/wordpress\/segunda\/wp-content\/uploads\/2018\/09\/Festival-de-Lenguas-del-Mundo7.jpg"}},"image_meta":{"aperture":"2.5","credit":"","camera":"Canon EOS 6D","caption":"","created_timestamp":"1537619122","copyright":"","focal_length":"50","iso":"100","shutter_speed":"0.01","title":"","orientation":"1","keywords":[]}},"post":75242,"source_url":"https:\/\/www.tucomarca.com\/wordpress\/segunda\/wp-content\/uploads\/2018\/09\/Festival-de-Lenguas-del-Mundo7.jpg","_links":{"self":[{"href":"https:\/\/www.tucomarca.com\/wordpress\/segunda\/wp-json\/wp\/v2\/media\/75243","targetHints":{"allow":["GET"]}}],"collection":[{"href":"https:\/\/www.tucomarca.com\/wordpress\/segunda\/wp-json\/wp\/v2\/media"}],"about":[{"href":"https:\/\/www.tucomarca.com\/wordpress\/segunda\/wp-json\/wp\/v2\/types\/attachment"}],"author":[{"embeddable":true,"href":"https:\/\/www.tucomarca.com\/wordpress\/segunda\/wp-json\/wp\/v2\/users\/1"}],"replies":[{"embeddable":true,"href":"https:\/\/www.tucomarca.com\/wordpress\/segunda\/wp-json\/wp\/v2\/comments?post=75243"}],"wp:attached-to":[{"embeddable":true,"post_type":"post","id":75242,"href":"https:\/\/www.tucomarca.com\/wordpress\/segunda\/wp-json\/wp\/v2\/posts\/75242"}],"curies":[{"name":"wp","href":"https:\/\/api.w.org\/{rel}","templated":true}]}}

<p class="attachment"><a href='https://www.tucomarca.com/wordpress/segunda/wp-content/uploads/2018/09/Festival-de-Lenguas-del-Mundo7.jpg'><img loading="lazy" decoding="async" width="300" height="200" src="https://www.tucomarca.com/wordpress/segunda/wp-content/uploads/2018/09/Festival-de-Lenguas-del-Mundo7-300x200.jpg" class="attachment-medium size-medium" alt="El pasado sábado, 22 de septiembre, las aulas del Centro de Formación de Personas Adultas se llenaron con motivo de la celebración del I Festival de Lenguas del Mundo, una iniciativa del esperantista y políglota reconocido internacionalmente, Dennis Keefe, que puso en marcha la asociación de esperantistas de Cheste, Lum Radio, con la colaboración de la concejalía de Educación." srcset="https://www.tucomarca.com/wordpress/segunda/wp-content/uploads/2018/09/Festival-de-Lenguas-del-Mundo7-300x200.jpg 300w, https://www.tucomarca.com/wordpress/segunda/wp-content/uploads/2018/09/Festival-de-Lenguas-del-Mundo7-768x512.jpg 768w, https://www.tucomarca.com/wordpress/segunda/wp-content/uploads/2018/09/Festival-de-Lenguas-del-Mundo7-1024x683.jpg 1024w" sizes="auto, (max-width: 300px) 100vw, 300px" /></a></p>
<p>El pasado sábado, 22 de septiembre, las aulas del Centro de Formación de Personas Adultas se llenaron con motivo de la celebración del I Festival de Lenguas del Mundo, una iniciativa del esperantista y políglota reconocido internacionalmente, Dennis Keefe, que puso en marcha la asociación de esperantistas de Cheste, Lum Radio, con la colaboración de la concejalía de Educación.</p>

<div class="mh-excerpt">El pasado sábado, 22 de septiembre, las aulas del Centro de Formación de Personas Adultas se llenaron con motivo de la celebración del I Festival de Lenguas del Mundo, una iniciativa del esperantista y políglota reconocido internacionalmente, Dennis Keefe, que puso en marcha la asociación de esperantistas de Cheste, Lum Radio, con la colaboración de la concejalía de Educación.</div>
<p> <a class="mh-excerpt-more" href="https://www.tucomarca.com/wordpress/segunda/cheste-acoge-el-i-festival-de-lenguas-del-mundo/festival-de-lenguas-del-mundo7/" title="Festival de Lenguas del Mundo7">[+] </a></p>

El pasado sábado, 22 de septiembre, las aulas del Centro de Formación de Personas Adultas se llenaron con motivo de la celebración del I Festival de Lenguas del Mundo, una iniciativa del esperantista y políglota reconocido internacionalmente, Dennis Keefe, que puso en marcha la asociación de esperantistas de Cheste, Lum Radio, con la colaboración de la concejalía de Educación.
