{"id":75340,"date":"2018-10-02T12:11:00","date_gmt":"2018-10-02T10:11:00","guid":{"rendered":"http:\/\/www.tucomarca.com\/wordpress\/segunda\/wp-content\/uploads\/2018\/10\/UMSCVillar.jpg"},"modified":"2018-10-02T12:11:44","modified_gmt":"2018-10-02T10:11:44","slug":"umscvillar","status":"inherit","type":"attachment","link":"https:\/\/www.tucomarca.com\/wordpress\/segunda\/la-banda-de-la-union-musical-santa-cecilia-de-villar-ofrecera-un-concierto-en-portugal-el-proximo-7-de-octubre\/umscvillar\/","title":{"rendered":"UMSCVillar"},"author":1,"featured_media":0,"comment_status":"open","ping_status":"closed","template":"","meta":[],"class_list":["post-75340","attachment","type-attachment","status-inherit"],"description":{"rendered":"<p class=\"attachment\"><a href='https:\/\/www.tucomarca.com\/wordpress\/segunda\/wp-content\/uploads\/2018\/10\/UMSCVillar.jpg'><img loading=\"lazy\" decoding=\"async\" width=\"300\" height=\"225\" src=\"https:\/\/www.tucomarca.com\/wordpress\/segunda\/wp-content\/uploads\/2018\/10\/UMSCVillar-300x225.jpg\" class=\"attachment-medium size-medium\" alt=\"Bajo la direcci\u00f3n de su titular, Luis Serrano Alarc\u00f3n, interpretar\u00e1 obras de Ruperto Chap\u00ed, Miguel Asins Arb\u00f3 y Adam Gorb, as\u00ed como del propio director.\" srcset=\"https:\/\/www.tucomarca.com\/wordpress\/segunda\/wp-content\/uploads\/2018\/10\/UMSCVillar-300x225.jpg 300w, https:\/\/www.tucomarca.com\/wordpress\/segunda\/wp-content\/uploads\/2018\/10\/UMSCVillar-768x576.jpg 768w, https:\/\/www.tucomarca.com\/wordpress\/segunda\/wp-content\/uploads\/2018\/10\/UMSCVillar-1024x768.jpg 1024w, https:\/\/www.tucomarca.com\/wordpress\/segunda\/wp-content\/uploads\/2018\/10\/UMSCVillar.jpg 1600w\" sizes=\"auto, (max-width: 300px) 100vw, 300px\" \/><\/a><\/p>\n<p>Bajo la direcci\u00f3n de su titular, Luis Serrano Alarc\u00f3n, interpretar\u00e1 obras de Ruperto Chap\u00ed, Miguel Asins Arb\u00f3 y Adam Gorb, as\u00ed como del propio director.<\/p>\n"},"caption":{"rendered":"<div class=\"mh-excerpt\">Bajo la direcci\u00f3n de su titular, Luis Serrano Alarc\u00f3n, interpretar\u00e1 obras de Ruperto Chap\u00ed, Miguel Asins Arb\u00f3 y Adam Gorb, as\u00ed como del propio director.<\/div>\n<p> <a class=\"mh-excerpt-more\" href=\"https:\/\/www.tucomarca.com\/wordpress\/segunda\/la-banda-de-la-union-musical-santa-cecilia-de-villar-ofrecera-un-concierto-en-portugal-el-proximo-7-de-octubre\/umscvillar\/\" title=\"UMSCVillar\">[+] <\/a><\/p>\n"},"alt_text":"Bajo la direcci\u00f3n de su titular, Luis Serrano Alarc\u00f3n, interpretar\u00e1 obras de Ruperto Chap\u00ed, Miguel Asins Arb\u00f3 y Adam Gorb, as\u00ed como del propio director.","media_type":"image","mime_type":"image\/jpeg","media_details":{"width":1600,"height":1200,"file":"2018\/10\/UMSCVillar.jpg","sizes":{"thumbnail":{"file":"UMSCVillar-290x290.jpg","width":290,"height":290,"mime_type":"image\/jpeg","source_url":"https:\/\/www.tucomarca.com\/wordpress\/segunda\/wp-content\/uploads\/2018\/10\/UMSCVillar-290x290.jpg"},"medium":{"file":"UMSCVillar-300x225.jpg","width":300,"height":225,"mime_type":"image\/jpeg","source_url":"https:\/\/www.tucomarca.com\/wordpress\/segunda\/wp-content\/uploads\/2018\/10\/UMSCVillar-300x225.jpg"},"medium_large":{"file":"UMSCVillar-768x576.jpg","width":768,"height":576,"mime_type":"image\/jpeg","source_url":"https:\/\/www.tucomarca.com\/wordpress\/segunda\/wp-content\/uploads\/2018\/10\/UMSCVillar-768x576.jpg"},"large":{"file":"UMSCVillar-1024x768.jpg","width":1024,"height":768,"mime_type":"image\/jpeg","source_url":"https:\/\/www.tucomarca.com\/wordpress\/segunda\/wp-content\/uploads\/2018\/10\/UMSCVillar-1024x768.jpg"},"rss-image":{"file":"UMSCVillar-300x225.jpg","width":300,"height":225,"mime_type":"image\/jpeg","source_url":"https:\/\/www.tucomarca.com\/wordpress\/segunda\/wp-content\/uploads\/2018\/10\/UMSCVillar-300x225.jpg"},"post-thumbnail":{"file":"UMSCVillar-50x50.jpg","width":50,"height":50,"mime_type":"image\/jpeg","source_url":"https:\/\/www.tucomarca.com\/wordpress\/segunda\/wp-content\/uploads\/2018\/10\/UMSCVillar-50x50.jpg"},"gabfire":{"file":"UMSCVillar-1024x768.jpg","width":1024,"height":768,"mime_type":"image\/jpeg","source_url":"https:\/\/www.tucomarca.com\/wordpress\/segunda\/wp-content\/uploads\/2018\/10\/UMSCVillar-1024x768.jpg"},"full":{"file":"UMSCVillar.jpg","width":1600,"height":1200,"mime_type":"image\/jpeg","source_url":"https:\/\/www.tucomarca.com\/wordpress\/segunda\/wp-content\/uploads\/2018\/10\/UMSCVillar.jpg"}},"image_meta":{"aperture":"0","credit":"","camera":"","caption":"","created_timestamp":"0","copyright":"","focal_length":"0","iso":"0","shutter_speed":"0","title":"","orientation":"0","keywords":[]}},"post":75338,"source_url":"https:\/\/www.tucomarca.com\/wordpress\/segunda\/wp-content\/uploads\/2018\/10\/UMSCVillar.jpg","_links":{"self":[{"href":"https:\/\/www.tucomarca.com\/wordpress\/segunda\/wp-json\/wp\/v2\/media\/75340","targetHints":{"allow":["GET"]}}],"collection":[{"href":"https:\/\/www.tucomarca.com\/wordpress\/segunda\/wp-json\/wp\/v2\/media"}],"about":[{"href":"https:\/\/www.tucomarca.com\/wordpress\/segunda\/wp-json\/wp\/v2\/types\/attachment"}],"author":[{"embeddable":true,"href":"https:\/\/www.tucomarca.com\/wordpress\/segunda\/wp-json\/wp\/v2\/users\/1"}],"replies":[{"embeddable":true,"href":"https:\/\/www.tucomarca.com\/wordpress\/segunda\/wp-json\/wp\/v2\/comments?post=75340"}],"wp:attached-to":[{"embeddable":true,"post_type":"post","id":75338,"href":"https:\/\/www.tucomarca.com\/wordpress\/segunda\/wp-json\/wp\/v2\/posts\/75338"}],"curies":[{"name":"wp","href":"https:\/\/api.w.org\/{rel}","templated":true}]}}

<p class="attachment"><a href='https://www.tucomarca.com/wordpress/segunda/wp-content/uploads/2018/10/UMSCVillar.jpg'><img loading="lazy" decoding="async" width="300" height="225" src="https://www.tucomarca.com/wordpress/segunda/wp-content/uploads/2018/10/UMSCVillar-300x225.jpg" class="attachment-medium size-medium" alt="Bajo la dirección de su titular, Luis Serrano Alarcón, interpretará obras de Ruperto Chapí, Miguel Asins Arbó y Adam Gorb, así como del propio director." srcset="https://www.tucomarca.com/wordpress/segunda/wp-content/uploads/2018/10/UMSCVillar-300x225.jpg 300w, https://www.tucomarca.com/wordpress/segunda/wp-content/uploads/2018/10/UMSCVillar-768x576.jpg 768w, https://www.tucomarca.com/wordpress/segunda/wp-content/uploads/2018/10/UMSCVillar-1024x768.jpg 1024w, https://www.tucomarca.com/wordpress/segunda/wp-content/uploads/2018/10/UMSCVillar.jpg 1600w" sizes="auto, (max-width: 300px) 100vw, 300px" /></a></p>
<p>Bajo la dirección de su titular, Luis Serrano Alarcón, interpretará obras de Ruperto Chapí, Miguel Asins Arbó y Adam Gorb, así como del propio director.</p>

<div class="mh-excerpt">Bajo la dirección de su titular, Luis Serrano Alarcón, interpretará obras de Ruperto Chapí, Miguel Asins Arbó y Adam Gorb, así como del propio director.</div>
<p> <a class="mh-excerpt-more" href="https://www.tucomarca.com/wordpress/segunda/la-banda-de-la-union-musical-santa-cecilia-de-villar-ofrecera-un-concierto-en-portugal-el-proximo-7-de-octubre/umscvillar/" title="UMSCVillar">[+] </a></p>

Bajo la dirección de su titular, Luis Serrano Alarcón, interpretará obras de Ruperto Chapí, Miguel Asins Arbó y Adam Gorb, así como del propio director.
