{"id":77720,"date":"2018-11-15T01:37:54","date_gmt":"2018-11-14T23:37:54","guid":{"rendered":"http:\/\/www.tucomarca.com\/wordpress\/segunda\/wp-content\/uploads\/2018\/11\/cartelviolencia.jpg"},"modified":"2018-11-15T01:40:04","modified_gmt":"2018-11-14T23:40:04","slug":"cartelviolencia-2","status":"inherit","type":"attachment","link":"https:\/\/www.tucomarca.com\/wordpress\/segunda\/turis-empieza-el-programa-para-conmemorar-el-dia-internacional-para-la-erradicacion-de-la-violencia-de-genero\/cartelviolencia-2\/","title":{"rendered":"cartelviolencia"},"author":2,"featured_media":0,"comment_status":"open","ping_status":"closed","template":"","meta":[],"class_list":["post-77720","attachment","type-attachment","status-inherit"],"description":{"rendered":"<p class=\"attachment\"><a href='https:\/\/www.tucomarca.com\/wordpress\/segunda\/wp-content\/uploads\/2018\/11\/cartelviolencia.jpg'><img loading=\"lazy\" decoding=\"async\" width=\"212\" height=\"300\" src=\"https:\/\/www.tucomarca.com\/wordpress\/segunda\/wp-content\/uploads\/2018\/11\/cartelviolencia-212x300.jpg\" class=\"attachment-medium size-medium\" alt=\"Tur\u00eds empieza el programa para conmemorar el D\u00eda Internacional para la erradicaci\u00f3n de la violencia de g\u00e9nero.\" srcset=\"https:\/\/www.tucomarca.com\/wordpress\/segunda\/wp-content\/uploads\/2018\/11\/cartelviolencia-212x300.jpg 212w, https:\/\/www.tucomarca.com\/wordpress\/segunda\/wp-content\/uploads\/2018\/11\/cartelviolencia-768x1086.jpg 768w, https:\/\/www.tucomarca.com\/wordpress\/segunda\/wp-content\/uploads\/2018\/11\/cartelviolencia-724x1024.jpg 724w, https:\/\/www.tucomarca.com\/wordpress\/segunda\/wp-content\/uploads\/2018\/11\/cartelviolencia-1024x1448.jpg 1024w, https:\/\/www.tucomarca.com\/wordpress\/segunda\/wp-content\/uploads\/2018\/11\/cartelviolencia.jpg 1316w\" sizes=\"auto, (max-width: 212px) 100vw, 212px\" \/><\/a><\/p>\n<p>Tur\u00eds empieza el programa para conmemorar el D\u00eda Internacional para la erradicaci\u00f3n de la violencia de g\u00e9nero.<\/p>\n"},"caption":{"rendered":"<div class=\"mh-excerpt\">Tur\u00eds empieza el programa para conmemorar el D\u00eda Internacional para la erradicaci\u00f3n de la violencia de g\u00e9nero.<\/div>\n<p> <a class=\"mh-excerpt-more\" href=\"https:\/\/www.tucomarca.com\/wordpress\/segunda\/turis-empieza-el-programa-para-conmemorar-el-dia-internacional-para-la-erradicacion-de-la-violencia-de-genero\/cartelviolencia-2\/\" title=\"cartelviolencia\">[+] <\/a><\/p>\n"},"alt_text":"Tur\u00eds empieza el programa para conmemorar el D\u00eda Internacional para la erradicaci\u00f3n de la violencia de g\u00e9nero.","media_type":"image","mime_type":"image\/jpeg","media_details":{"width":1316,"height":1861,"file":"2018\/11\/cartelviolencia.jpg","sizes":{"thumbnail":{"file":"cartelviolencia-290x290.jpg","width":290,"height":290,"mime_type":"image\/jpeg","source_url":"https:\/\/www.tucomarca.com\/wordpress\/segunda\/wp-content\/uploads\/2018\/11\/cartelviolencia-290x290.jpg"},"medium":{"file":"cartelviolencia-212x300.jpg","width":212,"height":300,"mime_type":"image\/jpeg","source_url":"https:\/\/www.tucomarca.com\/wordpress\/segunda\/wp-content\/uploads\/2018\/11\/cartelviolencia-212x300.jpg"},"medium_large":{"file":"cartelviolencia-768x1086.jpg","width":768,"height":1086,"mime_type":"image\/jpeg","source_url":"https:\/\/www.tucomarca.com\/wordpress\/segunda\/wp-content\/uploads\/2018\/11\/cartelviolencia-768x1086.jpg"},"large":{"file":"cartelviolencia-724x1024.jpg","width":724,"height":1024,"mime_type":"image\/jpeg","source_url":"https:\/\/www.tucomarca.com\/wordpress\/segunda\/wp-content\/uploads\/2018\/11\/cartelviolencia-724x1024.jpg"},"rss-image":{"file":"cartelviolencia-212x300.jpg","width":212,"height":300,"mime_type":"image\/jpeg","source_url":"https:\/\/www.tucomarca.com\/wordpress\/segunda\/wp-content\/uploads\/2018\/11\/cartelviolencia-212x300.jpg"},"post-thumbnail":{"file":"cartelviolencia-50x50.jpg","width":50,"height":50,"mime_type":"image\/jpeg","source_url":"https:\/\/www.tucomarca.com\/wordpress\/segunda\/wp-content\/uploads\/2018\/11\/cartelviolencia-50x50.jpg"},"gabfire":{"file":"cartelviolencia-1024x1448.jpg","width":1024,"height":1448,"mime_type":"image\/jpeg","source_url":"https:\/\/www.tucomarca.com\/wordpress\/segunda\/wp-content\/uploads\/2018\/11\/cartelviolencia-1024x1448.jpg"},"full":{"file":"cartelviolencia.jpg","width":1316,"height":1861,"mime_type":"image\/jpeg","source_url":"https:\/\/www.tucomarca.com\/wordpress\/segunda\/wp-content\/uploads\/2018\/11\/cartelviolencia.jpg"}},"image_meta":{"aperture":"0","credit":"","camera":"","caption":"","created_timestamp":"0","copyright":"","focal_length":"0","iso":"0","shutter_speed":"0","title":"","orientation":"0","keywords":[]}},"post":77633,"source_url":"https:\/\/www.tucomarca.com\/wordpress\/segunda\/wp-content\/uploads\/2018\/11\/cartelviolencia.jpg","_links":{"self":[{"href":"https:\/\/www.tucomarca.com\/wordpress\/segunda\/wp-json\/wp\/v2\/media\/77720","targetHints":{"allow":["GET"]}}],"collection":[{"href":"https:\/\/www.tucomarca.com\/wordpress\/segunda\/wp-json\/wp\/v2\/media"}],"about":[{"href":"https:\/\/www.tucomarca.com\/wordpress\/segunda\/wp-json\/wp\/v2\/types\/attachment"}],"author":[{"embeddable":true,"href":"https:\/\/www.tucomarca.com\/wordpress\/segunda\/wp-json\/wp\/v2\/users\/2"}],"replies":[{"embeddable":true,"href":"https:\/\/www.tucomarca.com\/wordpress\/segunda\/wp-json\/wp\/v2\/comments?post=77720"}],"wp:attached-to":[{"embeddable":true,"post_type":"post","id":77633,"href":"https:\/\/www.tucomarca.com\/wordpress\/segunda\/wp-json\/wp\/v2\/posts\/77633"}],"curies":[{"name":"wp","href":"https:\/\/api.w.org\/{rel}","templated":true}]}}

<p class="attachment"><a href='https://www.tucomarca.com/wordpress/segunda/wp-content/uploads/2018/11/cartelviolencia.jpg'><img loading="lazy" decoding="async" width="212" height="300" src="https://www.tucomarca.com/wordpress/segunda/wp-content/uploads/2018/11/cartelviolencia-212x300.jpg" class="attachment-medium size-medium" alt="Turís empieza el programa para conmemorar el Día Internacional para la erradicación de la violencia de género." srcset="https://www.tucomarca.com/wordpress/segunda/wp-content/uploads/2018/11/cartelviolencia-212x300.jpg 212w, https://www.tucomarca.com/wordpress/segunda/wp-content/uploads/2018/11/cartelviolencia-768x1086.jpg 768w, https://www.tucomarca.com/wordpress/segunda/wp-content/uploads/2018/11/cartelviolencia-724x1024.jpg 724w, https://www.tucomarca.com/wordpress/segunda/wp-content/uploads/2018/11/cartelviolencia-1024x1448.jpg 1024w, https://www.tucomarca.com/wordpress/segunda/wp-content/uploads/2018/11/cartelviolencia.jpg 1316w" sizes="auto, (max-width: 212px) 100vw, 212px" /></a></p>
<p>Turís empieza el programa para conmemorar el Día Internacional para la erradicación de la violencia de género.</p>

<div class="mh-excerpt">Turís empieza el programa para conmemorar el Día Internacional para la erradicación de la violencia de género.</div>
<p> <a class="mh-excerpt-more" href="https://www.tucomarca.com/wordpress/segunda/turis-empieza-el-programa-para-conmemorar-el-dia-internacional-para-la-erradicacion-de-la-violencia-de-genero/cartelviolencia-2/" title="cartelviolencia">[+] </a></p>

Turís empieza el programa para conmemorar el Día Internacional para la erradicación de la violencia de género.
