{"id":83802,"date":"2019-03-29T20:21:18","date_gmt":"2019-03-29T18:21:18","guid":{"rendered":"http:\/\/www.tucomarca.com\/wordpress\/segunda\/wp-content\/uploads\/2019\/03\/JaimeRuix.jpeg"},"modified":"2019-03-29T20:21:28","modified_gmt":"2019-03-29T18:21:28","slug":"jaimeruix","status":"inherit","type":"attachment","link":"https:\/\/www.tucomarca.com\/wordpress\/segunda\/jaime-ruix-sera-presentado-estel-sabado-en-la-casa-gran-como-candidato-a-la-alcaldia-por-contigo\/jaimeruix\/","title":{"rendered":"JaimeRuix"},"author":1,"featured_media":0,"comment_status":"open","ping_status":"closed","template":"","meta":[],"class_list":["post-83802","attachment","type-attachment","status-inherit"],"description":{"rendered":"<p class=\"attachment\"><a href='https:\/\/www.tucomarca.com\/wordpress\/segunda\/wp-content\/uploads\/2019\/03\/JaimeRuix.jpeg'><img loading=\"lazy\" decoding=\"async\" width=\"300\" height=\"164\" src=\"https:\/\/www.tucomarca.com\/wordpress\/segunda\/wp-content\/uploads\/2019\/03\/JaimeRuix-300x164.jpeg\" class=\"attachment-medium size-medium\" alt=\"El alcalde de G\u00e1tova, Manuel Martinez y el candidato a la alcald\u00eda de Valencia, Jose Enrique Aguar, acompa\u00f1ar\u00e1n a Ruix en su presentaci\u00f3n.\" srcset=\"https:\/\/www.tucomarca.com\/wordpress\/segunda\/wp-content\/uploads\/2019\/03\/JaimeRuix-300x164.jpeg 300w, https:\/\/www.tucomarca.com\/wordpress\/segunda\/wp-content\/uploads\/2019\/03\/JaimeRuix-768x420.jpeg 768w, https:\/\/www.tucomarca.com\/wordpress\/segunda\/wp-content\/uploads\/2019\/03\/JaimeRuix-1024x559.jpeg 1024w, https:\/\/www.tucomarca.com\/wordpress\/segunda\/wp-content\/uploads\/2019\/03\/JaimeRuix.jpeg 1600w\" sizes=\"auto, (max-width: 300px) 100vw, 300px\" \/><\/a><\/p>\n<p>El alcalde de G\u00e1tova, Manuel Martinez y el candidato a la alcald\u00eda de Valencia, Jose Enrique Aguar, acompa\u00f1ar\u00e1n a Ruix en su presentaci\u00f3n.<\/p>\n"},"caption":{"rendered":"<div class=\"mh-excerpt\">El alcalde de G\u00e1tova, Manuel Martinez y el candidato a la alcald\u00eda de Valencia, Jose Enrique Aguar, acompa\u00f1ar\u00e1n a Ruix en su presentaci\u00f3n.<\/div>\n<p> <a class=\"mh-excerpt-more\" href=\"https:\/\/www.tucomarca.com\/wordpress\/segunda\/jaime-ruix-sera-presentado-estel-sabado-en-la-casa-gran-como-candidato-a-la-alcaldia-por-contigo\/jaimeruix\/\" title=\"JaimeRuix\">[+] <\/a><\/p>\n"},"alt_text":"El alcalde de G\u00e1tova, Manuel Martinez y el candidato a la alcald\u00eda de Valencia, Jose Enrique Aguar, acompa\u00f1ar\u00e1n a Ruix en su presentaci\u00f3n.","media_type":"image","mime_type":"image\/jpeg","media_details":{"width":1600,"height":874,"file":"2019\/03\/JaimeRuix.jpeg","sizes":{"thumbnail":{"file":"JaimeRuix-290x290.jpeg","width":290,"height":290,"mime_type":"image\/jpeg","source_url":"https:\/\/www.tucomarca.com\/wordpress\/segunda\/wp-content\/uploads\/2019\/03\/JaimeRuix-290x290.jpeg"},"medium":{"file":"JaimeRuix-300x164.jpeg","width":300,"height":164,"mime_type":"image\/jpeg","source_url":"https:\/\/www.tucomarca.com\/wordpress\/segunda\/wp-content\/uploads\/2019\/03\/JaimeRuix-300x164.jpeg"},"medium_large":{"file":"JaimeRuix-768x420.jpeg","width":768,"height":420,"mime_type":"image\/jpeg","source_url":"https:\/\/www.tucomarca.com\/wordpress\/segunda\/wp-content\/uploads\/2019\/03\/JaimeRuix-768x420.jpeg"},"large":{"file":"JaimeRuix-1024x559.jpeg","width":1024,"height":559,"mime_type":"image\/jpeg","source_url":"https:\/\/www.tucomarca.com\/wordpress\/segunda\/wp-content\/uploads\/2019\/03\/JaimeRuix-1024x559.jpeg"},"rss-image":{"file":"JaimeRuix-300x164.jpeg","width":300,"height":164,"mime_type":"image\/jpeg","source_url":"https:\/\/www.tucomarca.com\/wordpress\/segunda\/wp-content\/uploads\/2019\/03\/JaimeRuix-300x164.jpeg"},"post-thumbnail":{"file":"JaimeRuix-50x50.jpeg","width":50,"height":50,"mime_type":"image\/jpeg","source_url":"https:\/\/www.tucomarca.com\/wordpress\/segunda\/wp-content\/uploads\/2019\/03\/JaimeRuix-50x50.jpeg"},"gabfire":{"file":"JaimeRuix-1024x559.jpeg","width":1024,"height":559,"mime_type":"image\/jpeg","source_url":"https:\/\/www.tucomarca.com\/wordpress\/segunda\/wp-content\/uploads\/2019\/03\/JaimeRuix-1024x559.jpeg"},"full":{"file":"JaimeRuix.jpeg","width":1600,"height":874,"mime_type":"image\/jpeg","source_url":"https:\/\/www.tucomarca.com\/wordpress\/segunda\/wp-content\/uploads\/2019\/03\/JaimeRuix.jpeg"}},"image_meta":{"aperture":"0","credit":"","camera":"","caption":"","created_timestamp":"0","copyright":"","focal_length":"0","iso":"0","shutter_speed":"0","title":"","orientation":"0","keywords":[]}},"post":83801,"source_url":"https:\/\/www.tucomarca.com\/wordpress\/segunda\/wp-content\/uploads\/2019\/03\/JaimeRuix.jpeg","_links":{"self":[{"href":"https:\/\/www.tucomarca.com\/wordpress\/segunda\/wp-json\/wp\/v2\/media\/83802","targetHints":{"allow":["GET"]}}],"collection":[{"href":"https:\/\/www.tucomarca.com\/wordpress\/segunda\/wp-json\/wp\/v2\/media"}],"about":[{"href":"https:\/\/www.tucomarca.com\/wordpress\/segunda\/wp-json\/wp\/v2\/types\/attachment"}],"author":[{"embeddable":true,"href":"https:\/\/www.tucomarca.com\/wordpress\/segunda\/wp-json\/wp\/v2\/users\/1"}],"replies":[{"embeddable":true,"href":"https:\/\/www.tucomarca.com\/wordpress\/segunda\/wp-json\/wp\/v2\/comments?post=83802"}],"wp:attached-to":[{"embeddable":true,"post_type":"post","id":83801,"href":"https:\/\/www.tucomarca.com\/wordpress\/segunda\/wp-json\/wp\/v2\/posts\/83801"}],"curies":[{"name":"wp","href":"https:\/\/api.w.org\/{rel}","templated":true}]}}

<p class="attachment"><a href='https://www.tucomarca.com/wordpress/segunda/wp-content/uploads/2019/03/JaimeRuix.jpeg'><img loading="lazy" decoding="async" width="300" height="164" src="https://www.tucomarca.com/wordpress/segunda/wp-content/uploads/2019/03/JaimeRuix-300x164.jpeg" class="attachment-medium size-medium" alt="El alcalde de Gátova, Manuel Martinez y el candidato a la alcaldía de Valencia, Jose Enrique Aguar, acompañarán a Ruix en su presentación." srcset="https://www.tucomarca.com/wordpress/segunda/wp-content/uploads/2019/03/JaimeRuix-300x164.jpeg 300w, https://www.tucomarca.com/wordpress/segunda/wp-content/uploads/2019/03/JaimeRuix-768x420.jpeg 768w, https://www.tucomarca.com/wordpress/segunda/wp-content/uploads/2019/03/JaimeRuix-1024x559.jpeg 1024w, https://www.tucomarca.com/wordpress/segunda/wp-content/uploads/2019/03/JaimeRuix.jpeg 1600w" sizes="auto, (max-width: 300px) 100vw, 300px" /></a></p>
<p>El alcalde de Gátova, Manuel Martinez y el candidato a la alcaldía de Valencia, Jose Enrique Aguar, acompañarán a Ruix en su presentación.</p>

<div class="mh-excerpt">El alcalde de Gátova, Manuel Martinez y el candidato a la alcaldía de Valencia, Jose Enrique Aguar, acompañarán a Ruix en su presentación.</div>
<p> <a class="mh-excerpt-more" href="https://www.tucomarca.com/wordpress/segunda/jaime-ruix-sera-presentado-estel-sabado-en-la-casa-gran-como-candidato-a-la-alcaldia-por-contigo/jaimeruix/" title="JaimeRuix">[+] </a></p>

El alcalde de Gátova, Manuel Martinez y el candidato a la alcaldía de Valencia, Jose Enrique Aguar, acompañarán a Ruix en su presentación.
