{"id":87585,"date":"2019-06-12T21:53:36","date_gmt":"2019-06-12T19:53:36","guid":{"rendered":"http:\/\/www.tucomarca.com\/wordpress\/segunda\/wp-content\/uploads\/2019\/06\/IMG_8759.jpg"},"modified":"2019-06-12T21:54:01","modified_gmt":"2019-06-12T19:54:01","slug":"img_8759","status":"inherit","type":"attachment","link":"https:\/\/www.tucomarca.com\/wordpress\/segunda\/img_8759\/","title":{"rendered":"IMG_8759"},"author":2,"featured_media":0,"comment_status":"open","ping_status":"closed","template":"","meta":[],"class_list":["post-87585","attachment","type-attachment","status-inherit"],"description":{"rendered":"<p class=\"attachment\"><a href='https:\/\/www.tucomarca.com\/wordpress\/segunda\/wp-content\/uploads\/2019\/06\/IMG_8759.jpg'><img loading=\"lazy\" decoding=\"async\" width=\"300\" height=\"200\" src=\"https:\/\/www.tucomarca.com\/wordpress\/segunda\/wp-content\/uploads\/2019\/06\/IMG_8759-300x200.jpg\" class=\"attachment-medium size-medium\" alt=\"El secretario auton\u00f3mico de Medio Ambiente destaca la generaci\u00f3n de empleo a partir del nuevo modelo de gesti\u00f3n de residuos y la econom\u00eda circular.\" srcset=\"https:\/\/www.tucomarca.com\/wordpress\/segunda\/wp-content\/uploads\/2019\/06\/IMG_8759-300x200.jpg 300w, https:\/\/www.tucomarca.com\/wordpress\/segunda\/wp-content\/uploads\/2019\/06\/IMG_8759-768x512.jpg 768w, https:\/\/www.tucomarca.com\/wordpress\/segunda\/wp-content\/uploads\/2019\/06\/IMG_8759-1024x683.jpg 1024w\" sizes=\"auto, (max-width: 300px) 100vw, 300px\" \/><\/a><\/p>\n<p>El secretario auton\u00f3mico de Medio Ambiente destaca la generaci\u00f3n de empleo a partir del nuevo modelo de gesti\u00f3n de residuos y la econom\u00eda circular.<\/p>\n"},"caption":{"rendered":"<div class=\"mh-excerpt\">El secretario auton\u00f3mico de Medio Ambiente destaca la generaci\u00f3n de empleo a partir del nuevo modelo de gesti\u00f3n de residuos y la econom\u00eda circular.<\/div>\n<p> <a class=\"mh-excerpt-more\" href=\"https:\/\/www.tucomarca.com\/wordpress\/segunda\/img_8759\/\" title=\"IMG_8759\">[+] <\/a><\/p>\n"},"alt_text":"El secretario auton\u00f3mico de Medio Ambiente destaca la generaci\u00f3n de empleo a partir del nuevo modelo de gesti\u00f3n de residuos y la econom\u00eda circular.","media_type":"image","mime_type":"image\/jpeg","media_details":{"width":6000,"height":4000,"file":"2019\/06\/IMG_8759.jpg","sizes":{"thumbnail":{"file":"IMG_8759-290x290.jpg","width":290,"height":290,"mime_type":"image\/jpeg","source_url":"https:\/\/www.tucomarca.com\/wordpress\/segunda\/wp-content\/uploads\/2019\/06\/IMG_8759-290x290.jpg"},"medium":{"file":"IMG_8759-300x200.jpg","width":300,"height":200,"mime_type":"image\/jpeg","source_url":"https:\/\/www.tucomarca.com\/wordpress\/segunda\/wp-content\/uploads\/2019\/06\/IMG_8759-300x200.jpg"},"medium_large":{"file":"IMG_8759-768x512.jpg","width":768,"height":512,"mime_type":"image\/jpeg","source_url":"https:\/\/www.tucomarca.com\/wordpress\/segunda\/wp-content\/uploads\/2019\/06\/IMG_8759-768x512.jpg"},"large":{"file":"IMG_8759-1024x683.jpg","width":1024,"height":683,"mime_type":"image\/jpeg","source_url":"https:\/\/www.tucomarca.com\/wordpress\/segunda\/wp-content\/uploads\/2019\/06\/IMG_8759-1024x683.jpg"},"rss-image":{"file":"IMG_8759-300x200.jpg","width":300,"height":200,"mime_type":"image\/jpeg","source_url":"https:\/\/www.tucomarca.com\/wordpress\/segunda\/wp-content\/uploads\/2019\/06\/IMG_8759-300x200.jpg"},"post-thumbnail":{"file":"IMG_8759-50x50.jpg","width":50,"height":50,"mime_type":"image\/jpeg","source_url":"https:\/\/www.tucomarca.com\/wordpress\/segunda\/wp-content\/uploads\/2019\/06\/IMG_8759-50x50.jpg"},"gabfire":{"file":"IMG_8759-1024x683.jpg","width":1024,"height":683,"mime_type":"image\/jpeg","source_url":"https:\/\/www.tucomarca.com\/wordpress\/segunda\/wp-content\/uploads\/2019\/06\/IMG_8759-1024x683.jpg"},"full":{"file":"IMG_8759.jpg","width":6000,"height":4000,"mime_type":"image\/jpeg","source_url":"https:\/\/www.tucomarca.com\/wordpress\/segunda\/wp-content\/uploads\/2019\/06\/IMG_8759.jpg"}},"image_meta":{"aperture":"0","credit":"","camera":"","caption":"","created_timestamp":"0","copyright":"","focal_length":"0","iso":"0","shutter_speed":"0","title":"","orientation":"1","keywords":[]}},"post":null,"source_url":"https:\/\/www.tucomarca.com\/wordpress\/segunda\/wp-content\/uploads\/2019\/06\/IMG_8759.jpg","_links":{"self":[{"href":"https:\/\/www.tucomarca.com\/wordpress\/segunda\/wp-json\/wp\/v2\/media\/87585","targetHints":{"allow":["GET"]}}],"collection":[{"href":"https:\/\/www.tucomarca.com\/wordpress\/segunda\/wp-json\/wp\/v2\/media"}],"about":[{"href":"https:\/\/www.tucomarca.com\/wordpress\/segunda\/wp-json\/wp\/v2\/types\/attachment"}],"author":[{"embeddable":true,"href":"https:\/\/www.tucomarca.com\/wordpress\/segunda\/wp-json\/wp\/v2\/users\/2"}],"replies":[{"embeddable":true,"href":"https:\/\/www.tucomarca.com\/wordpress\/segunda\/wp-json\/wp\/v2\/comments?post=87585"}]}}

<p class="attachment"><a href='https://www.tucomarca.com/wordpress/segunda/wp-content/uploads/2019/06/IMG_8759.jpg'><img loading="lazy" decoding="async" width="300" height="200" src="https://www.tucomarca.com/wordpress/segunda/wp-content/uploads/2019/06/IMG_8759-300x200.jpg" class="attachment-medium size-medium" alt="El secretario autonómico de Medio Ambiente destaca la generación de empleo a partir del nuevo modelo de gestión de residuos y la economía circular." srcset="https://www.tucomarca.com/wordpress/segunda/wp-content/uploads/2019/06/IMG_8759-300x200.jpg 300w, https://www.tucomarca.com/wordpress/segunda/wp-content/uploads/2019/06/IMG_8759-768x512.jpg 768w, https://www.tucomarca.com/wordpress/segunda/wp-content/uploads/2019/06/IMG_8759-1024x683.jpg 1024w" sizes="auto, (max-width: 300px) 100vw, 300px" /></a></p>
<p>El secretario autonómico de Medio Ambiente destaca la generación de empleo a partir del nuevo modelo de gestión de residuos y la economía circular.</p>

<div class="mh-excerpt">El secretario autonómico de Medio Ambiente destaca la generación de empleo a partir del nuevo modelo de gestión de residuos y la economía circular.</div>
<p> <a class="mh-excerpt-more" href="https://www.tucomarca.com/wordpress/segunda/img_8759/" title="IMG_8759">[+] </a></p>

El secretario autonómico de Medio Ambiente destaca la generación de empleo a partir del nuevo modelo de gestión de residuos y la economía circular.
