{"id":87797,"date":"2019-06-15T18:07:57","date_gmt":"2019-06-15T16:07:57","guid":{"rendered":"http:\/\/www.tucomarca.com\/wordpress\/segunda\/wp-content\/uploads\/2019\/06\/LaPobla.jpg"},"modified":"2019-06-15T18:08:23","modified_gmt":"2019-06-15T16:08:23","slug":"lapobla-18","status":"inherit","type":"attachment","link":"https:\/\/www.tucomarca.com\/wordpress\/segunda\/josep-vicent-garcia-compromis-reelegido-alcalde-de-la-pobla-con-el-apoyo-de-pspv-cupo-y-contigo\/lapobla-18\/","title":{"rendered":"LaPobla"},"author":1,"featured_media":0,"comment_status":"open","ping_status":"closed","template":"","meta":[],"class_list":["post-87797","attachment","type-attachment","status-inherit"],"description":{"rendered":"<p class=\"attachment\"><a href='https:\/\/www.tucomarca.com\/wordpress\/segunda\/wp-content\/uploads\/2019\/06\/LaPobla.jpg'><img loading=\"lazy\" decoding=\"async\" width=\"300\" height=\"174\" src=\"https:\/\/www.tucomarca.com\/wordpress\/segunda\/wp-content\/uploads\/2019\/06\/LaPobla-300x174.jpg\" class=\"attachment-medium size-medium\" alt=\"El equipo de gobierno estar\u00e1 formado as\u00ed por Josep Vicent Garcia, Iris Marco, Beatriu Palmero, Fran Esteban, Javier N\u00f3voa, Raquel Mart\u00ednez y Boni Carrillo por Comprom\u00eds; Regina Llavata, Jos\u00e9 Miguel Tomas i Rebeca Pizarro por el PSPV; Juan Aguilar por CUPO y Jaime Ruix por Contigo.\" srcset=\"https:\/\/www.tucomarca.com\/wordpress\/segunda\/wp-content\/uploads\/2019\/06\/LaPobla-300x174.jpg 300w, https:\/\/www.tucomarca.com\/wordpress\/segunda\/wp-content\/uploads\/2019\/06\/LaPobla-768x445.jpg 768w, https:\/\/www.tucomarca.com\/wordpress\/segunda\/wp-content\/uploads\/2019\/06\/LaPobla-1024x593.jpg 1024w\" sizes=\"auto, (max-width: 300px) 100vw, 300px\" \/><\/a><\/p>\n<p>El equipo de gobierno estar\u00e1 formado as\u00ed por Josep Vicent Garcia, Iris Marco, Beatriu Palmero, Fran Esteban, Javier N\u00f3voa, Raquel Mart\u00ednez y Boni Carrillo por Comprom\u00eds; Regina Llavata, Jos\u00e9 Miguel Tomas i Rebeca Pizarro por el PSPV; Juan Aguilar por CUPO y Jaime Ruix por Contigo.<\/p>\n"},"caption":{"rendered":"<div class=\"mh-excerpt\">El equipo de gobierno estar\u00e1 formado as\u00ed por Josep Vicent Garcia, Iris Marco, Beatriu Palmero, Fran Esteban, Javier N\u00f3voa, Raquel Mart\u00ednez y Boni Carrillo por Comprom\u00eds; Regina Llavata, Jos\u00e9 Miguel Tomas i Rebeca Pizarro por el PSPV; Juan Aguilar por CUPO y Jaime Ruix por Contigo.<\/div>\n<p> <a class=\"mh-excerpt-more\" href=\"https:\/\/www.tucomarca.com\/wordpress\/segunda\/josep-vicent-garcia-compromis-reelegido-alcalde-de-la-pobla-con-el-apoyo-de-pspv-cupo-y-contigo\/lapobla-18\/\" title=\"LaPobla\">[+] <\/a><\/p>\n"},"alt_text":"El equipo de gobierno estar\u00e1 formado as\u00ed por Josep Vicent Garcia, Iris Marco, Beatriu Palmero, Fran Esteban, Javier N\u00f3voa, Raquel Mart\u00ednez y Boni Carrillo por Comprom\u00eds; Regina Llavata, Jos\u00e9 Miguel Tomas i Rebeca Pizarro por el PSPV; Juan Aguilar por CUPO y Jaime Ruix por Contigo.","media_type":"image","mime_type":"image\/jpeg","media_details":{"width":5568,"height":3224,"file":"2019\/06\/LaPobla.jpg","sizes":{"thumbnail":{"file":"LaPobla-290x290.jpg","width":290,"height":290,"mime_type":"image\/jpeg","source_url":"https:\/\/www.tucomarca.com\/wordpress\/segunda\/wp-content\/uploads\/2019\/06\/LaPobla-290x290.jpg"},"medium":{"file":"LaPobla-300x174.jpg","width":300,"height":174,"mime_type":"image\/jpeg","source_url":"https:\/\/www.tucomarca.com\/wordpress\/segunda\/wp-content\/uploads\/2019\/06\/LaPobla-300x174.jpg"},"medium_large":{"file":"LaPobla-768x445.jpg","width":768,"height":445,"mime_type":"image\/jpeg","source_url":"https:\/\/www.tucomarca.com\/wordpress\/segunda\/wp-content\/uploads\/2019\/06\/LaPobla-768x445.jpg"},"large":{"file":"LaPobla-1024x593.jpg","width":1024,"height":593,"mime_type":"image\/jpeg","source_url":"https:\/\/www.tucomarca.com\/wordpress\/segunda\/wp-content\/uploads\/2019\/06\/LaPobla-1024x593.jpg"},"rss-image":{"file":"LaPobla-300x174.jpg","width":300,"height":174,"mime_type":"image\/jpeg","source_url":"https:\/\/www.tucomarca.com\/wordpress\/segunda\/wp-content\/uploads\/2019\/06\/LaPobla-300x174.jpg"},"post-thumbnail":{"file":"LaPobla-50x50.jpg","width":50,"height":50,"mime_type":"image\/jpeg","source_url":"https:\/\/www.tucomarca.com\/wordpress\/segunda\/wp-content\/uploads\/2019\/06\/LaPobla-50x50.jpg"},"gabfire":{"file":"LaPobla-1024x593.jpg","width":1024,"height":593,"mime_type":"image\/jpeg","source_url":"https:\/\/www.tucomarca.com\/wordpress\/segunda\/wp-content\/uploads\/2019\/06\/LaPobla-1024x593.jpg"},"full":{"file":"LaPobla.jpg","width":5568,"height":3224,"mime_type":"image\/jpeg","source_url":"https:\/\/www.tucomarca.com\/wordpress\/segunda\/wp-content\/uploads\/2019\/06\/LaPobla.jpg"}},"image_meta":{"aperture":"4.5","credit":"","camera":"Canon EOS 6D Mark II","caption":"","created_timestamp":"1555508027","copyright":"","focal_length":"24","iso":"640","shutter_speed":"0.04","title":"","orientation":"1","keywords":[]}},"post":87796,"source_url":"https:\/\/www.tucomarca.com\/wordpress\/segunda\/wp-content\/uploads\/2019\/06\/LaPobla.jpg","_links":{"self":[{"href":"https:\/\/www.tucomarca.com\/wordpress\/segunda\/wp-json\/wp\/v2\/media\/87797","targetHints":{"allow":["GET"]}}],"collection":[{"href":"https:\/\/www.tucomarca.com\/wordpress\/segunda\/wp-json\/wp\/v2\/media"}],"about":[{"href":"https:\/\/www.tucomarca.com\/wordpress\/segunda\/wp-json\/wp\/v2\/types\/attachment"}],"author":[{"embeddable":true,"href":"https:\/\/www.tucomarca.com\/wordpress\/segunda\/wp-json\/wp\/v2\/users\/1"}],"replies":[{"embeddable":true,"href":"https:\/\/www.tucomarca.com\/wordpress\/segunda\/wp-json\/wp\/v2\/comments?post=87797"}],"wp:attached-to":[{"embeddable":true,"post_type":"post","id":87796,"href":"https:\/\/www.tucomarca.com\/wordpress\/segunda\/wp-json\/wp\/v2\/posts\/87796"}],"curies":[{"name":"wp","href":"https:\/\/api.w.org\/{rel}","templated":true}]}}

<p class="attachment"><a href='https://www.tucomarca.com/wordpress/segunda/wp-content/uploads/2019/06/LaPobla.jpg'><img loading="lazy" decoding="async" width="300" height="174" src="https://www.tucomarca.com/wordpress/segunda/wp-content/uploads/2019/06/LaPobla-300x174.jpg" class="attachment-medium size-medium" alt="El equipo de gobierno estará formado así por Josep Vicent Garcia, Iris Marco, Beatriu Palmero, Fran Esteban, Javier Nóvoa, Raquel Martínez y Boni Carrillo por Compromís; Regina Llavata, José Miguel Tomas i Rebeca Pizarro por el PSPV; Juan Aguilar por CUPO y Jaime Ruix por Contigo." srcset="https://www.tucomarca.com/wordpress/segunda/wp-content/uploads/2019/06/LaPobla-300x174.jpg 300w, https://www.tucomarca.com/wordpress/segunda/wp-content/uploads/2019/06/LaPobla-768x445.jpg 768w, https://www.tucomarca.com/wordpress/segunda/wp-content/uploads/2019/06/LaPobla-1024x593.jpg 1024w" sizes="auto, (max-width: 300px) 100vw, 300px" /></a></p>
<p>El equipo de gobierno estará formado así por Josep Vicent Garcia, Iris Marco, Beatriu Palmero, Fran Esteban, Javier Nóvoa, Raquel Martínez y Boni Carrillo por Compromís; Regina Llavata, José Miguel Tomas i Rebeca Pizarro por el PSPV; Juan Aguilar por CUPO y Jaime Ruix por Contigo.</p>

<div class="mh-excerpt">El equipo de gobierno estará formado así por Josep Vicent Garcia, Iris Marco, Beatriu Palmero, Fran Esteban, Javier Nóvoa, Raquel Martínez y Boni Carrillo por Compromís; Regina Llavata, José Miguel Tomas i Rebeca Pizarro por el PSPV; Juan Aguilar por CUPO y Jaime Ruix por Contigo.</div>
<p> <a class="mh-excerpt-more" href="https://www.tucomarca.com/wordpress/segunda/josep-vicent-garcia-compromis-reelegido-alcalde-de-la-pobla-con-el-apoyo-de-pspv-cupo-y-contigo/lapobla-18/" title="LaPobla">[+] </a></p>

El equipo de gobierno estará formado así por Josep Vicent Garcia, Iris Marco, Beatriu Palmero, Fran Esteban, Javier Nóvoa, Raquel Martínez y Boni Carrillo por Compromís; Regina Llavata, José Miguel Tomas i Rebeca Pizarro por el PSPV; Juan Aguilar por CUPO y Jaime Ruix por Contigo.
