{"id":88045,"date":"2019-06-25T13:26:14","date_gmt":"2019-06-25T11:26:14","guid":{"rendered":"http:\/\/www.tucomarca.com\/wordpress\/segunda\/wp-content\/uploads\/2019\/06\/ElsBarris2020.jpeg"},"modified":"2019-06-25T13:30:45","modified_gmt":"2019-06-25T11:30:45","slug":"elsbarris2020","status":"inherit","type":"attachment","link":"https:\/\/www.tucomarca.com\/wordpress\/segunda\/els-barris-de-turis-nombra-a-sus-falleras-mayores-para-2020\/elsbarris2020\/","title":{"rendered":"ElsBarris2020"},"author":2,"featured_media":0,"comment_status":"open","ping_status":"closed","template":"","meta":[],"class_list":["post-88045","attachment","type-attachment","status-inherit"],"description":{"rendered":"<p class=\"attachment\"><a href='https:\/\/www.tucomarca.com\/wordpress\/segunda\/wp-content\/uploads\/2019\/06\/ElsBarris2020.jpeg'><img loading=\"lazy\" decoding=\"async\" width=\"300\" height=\"225\" src=\"https:\/\/www.tucomarca.com\/wordpress\/segunda\/wp-content\/uploads\/2019\/06\/ElsBarris2020-300x225.jpeg\" class=\"attachment-medium size-medium\" alt=\"Iv\u00e1n Torres junto a la nueva Fallera Mayor, Silvia Torres Borred\u00e1, Ainhoa Agust\u00ed Iranzo, y Pablo Lashayas Blasco, Fallera Mayor y Presidente Infantil de 2020.\" srcset=\"https:\/\/www.tucomarca.com\/wordpress\/segunda\/wp-content\/uploads\/2019\/06\/ElsBarris2020-300x225.jpeg 300w, https:\/\/www.tucomarca.com\/wordpress\/segunda\/wp-content\/uploads\/2019\/06\/ElsBarris2020.jpeg 640w\" sizes=\"auto, (max-width: 300px) 100vw, 300px\" \/><\/a><\/p>\n<p>Iv\u00e1n Torres junto a la nueva Fallera Mayor, Silvia Torres Borred\u00e1, Ainhoa Agust\u00ed Iranzo, y Pablo Lashayas Blasco, Fallera Mayor y Presidente Infantil de 2020.<\/p>\n"},"caption":{"rendered":"<div class=\"mh-excerpt\">Iv\u00e1n Torres junto a la nueva Fallera Mayor, Silvia Torres Borred\u00e1, Ainhoa Agust\u00ed Iranzo, y Pablo Lashayas Blasco, Fallera Mayor y Presidente Infantil de 2020.<\/div>\n<p> <a class=\"mh-excerpt-more\" href=\"https:\/\/www.tucomarca.com\/wordpress\/segunda\/els-barris-de-turis-nombra-a-sus-falleras-mayores-para-2020\/elsbarris2020\/\" title=\"ElsBarris2020\">[+] <\/a><\/p>\n"},"alt_text":"Iv\u00e1n Torres junto a la nueva Fallera Mayor, Silvia Torres Borred\u00e1, Ainhoa Agust\u00ed Iranzo, y Pablo Lashayas Blasco, Fallera Mayor y Presidente Infantil de 2020.","media_type":"image","mime_type":"image\/jpeg","media_details":{"width":640,"height":480,"file":"2019\/06\/ElsBarris2020.jpeg","sizes":{"thumbnail":{"file":"ElsBarris2020-290x290.jpeg","width":290,"height":290,"mime_type":"image\/jpeg","source_url":"https:\/\/www.tucomarca.com\/wordpress\/segunda\/wp-content\/uploads\/2019\/06\/ElsBarris2020-290x290.jpeg"},"medium":{"file":"ElsBarris2020-300x225.jpeg","width":300,"height":225,"mime_type":"image\/jpeg","source_url":"https:\/\/www.tucomarca.com\/wordpress\/segunda\/wp-content\/uploads\/2019\/06\/ElsBarris2020-300x225.jpeg"},"rss-image":{"file":"ElsBarris2020-300x225.jpeg","width":300,"height":225,"mime_type":"image\/jpeg","source_url":"https:\/\/www.tucomarca.com\/wordpress\/segunda\/wp-content\/uploads\/2019\/06\/ElsBarris2020-300x225.jpeg"},"post-thumbnail":{"file":"ElsBarris2020-50x50.jpeg","width":50,"height":50,"mime_type":"image\/jpeg","source_url":"https:\/\/www.tucomarca.com\/wordpress\/segunda\/wp-content\/uploads\/2019\/06\/ElsBarris2020-50x50.jpeg"},"full":{"file":"ElsBarris2020.jpeg","width":640,"height":480,"mime_type":"image\/jpeg","source_url":"https:\/\/www.tucomarca.com\/wordpress\/segunda\/wp-content\/uploads\/2019\/06\/ElsBarris2020.jpeg"}},"image_meta":{"aperture":"1.9","credit":"","camera":"SM-A520F","caption":"","created_timestamp":"1560547793","copyright":"","focal_length":"3.6","iso":"100","shutter_speed":"0.03030303030303","title":"","orientation":"1","keywords":[]}},"post":88044,"source_url":"https:\/\/www.tucomarca.com\/wordpress\/segunda\/wp-content\/uploads\/2019\/06\/ElsBarris2020.jpeg","_links":{"self":[{"href":"https:\/\/www.tucomarca.com\/wordpress\/segunda\/wp-json\/wp\/v2\/media\/88045","targetHints":{"allow":["GET"]}}],"collection":[{"href":"https:\/\/www.tucomarca.com\/wordpress\/segunda\/wp-json\/wp\/v2\/media"}],"about":[{"href":"https:\/\/www.tucomarca.com\/wordpress\/segunda\/wp-json\/wp\/v2\/types\/attachment"}],"author":[{"embeddable":true,"href":"https:\/\/www.tucomarca.com\/wordpress\/segunda\/wp-json\/wp\/v2\/users\/2"}],"replies":[{"embeddable":true,"href":"https:\/\/www.tucomarca.com\/wordpress\/segunda\/wp-json\/wp\/v2\/comments?post=88045"}],"wp:attached-to":[{"embeddable":true,"post_type":"post","id":88044,"href":"https:\/\/www.tucomarca.com\/wordpress\/segunda\/wp-json\/wp\/v2\/posts\/88044"}],"curies":[{"name":"wp","href":"https:\/\/api.w.org\/{rel}","templated":true}]}}

<p class="attachment"><a href='https://www.tucomarca.com/wordpress/segunda/wp-content/uploads/2019/06/ElsBarris2020.jpeg'><img loading="lazy" decoding="async" width="300" height="225" src="https://www.tucomarca.com/wordpress/segunda/wp-content/uploads/2019/06/ElsBarris2020-300x225.jpeg" class="attachment-medium size-medium" alt="Iván Torres junto a la nueva Fallera Mayor, Silvia Torres Borredá, Ainhoa Agustí Iranzo, y Pablo Lashayas Blasco, Fallera Mayor y Presidente Infantil de 2020." srcset="https://www.tucomarca.com/wordpress/segunda/wp-content/uploads/2019/06/ElsBarris2020-300x225.jpeg 300w, https://www.tucomarca.com/wordpress/segunda/wp-content/uploads/2019/06/ElsBarris2020.jpeg 640w" sizes="auto, (max-width: 300px) 100vw, 300px" /></a></p>
<p>Iván Torres junto a la nueva Fallera Mayor, Silvia Torres Borredá, Ainhoa Agustí Iranzo, y Pablo Lashayas Blasco, Fallera Mayor y Presidente Infantil de 2020.</p>

<div class="mh-excerpt">Iván Torres junto a la nueva Fallera Mayor, Silvia Torres Borredá, Ainhoa Agustí Iranzo, y Pablo Lashayas Blasco, Fallera Mayor y Presidente Infantil de 2020.</div>
<p> <a class="mh-excerpt-more" href="https://www.tucomarca.com/wordpress/segunda/els-barris-de-turis-nombra-a-sus-falleras-mayores-para-2020/elsbarris2020/" title="ElsBarris2020">[+] </a></p>

Iván Torres junto a la nueva Fallera Mayor, Silvia Torres Borredá, Ainhoa Agustí Iranzo, y Pablo Lashayas Blasco, Fallera Mayor y Presidente Infantil de 2020.
