{"id":89016,"date":"2019-06-26T13:37:39","date_gmt":"2019-06-26T11:37:39","guid":{"rendered":"http:\/\/www.tucomarca.com\/wordpress\/segunda\/wp-content\/uploads\/2019\/06\/efimera_tonilopez.jpg"},"modified":"2019-06-26T13:37:39","modified_gmt":"2019-06-26T11:37:39","slug":"efimera_tonilopez-2","status":"inherit","type":"attachment","link":"https:\/\/www.tucomarca.com\/wordpress\/segunda\/efimera_tonilopez-2\/","title":{"rendered":"efimera_tonilopez"},"author":2,"featured_media":0,"comment_status":"open","ping_status":"closed","template":"","meta":[],"class_list":["post-89016","attachment","type-attachment","status-inherit"],"description":{"rendered":"<p class=\"attachment\"><a href='https:\/\/www.tucomarca.com\/wordpress\/segunda\/wp-content\/uploads\/2019\/06\/efimera_tonilopez.jpg'><img loading=\"lazy\" decoding=\"async\" width=\"225\" height=\"300\" src=\"https:\/\/www.tucomarca.com\/wordpress\/segunda\/wp-content\/uploads\/2019\/06\/efimera_tonilopez-225x300.jpg\" class=\"attachment-medium size-medium\" alt=\"\" srcset=\"https:\/\/www.tucomarca.com\/wordpress\/segunda\/wp-content\/uploads\/2019\/06\/efimera_tonilopez-225x300.jpg 225w, https:\/\/www.tucomarca.com\/wordpress\/segunda\/wp-content\/uploads\/2019\/06\/efimera_tonilopez-768x1024.jpg 768w, https:\/\/www.tucomarca.com\/wordpress\/segunda\/wp-content\/uploads\/2019\/06\/efimera_tonilopez-1024x1365.jpg 1024w, https:\/\/www.tucomarca.com\/wordpress\/segunda\/wp-content\/uploads\/2019\/06\/efimera_tonilopez.jpg 1200w\" sizes=\"auto, (max-width: 225px) 100vw, 225px\" \/><\/a><\/p>\n<p>Vicente Ll\u00e1cer y su equipo de trabajo en el que se encuentra el artista fallero  bu\u00f1olense Toni L\u00f3pez.<\/p>\n"},"caption":{"rendered":"<div class=\"mh-excerpt\">Vicente Ll\u00e1cer y su equipo de trabajo en el que se encuentra el artista fallero  bu\u00f1olense Toni L\u00f3pez.<\/div>\n<p> <a class=\"mh-excerpt-more\" href=\"https:\/\/www.tucomarca.com\/wordpress\/segunda\/efimera_tonilopez-2\/\" title=\"efimera_tonilopez\">[+] <\/a><\/p>\n"},"alt_text":"","media_type":"image","mime_type":"image\/jpeg","media_details":{"width":1200,"height":1600,"file":"2019\/06\/efimera_tonilopez.jpg","sizes":{"thumbnail":{"file":"efimera_tonilopez-290x290.jpg","width":290,"height":290,"mime_type":"image\/jpeg","source_url":"https:\/\/www.tucomarca.com\/wordpress\/segunda\/wp-content\/uploads\/2019\/06\/efimera_tonilopez-290x290.jpg"},"medium":{"file":"efimera_tonilopez-225x300.jpg","width":225,"height":300,"mime_type":"image\/jpeg","source_url":"https:\/\/www.tucomarca.com\/wordpress\/segunda\/wp-content\/uploads\/2019\/06\/efimera_tonilopez-225x300.jpg"},"medium_large":{"file":"efimera_tonilopez-768x1024.jpg","width":768,"height":1024,"mime_type":"image\/jpeg","source_url":"https:\/\/www.tucomarca.com\/wordpress\/segunda\/wp-content\/uploads\/2019\/06\/efimera_tonilopez-768x1024.jpg"},"large":{"file":"efimera_tonilopez-768x1024.jpg","width":768,"height":1024,"mime_type":"image\/jpeg","source_url":"https:\/\/www.tucomarca.com\/wordpress\/segunda\/wp-content\/uploads\/2019\/06\/efimera_tonilopez-768x1024.jpg"},"rss-image":{"file":"efimera_tonilopez-225x300.jpg","width":225,"height":300,"mime_type":"image\/jpeg","source_url":"https:\/\/www.tucomarca.com\/wordpress\/segunda\/wp-content\/uploads\/2019\/06\/efimera_tonilopez-225x300.jpg"},"post-thumbnail":{"file":"efimera_tonilopez-50x50.jpg","width":50,"height":50,"mime_type":"image\/jpeg","source_url":"https:\/\/www.tucomarca.com\/wordpress\/segunda\/wp-content\/uploads\/2019\/06\/efimera_tonilopez-50x50.jpg"},"gabfire":{"file":"efimera_tonilopez-1024x1365.jpg","width":1024,"height":1365,"mime_type":"image\/jpeg","source_url":"https:\/\/www.tucomarca.com\/wordpress\/segunda\/wp-content\/uploads\/2019\/06\/efimera_tonilopez-1024x1365.jpg"},"full":{"file":"efimera_tonilopez.jpg","width":1200,"height":1600,"mime_type":"image\/jpeg","source_url":"https:\/\/www.tucomarca.com\/wordpress\/segunda\/wp-content\/uploads\/2019\/06\/efimera_tonilopez.jpg"}},"image_meta":{"aperture":"0","credit":"","camera":"","caption":"","created_timestamp":"0","copyright":"","focal_length":"0","iso":"0","shutter_speed":"0","title":"","orientation":"0","keywords":[]}},"post":null,"source_url":"https:\/\/www.tucomarca.com\/wordpress\/segunda\/wp-content\/uploads\/2019\/06\/efimera_tonilopez.jpg","_links":{"self":[{"href":"https:\/\/www.tucomarca.com\/wordpress\/segunda\/wp-json\/wp\/v2\/media\/89016","targetHints":{"allow":["GET"]}}],"collection":[{"href":"https:\/\/www.tucomarca.com\/wordpress\/segunda\/wp-json\/wp\/v2\/media"}],"about":[{"href":"https:\/\/www.tucomarca.com\/wordpress\/segunda\/wp-json\/wp\/v2\/types\/attachment"}],"author":[{"embeddable":true,"href":"https:\/\/www.tucomarca.com\/wordpress\/segunda\/wp-json\/wp\/v2\/users\/2"}],"replies":[{"embeddable":true,"href":"https:\/\/www.tucomarca.com\/wordpress\/segunda\/wp-json\/wp\/v2\/comments?post=89016"}]}}

<p class="attachment"><a href='https://www.tucomarca.com/wordpress/segunda/wp-content/uploads/2019/06/efimera_tonilopez.jpg'><img loading="lazy" decoding="async" width="225" height="300" src="https://www.tucomarca.com/wordpress/segunda/wp-content/uploads/2019/06/efimera_tonilopez-225x300.jpg" class="attachment-medium size-medium" alt="" srcset="https://www.tucomarca.com/wordpress/segunda/wp-content/uploads/2019/06/efimera_tonilopez-225x300.jpg 225w, https://www.tucomarca.com/wordpress/segunda/wp-content/uploads/2019/06/efimera_tonilopez-768x1024.jpg 768w, https://www.tucomarca.com/wordpress/segunda/wp-content/uploads/2019/06/efimera_tonilopez-1024x1365.jpg 1024w, https://www.tucomarca.com/wordpress/segunda/wp-content/uploads/2019/06/efimera_tonilopez.jpg 1200w" sizes="auto, (max-width: 225px) 100vw, 225px" /></a></p>
<p>Vicente Llácer y su equipo de trabajo en el que se encuentra el artista fallero  buñolense Toni López.</p>

<div class="mh-excerpt">Vicente Llácer y su equipo de trabajo en el que se encuentra el artista fallero  buñolense Toni López.</div>
<p> <a class="mh-excerpt-more" href="https://www.tucomarca.com/wordpress/segunda/efimera_tonilopez-2/" title="efimera_tonilopez">[+] </a></p>
