{"id":89434,"date":"2019-07-23T13:07:39","date_gmt":"2019-07-23T11:07:39","guid":{"rendered":"http:\/\/www.tucomarca.com\/wordpress\/segunda\/wp-content\/uploads\/2019\/07\/cartel-mano-a-mano-2019-min.jpg"},"modified":"2019-07-23T13:07:52","modified_gmt":"2019-07-23T11:07:52","slug":"cartel-mano-a-mano-2019-min","status":"inherit","type":"attachment","link":"https:\/\/www.tucomarca.com\/wordpress\/segunda\/el-concierto-mano-a-mano-de-bunol-se-presenta-este-miercoles-en-la-diputacio-de-valencia\/cartel-mano-a-mano-2019-min\/","title":{"rendered":"cartel mano a mano 2019-min"},"author":1,"featured_media":0,"comment_status":"open","ping_status":"closed","template":"","meta":[],"class_list":["post-89434","attachment","type-attachment","status-inherit"],"description":{"rendered":"<p class=\"attachment\"><a href='https:\/\/www.tucomarca.com\/wordpress\/segunda\/wp-content\/uploads\/2019\/07\/cartel-mano-a-mano-2019-min.jpg'><img loading=\"lazy\" decoding=\"async\" width=\"216\" height=\"300\" src=\"https:\/\/www.tucomarca.com\/wordpress\/segunda\/wp-content\/uploads\/2019\/07\/cartel-mano-a-mano-2019-min-216x300.jpg\" class=\"attachment-medium size-medium\" alt=\"La presentaci\u00f3n del concierto tendr\u00e1 lugar este mi\u00e9rcoles a las 11h en el Patio de la Escala de la Diputaci\u00f3n provincial\" srcset=\"https:\/\/www.tucomarca.com\/wordpress\/segunda\/wp-content\/uploads\/2019\/07\/cartel-mano-a-mano-2019-min-216x300.jpg 216w, https:\/\/www.tucomarca.com\/wordpress\/segunda\/wp-content\/uploads\/2019\/07\/cartel-mano-a-mano-2019-min-768x1067.jpg 768w, https:\/\/www.tucomarca.com\/wordpress\/segunda\/wp-content\/uploads\/2019\/07\/cartel-mano-a-mano-2019-min-737x1024.jpg 737w, https:\/\/www.tucomarca.com\/wordpress\/segunda\/wp-content\/uploads\/2019\/07\/cartel-mano-a-mano-2019-min-1024x1423.jpg 1024w\" sizes=\"auto, (max-width: 216px) 100vw, 216px\" \/><\/a><\/p>\n<p>La presentaci\u00f3n del concierto tendr\u00e1 lugar este mi\u00e9rcoles a las 11h en el Patio de la Escala de la Diputaci\u00f3n provincial<\/p>\n"},"caption":{"rendered":"<div class=\"mh-excerpt\">La presentaci\u00f3n del concierto tendr\u00e1 lugar este mi\u00e9rcoles a las 11h en el Patio de la Escala de la Diputaci\u00f3n provincial\n<\/div>\n<p> <a class=\"mh-excerpt-more\" href=\"https:\/\/www.tucomarca.com\/wordpress\/segunda\/el-concierto-mano-a-mano-de-bunol-se-presenta-este-miercoles-en-la-diputacio-de-valencia\/cartel-mano-a-mano-2019-min\/\" title=\"cartel mano a mano 2019-min\">[+] <\/a><\/p>\n"},"alt_text":"La presentaci\u00f3n del concierto tendr\u00e1 lugar este mi\u00e9rcoles a las 11h en el Patio de la Escala de la Diputaci\u00f3n provincial","media_type":"image","mime_type":"image\/jpeg","media_details":{"width":5951,"height":8268,"file":"2019\/07\/cartel-mano-a-mano-2019-min.jpg","sizes":{"thumbnail":{"file":"cartel-mano-a-mano-2019-min-290x290.jpg","width":290,"height":290,"mime_type":"image\/jpeg","source_url":"https:\/\/www.tucomarca.com\/wordpress\/segunda\/wp-content\/uploads\/2019\/07\/cartel-mano-a-mano-2019-min-290x290.jpg"},"medium":{"file":"cartel-mano-a-mano-2019-min-216x300.jpg","width":216,"height":300,"mime_type":"image\/jpeg","source_url":"https:\/\/www.tucomarca.com\/wordpress\/segunda\/wp-content\/uploads\/2019\/07\/cartel-mano-a-mano-2019-min-216x300.jpg"},"medium_large":{"file":"cartel-mano-a-mano-2019-min-768x1067.jpg","width":768,"height":1067,"mime_type":"image\/jpeg","source_url":"https:\/\/www.tucomarca.com\/wordpress\/segunda\/wp-content\/uploads\/2019\/07\/cartel-mano-a-mano-2019-min-768x1067.jpg"},"large":{"file":"cartel-mano-a-mano-2019-min-737x1024.jpg","width":737,"height":1024,"mime_type":"image\/jpeg","source_url":"https:\/\/www.tucomarca.com\/wordpress\/segunda\/wp-content\/uploads\/2019\/07\/cartel-mano-a-mano-2019-min-737x1024.jpg"},"rss-image":{"file":"cartel-mano-a-mano-2019-min-216x300.jpg","width":216,"height":300,"mime_type":"image\/jpeg","source_url":"https:\/\/www.tucomarca.com\/wordpress\/segunda\/wp-content\/uploads\/2019\/07\/cartel-mano-a-mano-2019-min-216x300.jpg"},"post-thumbnail":{"file":"cartel-mano-a-mano-2019-min-50x50.jpg","width":50,"height":50,"mime_type":"image\/jpeg","source_url":"https:\/\/www.tucomarca.com\/wordpress\/segunda\/wp-content\/uploads\/2019\/07\/cartel-mano-a-mano-2019-min-50x50.jpg"},"gabfire":{"file":"cartel-mano-a-mano-2019-min-1024x1423.jpg","width":1024,"height":1423,"mime_type":"image\/jpeg","source_url":"https:\/\/www.tucomarca.com\/wordpress\/segunda\/wp-content\/uploads\/2019\/07\/cartel-mano-a-mano-2019-min-1024x1423.jpg"},"full":{"file":"cartel-mano-a-mano-2019-min.jpg","width":5951,"height":8268,"mime_type":"image\/jpeg","source_url":"https:\/\/www.tucomarca.com\/wordpress\/segunda\/wp-content\/uploads\/2019\/07\/cartel-mano-a-mano-2019-min.jpg"}},"image_meta":{"aperture":"0","credit":"","camera":"","caption":"","created_timestamp":"0","copyright":"","focal_length":"0","iso":"0","shutter_speed":"0","title":"","orientation":"0","keywords":[]}},"post":89433,"source_url":"https:\/\/www.tucomarca.com\/wordpress\/segunda\/wp-content\/uploads\/2019\/07\/cartel-mano-a-mano-2019-min.jpg","_links":{"self":[{"href":"https:\/\/www.tucomarca.com\/wordpress\/segunda\/wp-json\/wp\/v2\/media\/89434","targetHints":{"allow":["GET"]}}],"collection":[{"href":"https:\/\/www.tucomarca.com\/wordpress\/segunda\/wp-json\/wp\/v2\/media"}],"about":[{"href":"https:\/\/www.tucomarca.com\/wordpress\/segunda\/wp-json\/wp\/v2\/types\/attachment"}],"author":[{"embeddable":true,"href":"https:\/\/www.tucomarca.com\/wordpress\/segunda\/wp-json\/wp\/v2\/users\/1"}],"replies":[{"embeddable":true,"href":"https:\/\/www.tucomarca.com\/wordpress\/segunda\/wp-json\/wp\/v2\/comments?post=89434"}],"wp:attached-to":[{"embeddable":true,"post_type":"post","id":89433,"href":"https:\/\/www.tucomarca.com\/wordpress\/segunda\/wp-json\/wp\/v2\/posts\/89433"}],"curies":[{"name":"wp","href":"https:\/\/api.w.org\/{rel}","templated":true}]}}

<p class="attachment"><a href='https://www.tucomarca.com/wordpress/segunda/wp-content/uploads/2019/07/cartel-mano-a-mano-2019-min.jpg'><img loading="lazy" decoding="async" width="216" height="300" src="https://www.tucomarca.com/wordpress/segunda/wp-content/uploads/2019/07/cartel-mano-a-mano-2019-min-216x300.jpg" class="attachment-medium size-medium" alt="La presentación del concierto tendrá lugar este miércoles a las 11h en el Patio de la Escala de la Diputación provincial" srcset="https://www.tucomarca.com/wordpress/segunda/wp-content/uploads/2019/07/cartel-mano-a-mano-2019-min-216x300.jpg 216w, https://www.tucomarca.com/wordpress/segunda/wp-content/uploads/2019/07/cartel-mano-a-mano-2019-min-768x1067.jpg 768w, https://www.tucomarca.com/wordpress/segunda/wp-content/uploads/2019/07/cartel-mano-a-mano-2019-min-737x1024.jpg 737w, https://www.tucomarca.com/wordpress/segunda/wp-content/uploads/2019/07/cartel-mano-a-mano-2019-min-1024x1423.jpg 1024w" sizes="auto, (max-width: 216px) 100vw, 216px" /></a></p>
<p>La presentación del concierto tendrá lugar este miércoles a las 11h en el Patio de la Escala de la Diputación provincial</p>

<div class="mh-excerpt">La presentación del concierto tendrá lugar este miércoles a las 11h en el Patio de la Escala de la Diputación provincial
</div>
<p> <a class="mh-excerpt-more" href="https://www.tucomarca.com/wordpress/segunda/el-concierto-mano-a-mano-de-bunol-se-presenta-este-miercoles-en-la-diputacio-de-valencia/cartel-mano-a-mano-2019-min/" title="cartel mano a mano 2019-min">[+] </a></p>

La presentación del concierto tendrá lugar este miércoles a las 11h en el Patio de la Escala de la Diputación provincial
