{"id":90230,"date":"2019-08-06T18:38:24","date_gmt":"2019-08-06T16:38:24","guid":{"rendered":"http:\/\/www.tucomarca.com\/wordpress\/segunda\/wp-content\/uploads\/2019\/08\/Otitisni\u00f1os.jpg"},"modified":"2019-08-06T18:38:44","modified_gmt":"2019-08-06T16:38:44","slug":"otitisninos","status":"inherit","type":"attachment","link":"https:\/\/www.tucomarca.com\/wordpress\/segunda\/los-ninos-la-poblacion-con-mayor-tendencia-a-las-otitis-de-la-piscina\/otitisninos\/","title":{"rendered":"Otitisni\u00f1os"},"author":1,"featured_media":0,"comment_status":"open","ping_status":"closed","template":"","meta":[],"class_list":["post-90230","attachment","type-attachment","status-inherit"],"description":{"rendered":"<p class=\"attachment\"><a href='https:\/\/www.tucomarca.com\/wordpress\/segunda\/wp-content\/uploads\/2019\/08\/Otitisni\u00f1os.jpg'><img loading=\"lazy\" decoding=\"async\" width=\"300\" height=\"200\" src=\"https:\/\/www.tucomarca.com\/wordpress\/segunda\/wp-content\/uploads\/2019\/08\/Otitisni\u00f1os-300x200.jpg\" class=\"attachment-medium size-medium\" alt=\"Durante la temporada estival, la mayor\u00eda de las atenciones que realiza el otorrinolaring\u00f3logo se debe a la otitis externa difusa, una inflamaci\u00f3n del conducto auditivo externo\" srcset=\"https:\/\/www.tucomarca.com\/wordpress\/segunda\/wp-content\/uploads\/2019\/08\/Otitisni\u00f1os-300x200.jpg 300w, https:\/\/www.tucomarca.com\/wordpress\/segunda\/wp-content\/uploads\/2019\/08\/Otitisni\u00f1os-768x512.jpg 768w, https:\/\/www.tucomarca.com\/wordpress\/segunda\/wp-content\/uploads\/2019\/08\/Otitisni\u00f1os-1024x683.jpg 1024w\" sizes=\"auto, (max-width: 300px) 100vw, 300px\" \/><\/a><\/p>\n<p>Durante la temporada estival, la mayor\u00eda de las atenciones que realiza el otorrinolaring\u00f3logo se debe a la otitis externa difusa, una inflamaci\u00f3n del conducto auditivo externo<\/p>\n"},"caption":{"rendered":"<div class=\"mh-excerpt\">Durante la temporada estival, la mayor\u00eda de las atenciones que realiza el otorrinolaring\u00f3logo se debe a la otitis externa difusa, una inflamaci\u00f3n del conducto auditivo externo\n<\/div>\n<p> <a class=\"mh-excerpt-more\" href=\"https:\/\/www.tucomarca.com\/wordpress\/segunda\/los-ninos-la-poblacion-con-mayor-tendencia-a-las-otitis-de-la-piscina\/otitisninos\/\" title=\"Otitisni\u00f1os\">[+] <\/a><\/p>\n"},"alt_text":"Durante la temporada estival, la mayor\u00eda de las atenciones que realiza el otorrinolaring\u00f3logo se debe a la otitis externa difusa, una inflamaci\u00f3n del conducto auditivo externo","media_type":"image","mime_type":"image\/jpeg","media_details":{"width":5184,"height":3456,"file":"2019\/08\/Otitisni\u00f1os.jpg","sizes":{"thumbnail":{"file":"Otitisni\u00f1os-290x290.jpg","width":290,"height":290,"mime_type":"image\/jpeg","source_url":"https:\/\/www.tucomarca.com\/wordpress\/segunda\/wp-content\/uploads\/2019\/08\/Otitisni\u00f1os-290x290.jpg"},"medium":{"file":"Otitisni\u00f1os-300x200.jpg","width":300,"height":200,"mime_type":"image\/jpeg","source_url":"https:\/\/www.tucomarca.com\/wordpress\/segunda\/wp-content\/uploads\/2019\/08\/Otitisni\u00f1os-300x200.jpg"},"medium_large":{"file":"Otitisni\u00f1os-768x512.jpg","width":768,"height":512,"mime_type":"image\/jpeg","source_url":"https:\/\/www.tucomarca.com\/wordpress\/segunda\/wp-content\/uploads\/2019\/08\/Otitisni\u00f1os-768x512.jpg"},"large":{"file":"Otitisni\u00f1os-1024x683.jpg","width":1024,"height":683,"mime_type":"image\/jpeg","source_url":"https:\/\/www.tucomarca.com\/wordpress\/segunda\/wp-content\/uploads\/2019\/08\/Otitisni\u00f1os-1024x683.jpg"},"rss-image":{"file":"Otitisni\u00f1os-300x200.jpg","width":300,"height":200,"mime_type":"image\/jpeg","source_url":"https:\/\/www.tucomarca.com\/wordpress\/segunda\/wp-content\/uploads\/2019\/08\/Otitisni\u00f1os-300x200.jpg"},"post-thumbnail":{"file":"Otitisni\u00f1os-50x50.jpg","width":50,"height":50,"mime_type":"image\/jpeg","source_url":"https:\/\/www.tucomarca.com\/wordpress\/segunda\/wp-content\/uploads\/2019\/08\/Otitisni\u00f1os-50x50.jpg"},"gabfire":{"file":"Otitisni\u00f1os-1024x683.jpg","width":1024,"height":683,"mime_type":"image\/jpeg","source_url":"https:\/\/www.tucomarca.com\/wordpress\/segunda\/wp-content\/uploads\/2019\/08\/Otitisni\u00f1os-1024x683.jpg"},"full":{"file":"Otitisni\u00f1os.jpg","width":5184,"height":3456,"mime_type":"image\/jpeg","source_url":"https:\/\/www.tucomarca.com\/wordpress\/segunda\/wp-content\/uploads\/2019\/08\/Otitisni\u00f1os.jpg"}},"image_meta":{"aperture":"0","credit":"","camera":"","caption":"","created_timestamp":"0","copyright":"","focal_length":"0","iso":"0","shutter_speed":"0","title":"","orientation":"0","keywords":[]}},"post":90229,"source_url":"https:\/\/www.tucomarca.com\/wordpress\/segunda\/wp-content\/uploads\/2019\/08\/Otitisni\u00f1os.jpg","_links":{"self":[{"href":"https:\/\/www.tucomarca.com\/wordpress\/segunda\/wp-json\/wp\/v2\/media\/90230","targetHints":{"allow":["GET"]}}],"collection":[{"href":"https:\/\/www.tucomarca.com\/wordpress\/segunda\/wp-json\/wp\/v2\/media"}],"about":[{"href":"https:\/\/www.tucomarca.com\/wordpress\/segunda\/wp-json\/wp\/v2\/types\/attachment"}],"author":[{"embeddable":true,"href":"https:\/\/www.tucomarca.com\/wordpress\/segunda\/wp-json\/wp\/v2\/users\/1"}],"replies":[{"embeddable":true,"href":"https:\/\/www.tucomarca.com\/wordpress\/segunda\/wp-json\/wp\/v2\/comments?post=90230"}],"wp:attached-to":[{"embeddable":true,"post_type":"post","id":90229,"href":"https:\/\/www.tucomarca.com\/wordpress\/segunda\/wp-json\/wp\/v2\/posts\/90229"}],"curies":[{"name":"wp","href":"https:\/\/api.w.org\/{rel}","templated":true}]}}

http://www.tucomarca.com/wordpress/segunda/wp-content/uploads/2019/08/Otitisniños.jpg

Otitisniños

<p class="attachment"><a href='https://www.tucomarca.com/wordpress/segunda/wp-content/uploads/2019/08/Otitisniños.jpg'><img loading="lazy" decoding="async" width="300" height="200" src="https://www.tucomarca.com/wordpress/segunda/wp-content/uploads/2019/08/Otitisniños-300x200.jpg" class="attachment-medium size-medium" alt="Durante la temporada estival, la mayoría de las atenciones que realiza el otorrinolaringólogo se debe a la otitis externa difusa, una inflamación del conducto auditivo externo" srcset="https://www.tucomarca.com/wordpress/segunda/wp-content/uploads/2019/08/Otitisniños-300x200.jpg 300w, https://www.tucomarca.com/wordpress/segunda/wp-content/uploads/2019/08/Otitisniños-768x512.jpg 768w, https://www.tucomarca.com/wordpress/segunda/wp-content/uploads/2019/08/Otitisniños-1024x683.jpg 1024w" sizes="auto, (max-width: 300px) 100vw, 300px" /></a></p>
<p>Durante la temporada estival, la mayoría de las atenciones que realiza el otorrinolaringólogo se debe a la otitis externa difusa, una inflamación del conducto auditivo externo</p>

<div class="mh-excerpt">Durante la temporada estival, la mayoría de las atenciones que realiza el otorrinolaringólogo se debe a la otitis externa difusa, una inflamación del conducto auditivo externo
</div>
<p> <a class="mh-excerpt-more" href="https://www.tucomarca.com/wordpress/segunda/los-ninos-la-poblacion-con-mayor-tendencia-a-las-otitis-de-la-piscina/otitisninos/" title="Otitisniños">[+] </a></p>

Durante la temporada estival, la mayoría de las atenciones que realiza el otorrinolaringólogo se debe a la otitis externa difusa, una inflamación del conducto auditivo externo

2019/08/Otitisniños.jpg

Otitisniños-290x290.jpg

https://www.tucomarca.com/wordpress/segunda/wp-content/uploads/2019/08/Otitisniños-290x290.jpg

Otitisniños-300x200.jpg

https://www.tucomarca.com/wordpress/segunda/wp-content/uploads/2019/08/Otitisniños-300x200.jpg

Otitisniños-768x512.jpg

https://www.tucomarca.com/wordpress/segunda/wp-content/uploads/2019/08/Otitisniños-768x512.jpg

Otitisniños-1024x683.jpg

https://www.tucomarca.com/wordpress/segunda/wp-content/uploads/2019/08/Otitisniños-1024x683.jpg

Otitisniños-50x50.jpg

https://www.tucomarca.com/wordpress/segunda/wp-content/uploads/2019/08/Otitisniños-50x50.jpg

Otitisniños.jpg

https://www.tucomarca.com/wordpress/segunda/wp-content/uploads/2019/08/Otitisniños.jpg
