{"id":91472,"date":"2019-08-29T15:47:35","date_gmt":"2019-08-29T13:47:35","guid":{"rendered":"http:\/\/www.tucomarca.com\/wordpress\/segunda\/wp-content\/uploads\/2019\/08\/bezosono.jpg"},"modified":"2019-08-29T15:48:27","modified_gmt":"2019-08-29T13:48:27","slug":"bezosono","status":"inherit","type":"attachment","link":"https:\/\/www.tucomarca.com\/wordpress\/segunda\/era-jeff-bezos-el-fundador-de-amazon-el-que-estaba-en-la-tomatina-de-bunol-o-no\/bezosono\/","title":{"rendered":"bezosono"},"author":1,"featured_media":0,"comment_status":"open","ping_status":"closed","template":"","meta":[],"class_list":["post-91472","attachment","type-attachment","status-inherit"],"description":{"rendered":"<p class=\"attachment\"><a href='https:\/\/www.tucomarca.com\/wordpress\/segunda\/wp-content\/uploads\/2019\/08\/bezosono.jpg'><img loading=\"lazy\" decoding=\"async\" width=\"300\" height=\"169\" src=\"https:\/\/www.tucomarca.com\/wordpress\/segunda\/wp-content\/uploads\/2019\/08\/bezosono-300x169.jpg\" class=\"attachment-medium size-medium\" alt=\"Una imagen extra\u00edda de la retransmisi\u00f3n de la edici\u00f3n de 2019 de tucomarca televisi\u00f3n.\" srcset=\"https:\/\/www.tucomarca.com\/wordpress\/segunda\/wp-content\/uploads\/2019\/08\/bezosono-300x169.jpg 300w, https:\/\/www.tucomarca.com\/wordpress\/segunda\/wp-content\/uploads\/2019\/08\/bezosono-768x432.jpg 768w, https:\/\/www.tucomarca.com\/wordpress\/segunda\/wp-content\/uploads\/2019\/08\/bezosono-1024x576.jpg 1024w\" sizes=\"auto, (max-width: 300px) 100vw, 300px\" \/><\/a><\/p>\n<p>Una imagen extra\u00edda de la retransmisi\u00f3n de la edici\u00f3n de 2019 de tucomarca televisi\u00f3n.<\/p>\n"},"caption":{"rendered":"<div class=\"mh-excerpt\">Una imagen extra\u00edda de la retransmisi\u00f3n de la edici\u00f3n de 2019 de tucomarca televisi\u00f3n.<\/div>\n<p> <a class=\"mh-excerpt-more\" href=\"https:\/\/www.tucomarca.com\/wordpress\/segunda\/era-jeff-bezos-el-fundador-de-amazon-el-que-estaba-en-la-tomatina-de-bunol-o-no\/bezosono\/\" title=\"bezosono\">[+] <\/a><\/p>\n"},"alt_text":"Una imagen extra\u00edda de la retransmisi\u00f3n de la edici\u00f3n de 2019 de tucomarca televisi\u00f3n.","media_type":"image","mime_type":"image\/jpeg","media_details":{"width":5120,"height":2880,"file":"2019\/08\/bezosono.jpg","sizes":{"thumbnail":{"file":"bezosono-290x290.jpg","width":290,"height":290,"mime_type":"image\/jpeg","source_url":"https:\/\/www.tucomarca.com\/wordpress\/segunda\/wp-content\/uploads\/2019\/08\/bezosono-290x290.jpg"},"medium":{"file":"bezosono-300x169.jpg","width":300,"height":169,"mime_type":"image\/jpeg","source_url":"https:\/\/www.tucomarca.com\/wordpress\/segunda\/wp-content\/uploads\/2019\/08\/bezosono-300x169.jpg"},"medium_large":{"file":"bezosono-768x432.jpg","width":768,"height":432,"mime_type":"image\/jpeg","source_url":"https:\/\/www.tucomarca.com\/wordpress\/segunda\/wp-content\/uploads\/2019\/08\/bezosono-768x432.jpg"},"large":{"file":"bezosono-1024x576.jpg","width":1024,"height":576,"mime_type":"image\/jpeg","source_url":"https:\/\/www.tucomarca.com\/wordpress\/segunda\/wp-content\/uploads\/2019\/08\/bezosono-1024x576.jpg"},"rss-image":{"file":"bezosono-300x169.jpg","width":300,"height":169,"mime_type":"image\/jpeg","source_url":"https:\/\/www.tucomarca.com\/wordpress\/segunda\/wp-content\/uploads\/2019\/08\/bezosono-300x169.jpg"},"post-thumbnail":{"file":"bezosono-50x50.jpg","width":50,"height":50,"mime_type":"image\/jpeg","source_url":"https:\/\/www.tucomarca.com\/wordpress\/segunda\/wp-content\/uploads\/2019\/08\/bezosono-50x50.jpg"},"gabfire":{"file":"bezosono-1024x576.jpg","width":1024,"height":576,"mime_type":"image\/jpeg","source_url":"https:\/\/www.tucomarca.com\/wordpress\/segunda\/wp-content\/uploads\/2019\/08\/bezosono-1024x576.jpg"},"full":{"file":"bezosono.jpg","width":5120,"height":2880,"mime_type":"image\/jpeg","source_url":"https:\/\/www.tucomarca.com\/wordpress\/segunda\/wp-content\/uploads\/2019\/08\/bezosono.jpg"}},"image_meta":{"aperture":"0","credit":"","camera":"","caption":"","created_timestamp":"0","copyright":"","focal_length":"0","iso":"0","shutter_speed":"0","title":"","orientation":"1","keywords":[]}},"post":91469,"source_url":"https:\/\/www.tucomarca.com\/wordpress\/segunda\/wp-content\/uploads\/2019\/08\/bezosono.jpg","_links":{"self":[{"href":"https:\/\/www.tucomarca.com\/wordpress\/segunda\/wp-json\/wp\/v2\/media\/91472","targetHints":{"allow":["GET"]}}],"collection":[{"href":"https:\/\/www.tucomarca.com\/wordpress\/segunda\/wp-json\/wp\/v2\/media"}],"about":[{"href":"https:\/\/www.tucomarca.com\/wordpress\/segunda\/wp-json\/wp\/v2\/types\/attachment"}],"author":[{"embeddable":true,"href":"https:\/\/www.tucomarca.com\/wordpress\/segunda\/wp-json\/wp\/v2\/users\/1"}],"replies":[{"embeddable":true,"href":"https:\/\/www.tucomarca.com\/wordpress\/segunda\/wp-json\/wp\/v2\/comments?post=91472"}],"wp:attached-to":[{"embeddable":true,"post_type":"post","id":91469,"href":"https:\/\/www.tucomarca.com\/wordpress\/segunda\/wp-json\/wp\/v2\/posts\/91469"}],"curies":[{"name":"wp","href":"https:\/\/api.w.org\/{rel}","templated":true}]}}

<p class="attachment"><a href='https://www.tucomarca.com/wordpress/segunda/wp-content/uploads/2019/08/bezosono.jpg'><img loading="lazy" decoding="async" width="300" height="169" src="https://www.tucomarca.com/wordpress/segunda/wp-content/uploads/2019/08/bezosono-300x169.jpg" class="attachment-medium size-medium" alt="Una imagen extraída de la retransmisión de la edición de 2019 de tucomarca televisión." srcset="https://www.tucomarca.com/wordpress/segunda/wp-content/uploads/2019/08/bezosono-300x169.jpg 300w, https://www.tucomarca.com/wordpress/segunda/wp-content/uploads/2019/08/bezosono-768x432.jpg 768w, https://www.tucomarca.com/wordpress/segunda/wp-content/uploads/2019/08/bezosono-1024x576.jpg 1024w" sizes="auto, (max-width: 300px) 100vw, 300px" /></a></p>
<p>Una imagen extraída de la retransmisión de la edición de 2019 de tucomarca televisión.</p>

<div class="mh-excerpt">Una imagen extraída de la retransmisión de la edición de 2019 de tucomarca televisión.</div>
<p> <a class="mh-excerpt-more" href="https://www.tucomarca.com/wordpress/segunda/era-jeff-bezos-el-fundador-de-amazon-el-que-estaba-en-la-tomatina-de-bunol-o-no/bezosono/" title="bezosono">[+] </a></p>

Una imagen extraída de la retransmisión de la edición de 2019 de tucomarca televisión.
