{"id":92463,"date":"2019-09-26T19:17:06","date_gmt":"2019-09-26T17:17:06","guid":{"rendered":"http:\/\/www.tucomarca.com\/wordpress\/segunda\/wp-content\/uploads\/2019\/09\/Chestepleno.jpg"},"modified":"2019-09-26T19:17:41","modified_gmt":"2019-09-26T17:17:41","slug":"chestepleno-11","status":"inherit","type":"attachment","link":"https:\/\/www.tucomarca.com\/wordpress\/segunda\/el-pleno-de-cheste-aprueba-la-cuenta-general-2018\/chestepleno-11\/","title":{"rendered":"Chestepleno"},"author":1,"featured_media":0,"comment_status":"open","ping_status":"closed","template":"","meta":[],"class_list":["post-92463","attachment","type-attachment","status-inherit"],"description":{"rendered":"<p class=\"attachment\"><a href='https:\/\/www.tucomarca.com\/wordpress\/segunda\/wp-content\/uploads\/2019\/09\/Chestepleno.jpg'><img loading=\"lazy\" decoding=\"async\" width=\"300\" height=\"200\" src=\"https:\/\/www.tucomarca.com\/wordpress\/segunda\/wp-content\/uploads\/2019\/09\/Chestepleno-300x200.jpg\" class=\"attachment-medium size-medium\" alt=\"En el pleno se aprobaron la cuenta general de 2018, con la abstenci\u00f3n de la oposici\u00f3n, y otros puntos del d\u00eda.\" srcset=\"https:\/\/www.tucomarca.com\/wordpress\/segunda\/wp-content\/uploads\/2019\/09\/Chestepleno-300x200.jpg 300w, https:\/\/www.tucomarca.com\/wordpress\/segunda\/wp-content\/uploads\/2019\/09\/Chestepleno-768x512.jpg 768w, https:\/\/www.tucomarca.com\/wordpress\/segunda\/wp-content\/uploads\/2019\/09\/Chestepleno-1024x683.jpg 1024w\" sizes=\"auto, (max-width: 300px) 100vw, 300px\" \/><\/a><\/p>\n<p>En el pleno se aprobaron la cuenta general de 2018, con la abstenci\u00f3n de la oposici\u00f3n, y otros puntos del d\u00eda.<\/p>\n"},"caption":{"rendered":"<div class=\"mh-excerpt\">En el pleno se aprobaron la cuenta general de 2018, con la abstenci\u00f3n de la oposici\u00f3n, y otros puntos del d\u00eda.<\/div>\n<p> <a class=\"mh-excerpt-more\" href=\"https:\/\/www.tucomarca.com\/wordpress\/segunda\/el-pleno-de-cheste-aprueba-la-cuenta-general-2018\/chestepleno-11\/\" title=\"Chestepleno\">[+] <\/a><\/p>\n"},"alt_text":"En el pleno se aprobaron la cuenta general de 2018, con la abstenci\u00f3n de la oposici\u00f3n, y otros puntos del d\u00eda.","media_type":"image","mime_type":"image\/jpeg","media_details":{"width":5472,"height":3648,"file":"2019\/09\/Chestepleno.jpg","sizes":{"thumbnail":{"file":"Chestepleno-290x290.jpg","width":290,"height":290,"mime_type":"image\/jpeg","source_url":"https:\/\/www.tucomarca.com\/wordpress\/segunda\/wp-content\/uploads\/2019\/09\/Chestepleno-290x290.jpg"},"medium":{"file":"Chestepleno-300x200.jpg","width":300,"height":200,"mime_type":"image\/jpeg","source_url":"https:\/\/www.tucomarca.com\/wordpress\/segunda\/wp-content\/uploads\/2019\/09\/Chestepleno-300x200.jpg"},"medium_large":{"file":"Chestepleno-768x512.jpg","width":768,"height":512,"mime_type":"image\/jpeg","source_url":"https:\/\/www.tucomarca.com\/wordpress\/segunda\/wp-content\/uploads\/2019\/09\/Chestepleno-768x512.jpg"},"large":{"file":"Chestepleno-1024x683.jpg","width":1024,"height":683,"mime_type":"image\/jpeg","source_url":"https:\/\/www.tucomarca.com\/wordpress\/segunda\/wp-content\/uploads\/2019\/09\/Chestepleno-1024x683.jpg"},"rss-image":{"file":"Chestepleno-300x200.jpg","width":300,"height":200,"mime_type":"image\/jpeg","source_url":"https:\/\/www.tucomarca.com\/wordpress\/segunda\/wp-content\/uploads\/2019\/09\/Chestepleno-300x200.jpg"},"post-thumbnail":{"file":"Chestepleno-50x50.jpg","width":50,"height":50,"mime_type":"image\/jpeg","source_url":"https:\/\/www.tucomarca.com\/wordpress\/segunda\/wp-content\/uploads\/2019\/09\/Chestepleno-50x50.jpg"},"gabfire":{"file":"Chestepleno-1024x683.jpg","width":1024,"height":683,"mime_type":"image\/jpeg","source_url":"https:\/\/www.tucomarca.com\/wordpress\/segunda\/wp-content\/uploads\/2019\/09\/Chestepleno-1024x683.jpg"},"full":{"file":"Chestepleno.jpg","width":5472,"height":3648,"mime_type":"image\/jpeg","source_url":"https:\/\/www.tucomarca.com\/wordpress\/segunda\/wp-content\/uploads\/2019\/09\/Chestepleno.jpg"}},"image_meta":{"aperture":"4","credit":"","camera":"Canon EOS 6D","caption":"","created_timestamp":"1569443697","copyright":"","focal_length":"70","iso":"4000","shutter_speed":"0.00625","title":"","orientation":"1","keywords":[]}},"post":92462,"source_url":"https:\/\/www.tucomarca.com\/wordpress\/segunda\/wp-content\/uploads\/2019\/09\/Chestepleno.jpg","_links":{"self":[{"href":"https:\/\/www.tucomarca.com\/wordpress\/segunda\/wp-json\/wp\/v2\/media\/92463","targetHints":{"allow":["GET"]}}],"collection":[{"href":"https:\/\/www.tucomarca.com\/wordpress\/segunda\/wp-json\/wp\/v2\/media"}],"about":[{"href":"https:\/\/www.tucomarca.com\/wordpress\/segunda\/wp-json\/wp\/v2\/types\/attachment"}],"author":[{"embeddable":true,"href":"https:\/\/www.tucomarca.com\/wordpress\/segunda\/wp-json\/wp\/v2\/users\/1"}],"replies":[{"embeddable":true,"href":"https:\/\/www.tucomarca.com\/wordpress\/segunda\/wp-json\/wp\/v2\/comments?post=92463"}],"wp:attached-to":[{"embeddable":true,"post_type":"post","id":92462,"href":"https:\/\/www.tucomarca.com\/wordpress\/segunda\/wp-json\/wp\/v2\/posts\/92462"}],"curies":[{"name":"wp","href":"https:\/\/api.w.org\/{rel}","templated":true}]}}

<p class="attachment"><a href='https://www.tucomarca.com/wordpress/segunda/wp-content/uploads/2019/09/Chestepleno.jpg'><img loading="lazy" decoding="async" width="300" height="200" src="https://www.tucomarca.com/wordpress/segunda/wp-content/uploads/2019/09/Chestepleno-300x200.jpg" class="attachment-medium size-medium" alt="En el pleno se aprobaron la cuenta general de 2018, con la abstención de la oposición, y otros puntos del día." srcset="https://www.tucomarca.com/wordpress/segunda/wp-content/uploads/2019/09/Chestepleno-300x200.jpg 300w, https://www.tucomarca.com/wordpress/segunda/wp-content/uploads/2019/09/Chestepleno-768x512.jpg 768w, https://www.tucomarca.com/wordpress/segunda/wp-content/uploads/2019/09/Chestepleno-1024x683.jpg 1024w" sizes="auto, (max-width: 300px) 100vw, 300px" /></a></p>
<p>En el pleno se aprobaron la cuenta general de 2018, con la abstención de la oposición, y otros puntos del día.</p>

<div class="mh-excerpt">En el pleno se aprobaron la cuenta general de 2018, con la abstención de la oposición, y otros puntos del día.</div>
<p> <a class="mh-excerpt-more" href="https://www.tucomarca.com/wordpress/segunda/el-pleno-de-cheste-aprueba-la-cuenta-general-2018/chestepleno-11/" title="Chestepleno">[+] </a></p>

En el pleno se aprobaron la cuenta general de 2018, con la abstención de la oposición, y otros puntos del día.
