{"id":92695,"date":"2019-10-04T11:28:04","date_gmt":"2019-10-04T09:28:04","guid":{"rendered":"http:\/\/www.tucomarca.com\/wordpress\/segunda\/wp-content\/uploads\/2019\/10\/cartel-titan-filarmonica-5.jpg"},"modified":"2019-10-04T11:28:55","modified_gmt":"2019-10-04T09:28:55","slug":"cartel-titan-filarmonica-5","status":"inherit","type":"attachment","link":"https:\/\/www.tucomarca.com\/wordpress\/segunda\/la-orquesta-filarmonica-de-la-fundacion-ciudad-de-requena-pone-en-atril-titan-de-gustav-mahler-en-su-concierto-de-otono-2019\/cartel-titan-filarmonica-5\/","title":{"rendered":"cartel-titan-filarmonica-5"},"author":2,"featured_media":0,"comment_status":"open","ping_status":"closed","template":"","meta":[],"class_list":["post-92695","attachment","type-attachment","status-inherit"],"description":{"rendered":"<p class=\"attachment\"><a href='https:\/\/www.tucomarca.com\/wordpress\/segunda\/wp-content\/uploads\/2019\/10\/cartel-titan-filarmonica-5.jpg'><img loading=\"lazy\" decoding=\"async\" width=\"212\" height=\"300\" src=\"https:\/\/www.tucomarca.com\/wordpress\/segunda\/wp-content\/uploads\/2019\/10\/cartel-titan-filarmonica-5-212x300.jpg\" class=\"attachment-medium size-medium\" alt=\"La Orquesta Filarm\u00f3nica de la Fundaci\u00f3n Ciudad de Requena pone en atril Tit\u00e1n de Gustav Mahler en su Concierto de Oto\u00f1o 2019.\" srcset=\"https:\/\/www.tucomarca.com\/wordpress\/segunda\/wp-content\/uploads\/2019\/10\/cartel-titan-filarmonica-5-212x300.jpg 212w, https:\/\/www.tucomarca.com\/wordpress\/segunda\/wp-content\/uploads\/2019\/10\/cartel-titan-filarmonica-5.jpg 567w\" sizes=\"auto, (max-width: 212px) 100vw, 212px\" \/><\/a><\/p>\n<p>La Orquesta Filarm\u00f3nica de la Fundaci\u00f3n Ciudad de Requena pone en atril Tit\u00e1n de Gustav Mahler en su Concierto de Oto\u00f1o 2019.<\/p>\n"},"caption":{"rendered":"<div class=\"mh-excerpt\">La Orquesta Filarm\u00f3nica de la Fundaci\u00f3n Ciudad de Requena pone en atril Tit\u00e1n de Gustav Mahler en su Concierto de Oto\u00f1o 2019.<\/div>\n<p> <a class=\"mh-excerpt-more\" href=\"https:\/\/www.tucomarca.com\/wordpress\/segunda\/la-orquesta-filarmonica-de-la-fundacion-ciudad-de-requena-pone-en-atril-titan-de-gustav-mahler-en-su-concierto-de-otono-2019\/cartel-titan-filarmonica-5\/\" title=\"cartel-titan-filarmonica-5\">[+] <\/a><\/p>\n"},"alt_text":"La Orquesta Filarm\u00f3nica de la Fundaci\u00f3n Ciudad de Requena pone en atril Tit\u00e1n de Gustav Mahler en su Concierto de Oto\u00f1o 2019.","media_type":"image","mime_type":"image\/jpeg","media_details":{"width":567,"height":802,"file":"2019\/10\/cartel-titan-filarmonica-5.jpg","sizes":{"thumbnail":{"file":"cartel-titan-filarmonica-5-290x290.jpg","width":290,"height":290,"mime_type":"image\/jpeg","source_url":"https:\/\/www.tucomarca.com\/wordpress\/segunda\/wp-content\/uploads\/2019\/10\/cartel-titan-filarmonica-5-290x290.jpg"},"medium":{"file":"cartel-titan-filarmonica-5-212x300.jpg","width":212,"height":300,"mime_type":"image\/jpeg","source_url":"https:\/\/www.tucomarca.com\/wordpress\/segunda\/wp-content\/uploads\/2019\/10\/cartel-titan-filarmonica-5-212x300.jpg"},"rss-image":{"file":"cartel-titan-filarmonica-5-212x300.jpg","width":212,"height":300,"mime_type":"image\/jpeg","source_url":"https:\/\/www.tucomarca.com\/wordpress\/segunda\/wp-content\/uploads\/2019\/10\/cartel-titan-filarmonica-5-212x300.jpg"},"post-thumbnail":{"file":"cartel-titan-filarmonica-5-50x50.jpg","width":50,"height":50,"mime_type":"image\/jpeg","source_url":"https:\/\/www.tucomarca.com\/wordpress\/segunda\/wp-content\/uploads\/2019\/10\/cartel-titan-filarmonica-5-50x50.jpg"},"full":{"file":"cartel-titan-filarmonica-5.jpg","width":567,"height":802,"mime_type":"image\/jpeg","source_url":"https:\/\/www.tucomarca.com\/wordpress\/segunda\/wp-content\/uploads\/2019\/10\/cartel-titan-filarmonica-5.jpg"}},"image_meta":{"aperture":"0","credit":"","camera":"","caption":"","created_timestamp":"0","copyright":"","focal_length":"0","iso":"0","shutter_speed":"0","title":"","orientation":"1","keywords":[]}},"post":92690,"source_url":"https:\/\/www.tucomarca.com\/wordpress\/segunda\/wp-content\/uploads\/2019\/10\/cartel-titan-filarmonica-5.jpg","_links":{"self":[{"href":"https:\/\/www.tucomarca.com\/wordpress\/segunda\/wp-json\/wp\/v2\/media\/92695","targetHints":{"allow":["GET"]}}],"collection":[{"href":"https:\/\/www.tucomarca.com\/wordpress\/segunda\/wp-json\/wp\/v2\/media"}],"about":[{"href":"https:\/\/www.tucomarca.com\/wordpress\/segunda\/wp-json\/wp\/v2\/types\/attachment"}],"author":[{"embeddable":true,"href":"https:\/\/www.tucomarca.com\/wordpress\/segunda\/wp-json\/wp\/v2\/users\/2"}],"replies":[{"embeddable":true,"href":"https:\/\/www.tucomarca.com\/wordpress\/segunda\/wp-json\/wp\/v2\/comments?post=92695"}],"wp:attached-to":[{"embeddable":true,"post_type":"post","id":92690,"href":"https:\/\/www.tucomarca.com\/wordpress\/segunda\/wp-json\/wp\/v2\/posts\/92690"}],"curies":[{"name":"wp","href":"https:\/\/api.w.org\/{rel}","templated":true}]}}

<p class="attachment"><a href='https://www.tucomarca.com/wordpress/segunda/wp-content/uploads/2019/10/cartel-titan-filarmonica-5.jpg'><img loading="lazy" decoding="async" width="212" height="300" src="https://www.tucomarca.com/wordpress/segunda/wp-content/uploads/2019/10/cartel-titan-filarmonica-5-212x300.jpg" class="attachment-medium size-medium" alt="La Orquesta Filarmónica de la Fundación Ciudad de Requena pone en atril Titán de Gustav Mahler en su Concierto de Otoño 2019." srcset="https://www.tucomarca.com/wordpress/segunda/wp-content/uploads/2019/10/cartel-titan-filarmonica-5-212x300.jpg 212w, https://www.tucomarca.com/wordpress/segunda/wp-content/uploads/2019/10/cartel-titan-filarmonica-5.jpg 567w" sizes="auto, (max-width: 212px) 100vw, 212px" /></a></p>
<p>La Orquesta Filarmónica de la Fundación Ciudad de Requena pone en atril Titán de Gustav Mahler en su Concierto de Otoño 2019.</p>

<div class="mh-excerpt">La Orquesta Filarmónica de la Fundación Ciudad de Requena pone en atril Titán de Gustav Mahler en su Concierto de Otoño 2019.</div>
<p> <a class="mh-excerpt-more" href="https://www.tucomarca.com/wordpress/segunda/la-orquesta-filarmonica-de-la-fundacion-ciudad-de-requena-pone-en-atril-titan-de-gustav-mahler-en-su-concierto-de-otono-2019/cartel-titan-filarmonica-5/" title="cartel-titan-filarmonica-5">[+] </a></p>

La Orquesta Filarmónica de la Fundación Ciudad de Requena pone en atril Titán de Gustav Mahler en su Concierto de Otoño 2019.
