{"id":93110,"date":"2019-10-07T19:51:39","date_gmt":"2019-10-07T17:51:39","guid":{"rendered":"http:\/\/www.tucomarca.com\/wordpress\/segunda\/wp-content\/uploads\/2019\/10\/10_FARANDULA.jpg"},"modified":"2019-10-07T19:53:01","modified_gmt":"2019-10-07T17:53:01","slug":"10_farandula","status":"inherit","type":"attachment","link":"https:\/\/www.tucomarca.com\/wordpress\/segunda\/fotogaleria-ovacion-final-del-publico-de-cheste-a-la-obra-de-farandula-teatro-no-olvideis-sus-voces\/10_farandula\/","title":{"rendered":"Ovaci\u00f3n final del p\u00fablico a la obra de Far\u00e1ndula Teatro \u201cNo olvid\u00e9is sus voces\u201d."},"author":12,"featured_media":0,"comment_status":"open","ping_status":"closed","template":"","meta":[],"class_list":["post-93110","attachment","type-attachment","status-inherit"],"description":{"rendered":"<p class=\"attachment\"><a href='https:\/\/www.tucomarca.com\/wordpress\/segunda\/wp-content\/uploads\/2019\/10\/10_FARANDULA.jpg'><img loading=\"lazy\" decoding=\"async\" width=\"300\" height=\"200\" src=\"https:\/\/www.tucomarca.com\/wordpress\/segunda\/wp-content\/uploads\/2019\/10\/10_FARANDULA-300x200.jpg\" class=\"attachment-medium size-medium\" alt=\"\" srcset=\"https:\/\/www.tucomarca.com\/wordpress\/segunda\/wp-content\/uploads\/2019\/10\/10_FARANDULA-300x200.jpg 300w, https:\/\/www.tucomarca.com\/wordpress\/segunda\/wp-content\/uploads\/2019\/10\/10_FARANDULA-768x513.jpg 768w, https:\/\/www.tucomarca.com\/wordpress\/segunda\/wp-content\/uploads\/2019\/10\/10_FARANDULA-1024x683.jpg 1024w\" sizes=\"auto, (max-width: 300px) 100vw, 300px\" \/><\/a><\/p>\n<p>Ovaci\u00f3n final del p\u00fablico a la obra de Far\u00e1ndula Teatro \u201cNo olvid\u00e9is sus voces\u201d.<\/p>\n"},"caption":{"rendered":"<div class=\"mh-excerpt\">Ovaci\u00f3n final del p\u00fablico a la obra de Far\u00e1ndula Teatro \u201cNo olvid\u00e9is sus voces\u201d.<\/div>\n<p> <a class=\"mh-excerpt-more\" href=\"https:\/\/www.tucomarca.com\/wordpress\/segunda\/fotogaleria-ovacion-final-del-publico-de-cheste-a-la-obra-de-farandula-teatro-no-olvideis-sus-voces\/10_farandula\/\" title=\"Ovaci\u00f3n final del p\u00fablico a la obra de Far\u00e1ndula Teatro \u201cNo olvid\u00e9is sus voces\u201d.\">[+] <\/a><\/p>\n"},"alt_text":"","media_type":"image","mime_type":"image\/jpeg","media_details":{"width":6315,"height":4215,"file":"2019\/10\/10_FARANDULA.jpg","sizes":{"thumbnail":{"file":"10_FARANDULA-290x290.jpg","width":290,"height":290,"mime_type":"image\/jpeg","source_url":"https:\/\/www.tucomarca.com\/wordpress\/segunda\/wp-content\/uploads\/2019\/10\/10_FARANDULA-290x290.jpg"},"medium":{"file":"10_FARANDULA-300x200.jpg","width":300,"height":200,"mime_type":"image\/jpeg","source_url":"https:\/\/www.tucomarca.com\/wordpress\/segunda\/wp-content\/uploads\/2019\/10\/10_FARANDULA-300x200.jpg"},"medium_large":{"file":"10_FARANDULA-768x513.jpg","width":768,"height":513,"mime_type":"image\/jpeg","source_url":"https:\/\/www.tucomarca.com\/wordpress\/segunda\/wp-content\/uploads\/2019\/10\/10_FARANDULA-768x513.jpg"},"large":{"file":"10_FARANDULA-1024x683.jpg","width":1024,"height":683,"mime_type":"image\/jpeg","source_url":"https:\/\/www.tucomarca.com\/wordpress\/segunda\/wp-content\/uploads\/2019\/10\/10_FARANDULA-1024x683.jpg"},"rss-image":{"file":"10_FARANDULA-300x200.jpg","width":300,"height":200,"mime_type":"image\/jpeg","source_url":"https:\/\/www.tucomarca.com\/wordpress\/segunda\/wp-content\/uploads\/2019\/10\/10_FARANDULA-300x200.jpg"},"mh-magazine-slider":{"file":"10_FARANDULA-1030x438.jpg","width":1030,"height":438,"mime_type":"image\/jpeg","source_url":"https:\/\/www.tucomarca.com\/wordpress\/segunda\/wp-content\/uploads\/2019\/10\/10_FARANDULA-1030x438.jpg"},"mh-magazine-content":{"file":"10_FARANDULA-678x381.jpg","width":678,"height":381,"mime_type":"image\/jpeg","source_url":"https:\/\/www.tucomarca.com\/wordpress\/segunda\/wp-content\/uploads\/2019\/10\/10_FARANDULA-678x381.jpg"},"mh-magazine-large":{"file":"10_FARANDULA-678x509.jpg","width":678,"height":509,"mime_type":"image\/jpeg","source_url":"https:\/\/www.tucomarca.com\/wordpress\/segunda\/wp-content\/uploads\/2019\/10\/10_FARANDULA-678x509.jpg"},"mh-magazine-medium":{"file":"10_FARANDULA-326x245.jpg","width":326,"height":245,"mime_type":"image\/jpeg","source_url":"https:\/\/www.tucomarca.com\/wordpress\/segunda\/wp-content\/uploads\/2019\/10\/10_FARANDULA-326x245.jpg"},"mh-magazine-small":{"file":"10_FARANDULA-80x60.jpg","width":80,"height":60,"mime_type":"image\/jpeg","source_url":"https:\/\/www.tucomarca.com\/wordpress\/segunda\/wp-content\/uploads\/2019\/10\/10_FARANDULA-80x60.jpg"},"full":{"file":"10_FARANDULA.jpg","width":6315,"height":4215,"mime_type":"image\/jpeg","source_url":"https:\/\/www.tucomarca.com\/wordpress\/segunda\/wp-content\/uploads\/2019\/10\/10_FARANDULA.jpg"}},"image_meta":{"aperture":"4","credit":"","camera":"NIKON D810","caption":"","created_timestamp":"1388630422","copyright":"","focal_length":"75","iso":"3200","shutter_speed":"0.005","title":"","orientation":"1","keywords":[]}},"post":93108,"source_url":"https:\/\/www.tucomarca.com\/wordpress\/segunda\/wp-content\/uploads\/2019\/10\/10_FARANDULA.jpg","_links":{"self":[{"href":"https:\/\/www.tucomarca.com\/wordpress\/segunda\/wp-json\/wp\/v2\/media\/93110","targetHints":{"allow":["GET"]}}],"collection":[{"href":"https:\/\/www.tucomarca.com\/wordpress\/segunda\/wp-json\/wp\/v2\/media"}],"about":[{"href":"https:\/\/www.tucomarca.com\/wordpress\/segunda\/wp-json\/wp\/v2\/types\/attachment"}],"author":[{"embeddable":true,"href":"https:\/\/www.tucomarca.com\/wordpress\/segunda\/wp-json\/wp\/v2\/users\/12"}],"replies":[{"embeddable":true,"href":"https:\/\/www.tucomarca.com\/wordpress\/segunda\/wp-json\/wp\/v2\/comments?post=93110"}],"wp:attached-to":[{"embeddable":true,"post_type":"post","id":93108,"href":"https:\/\/www.tucomarca.com\/wordpress\/segunda\/wp-json\/wp\/v2\/posts\/93108"}],"curies":[{"name":"wp","href":"https:\/\/api.w.org\/{rel}","templated":true}]}}

Ovación final del público a la obra de Farándula Teatro “No olvidéis sus voces”.

<p class="attachment"><a href='https://www.tucomarca.com/wordpress/segunda/wp-content/uploads/2019/10/10_FARANDULA.jpg'><img loading="lazy" decoding="async" width="300" height="200" src="https://www.tucomarca.com/wordpress/segunda/wp-content/uploads/2019/10/10_FARANDULA-300x200.jpg" class="attachment-medium size-medium" alt="" srcset="https://www.tucomarca.com/wordpress/segunda/wp-content/uploads/2019/10/10_FARANDULA-300x200.jpg 300w, https://www.tucomarca.com/wordpress/segunda/wp-content/uploads/2019/10/10_FARANDULA-768x513.jpg 768w, https://www.tucomarca.com/wordpress/segunda/wp-content/uploads/2019/10/10_FARANDULA-1024x683.jpg 1024w" sizes="auto, (max-width: 300px) 100vw, 300px" /></a></p>
<p>Ovación final del público a la obra de Farándula Teatro “No olvidéis sus voces”.</p>

<div class="mh-excerpt">Ovación final del público a la obra de Farándula Teatro “No olvidéis sus voces”.</div>
<p> <a class="mh-excerpt-more" href="https://www.tucomarca.com/wordpress/segunda/fotogaleria-ovacion-final-del-publico-de-cheste-a-la-obra-de-farandula-teatro-no-olvideis-sus-voces/10_farandula/" title="Ovación final del público a la obra de Farándula Teatro “No olvidéis sus voces”.">[+] </a></p>
