{"id":95215,"date":"2019-11-04T14:10:49","date_gmt":"2019-11-04T12:10:49","guid":{"rendered":"http:\/\/www.tucomarca.com\/wordpress\/segunda\/wp-content\/uploads\/2019\/11\/mancomunidadHoya.jpg"},"modified":"2019-11-04T14:11:28","modified_gmt":"2019-11-04T12:11:28","slug":"mancomunidadhoya","status":"inherit","type":"attachment","link":"https:\/\/www.tucomarca.com\/wordpress\/segunda\/la-mancomunidad-de-la-hoya-dispondra-a-partir-de-enero-de-una-oficina-de-asesoramiento-para-personas-con-discapacidad\/mancomunidadhoya\/","title":{"rendered":"Reuni\u00f3n mantenida entre Miguel T\u00f3rtola, Pascual Castell\u00f3 y Pepa Gimeno."},"author":1,"featured_media":0,"comment_status":"open","ping_status":"closed","template":"","meta":[],"class_list":["post-95215","attachment","type-attachment","status-inherit"],"description":{"rendered":"<p class=\"attachment\"><a href='https:\/\/www.tucomarca.com\/wordpress\/segunda\/wp-content\/uploads\/2019\/11\/mancomunidadHoya.jpg'><img loading=\"lazy\" decoding=\"async\" width=\"300\" height=\"176\" src=\"https:\/\/www.tucomarca.com\/wordpress\/segunda\/wp-content\/uploads\/2019\/11\/mancomunidadHoya-300x176.jpg\" class=\"attachment-medium size-medium\" alt=\"Reuni\u00f3n mantenida entre Miguel T\u00f3rtola, Pascual Castell\u00f3 y Pepa Gimeno.\" srcset=\"https:\/\/www.tucomarca.com\/wordpress\/segunda\/wp-content\/uploads\/2019\/11\/mancomunidadHoya-300x176.jpg 300w, https:\/\/www.tucomarca.com\/wordpress\/segunda\/wp-content\/uploads\/2019\/11\/mancomunidadHoya-768x450.jpg 768w, https:\/\/www.tucomarca.com\/wordpress\/segunda\/wp-content\/uploads\/2019\/11\/mancomunidadHoya-1024x600.jpg 1024w, https:\/\/www.tucomarca.com\/wordpress\/segunda\/wp-content\/uploads\/2019\/11\/mancomunidadHoya.jpg 1653w\" sizes=\"auto, (max-width: 300px) 100vw, 300px\" \/><\/a><\/p>\n<p>Reuni\u00f3n mantenida entre Miguel T\u00f3rtola, Pascual Castell\u00f3 y Pepa Gimeno.<\/p>\n"},"caption":{"rendered":"<div class=\"mh-excerpt\">Reuni\u00f3n mantenida entre Miguel T\u00f3rtola, Pascual Castell\u00f3 y Pepa Gimeno.<\/div>\n<p> <a class=\"mh-excerpt-more\" href=\"https:\/\/www.tucomarca.com\/wordpress\/segunda\/la-mancomunidad-de-la-hoya-dispondra-a-partir-de-enero-de-una-oficina-de-asesoramiento-para-personas-con-discapacidad\/mancomunidadhoya\/\" title=\"Reuni\u00f3n mantenida entre Miguel T\u00f3rtola, Pascual Castell\u00f3 y Pepa Gimeno.\">[+] <\/a><\/p>\n"},"alt_text":"Reuni\u00f3n mantenida entre Miguel T\u00f3rtola, Pascual Castell\u00f3 y Pepa Gimeno.","media_type":"image","mime_type":"image\/jpeg","media_details":{"width":1653,"height":968,"file":"2019\/11\/mancomunidadHoya.jpg","sizes":{"thumbnail":{"file":"mancomunidadHoya-290x290.jpg","width":290,"height":290,"mime_type":"image\/jpeg","source_url":"https:\/\/www.tucomarca.com\/wordpress\/segunda\/wp-content\/uploads\/2019\/11\/mancomunidadHoya-290x290.jpg"},"medium":{"file":"mancomunidadHoya-300x176.jpg","width":300,"height":176,"mime_type":"image\/jpeg","source_url":"https:\/\/www.tucomarca.com\/wordpress\/segunda\/wp-content\/uploads\/2019\/11\/mancomunidadHoya-300x176.jpg"},"medium_large":{"file":"mancomunidadHoya-768x450.jpg","width":768,"height":450,"mime_type":"image\/jpeg","source_url":"https:\/\/www.tucomarca.com\/wordpress\/segunda\/wp-content\/uploads\/2019\/11\/mancomunidadHoya-768x450.jpg"},"large":{"file":"mancomunidadHoya-1024x600.jpg","width":1024,"height":600,"mime_type":"image\/jpeg","source_url":"https:\/\/www.tucomarca.com\/wordpress\/segunda\/wp-content\/uploads\/2019\/11\/mancomunidadHoya-1024x600.jpg"},"mh-magazine-slider":{"file":"mancomunidadHoya-1030x438.jpg","width":1030,"height":438,"mime_type":"image\/jpeg","source_url":"https:\/\/www.tucomarca.com\/wordpress\/segunda\/wp-content\/uploads\/2019\/11\/mancomunidadHoya-1030x438.jpg"},"mh-magazine-content":{"file":"mancomunidadHoya-678x381.jpg","width":678,"height":381,"mime_type":"image\/jpeg","source_url":"https:\/\/www.tucomarca.com\/wordpress\/segunda\/wp-content\/uploads\/2019\/11\/mancomunidadHoya-678x381.jpg"},"mh-magazine-large":{"file":"mancomunidadHoya-678x509.jpg","width":678,"height":509,"mime_type":"image\/jpeg","source_url":"https:\/\/www.tucomarca.com\/wordpress\/segunda\/wp-content\/uploads\/2019\/11\/mancomunidadHoya-678x509.jpg"},"mh-magazine-medium":{"file":"mancomunidadHoya-326x245.jpg","width":326,"height":245,"mime_type":"image\/jpeg","source_url":"https:\/\/www.tucomarca.com\/wordpress\/segunda\/wp-content\/uploads\/2019\/11\/mancomunidadHoya-326x245.jpg"},"mh-magazine-small":{"file":"mancomunidadHoya-80x60.jpg","width":80,"height":60,"mime_type":"image\/jpeg","source_url":"https:\/\/www.tucomarca.com\/wordpress\/segunda\/wp-content\/uploads\/2019\/11\/mancomunidadHoya-80x60.jpg"},"full":{"file":"mancomunidadHoya.jpg","width":1653,"height":968,"mime_type":"image\/jpeg","source_url":"https:\/\/www.tucomarca.com\/wordpress\/segunda\/wp-content\/uploads\/2019\/11\/mancomunidadHoya.jpg"}},"image_meta":{"aperture":"0","credit":"","camera":"","caption":"","created_timestamp":"0","copyright":"","focal_length":"0","iso":"0","shutter_speed":"0","title":"","orientation":"0","keywords":[]}},"post":95214,"source_url":"https:\/\/www.tucomarca.com\/wordpress\/segunda\/wp-content\/uploads\/2019\/11\/mancomunidadHoya.jpg","_links":{"self":[{"href":"https:\/\/www.tucomarca.com\/wordpress\/segunda\/wp-json\/wp\/v2\/media\/95215","targetHints":{"allow":["GET"]}}],"collection":[{"href":"https:\/\/www.tucomarca.com\/wordpress\/segunda\/wp-json\/wp\/v2\/media"}],"about":[{"href":"https:\/\/www.tucomarca.com\/wordpress\/segunda\/wp-json\/wp\/v2\/types\/attachment"}],"author":[{"embeddable":true,"href":"https:\/\/www.tucomarca.com\/wordpress\/segunda\/wp-json\/wp\/v2\/users\/1"}],"replies":[{"embeddable":true,"href":"https:\/\/www.tucomarca.com\/wordpress\/segunda\/wp-json\/wp\/v2\/comments?post=95215"}],"wp:attached-to":[{"embeddable":true,"post_type":"post","id":95214,"href":"https:\/\/www.tucomarca.com\/wordpress\/segunda\/wp-json\/wp\/v2\/posts\/95214"}],"curies":[{"name":"wp","href":"https:\/\/api.w.org\/{rel}","templated":true}]}}

Reunión mantenida entre Miguel Tórtola, Pascual Castelló y Pepa Gimeno.

<p class="attachment"><a href='https://www.tucomarca.com/wordpress/segunda/wp-content/uploads/2019/11/mancomunidadHoya.jpg'><img loading="lazy" decoding="async" width="300" height="176" src="https://www.tucomarca.com/wordpress/segunda/wp-content/uploads/2019/11/mancomunidadHoya-300x176.jpg" class="attachment-medium size-medium" alt="Reunión mantenida entre Miguel Tórtola, Pascual Castelló y Pepa Gimeno." srcset="https://www.tucomarca.com/wordpress/segunda/wp-content/uploads/2019/11/mancomunidadHoya-300x176.jpg 300w, https://www.tucomarca.com/wordpress/segunda/wp-content/uploads/2019/11/mancomunidadHoya-768x450.jpg 768w, https://www.tucomarca.com/wordpress/segunda/wp-content/uploads/2019/11/mancomunidadHoya-1024x600.jpg 1024w, https://www.tucomarca.com/wordpress/segunda/wp-content/uploads/2019/11/mancomunidadHoya.jpg 1653w" sizes="auto, (max-width: 300px) 100vw, 300px" /></a></p>
<p>Reunión mantenida entre Miguel Tórtola, Pascual Castelló y Pepa Gimeno.</p>

<div class="mh-excerpt">Reunión mantenida entre Miguel Tórtola, Pascual Castelló y Pepa Gimeno.</div>
<p> <a class="mh-excerpt-more" href="https://www.tucomarca.com/wordpress/segunda/la-mancomunidad-de-la-hoya-dispondra-a-partir-de-enero-de-una-oficina-de-asesoramiento-para-personas-con-discapacidad/mancomunidadhoya/" title="Reunión mantenida entre Miguel Tórtola, Pascual Castelló y Pepa Gimeno.">[+] </a></p>
