{"id":95397,"date":"2019-11-07T15:56:19","date_gmt":"2019-11-07T13:56:19","guid":{"rendered":"http:\/\/www.tucomarca.com\/wordpress\/segunda\/wp-content\/uploads\/2019\/11\/periplos.jpg"},"modified":"2019-11-07T15:57:08","modified_gmt":"2019-11-07T13:57:08","slug":"periplos","status":"inherit","type":"attachment","link":"https:\/\/www.tucomarca.com\/wordpress\/segunda\/alexis-diaz-inaugura-su-exposicion-periplos-dentro-de-la-vii-bienal-de-artes\/periplos\/","title":{"rendered":"periplos"},"author":12,"featured_media":0,"comment_status":"open","ping_status":"closed","template":"","meta":[],"class_list":["post-95397","attachment","type-attachment","status-inherit"],"description":{"rendered":"<p class=\"attachment\"><a href='https:\/\/www.tucomarca.com\/wordpress\/segunda\/wp-content\/uploads\/2019\/11\/periplos.jpg'><img loading=\"lazy\" decoding=\"async\" width=\"212\" height=\"300\" src=\"https:\/\/www.tucomarca.com\/wordpress\/segunda\/wp-content\/uploads\/2019\/11\/periplos-212x300.jpg\" class=\"attachment-medium size-medium\" alt=\"Alexis D\u00edaz, inaugurar\u00e1 este viernes 8 de noviembre, a las 19 h, su exposici\u00f3n \u201cPeriplos\u201d.\" srcset=\"https:\/\/www.tucomarca.com\/wordpress\/segunda\/wp-content\/uploads\/2019\/11\/periplos-212x300.jpg 212w, https:\/\/www.tucomarca.com\/wordpress\/segunda\/wp-content\/uploads\/2019\/11\/periplos.jpg 591w\" sizes=\"auto, (max-width: 212px) 100vw, 212px\" \/><\/a><\/p>\n<p>Alexis D\u00edaz, inaugurar\u00e1 este viernes 8 de noviembre, a las 19 h, su exposici\u00f3n \u201cPeriplos\u201d.<\/p>\n"},"caption":{"rendered":"<div class=\"mh-excerpt\">Alexis D\u00edaz, inaugurar\u00e1 este viernes 8 de noviembre, a las 19 h, su exposici\u00f3n \u201cPeriplos\u201d.<\/div>\n<p> <a class=\"mh-excerpt-more\" href=\"https:\/\/www.tucomarca.com\/wordpress\/segunda\/alexis-diaz-inaugura-su-exposicion-periplos-dentro-de-la-vii-bienal-de-artes\/periplos\/\" title=\"periplos\">[+] <\/a><\/p>\n"},"alt_text":"Alexis D\u00edaz, inaugurar\u00e1 este viernes 8 de noviembre, a las 19 h, su exposici\u00f3n \u201cPeriplos\u201d.","media_type":"image","mime_type":"image\/jpeg","media_details":{"width":591,"height":835,"file":"2019\/11\/periplos.jpg","sizes":{"thumbnail":{"file":"periplos-290x290.jpg","width":290,"height":290,"mime_type":"image\/jpeg","source_url":"https:\/\/www.tucomarca.com\/wordpress\/segunda\/wp-content\/uploads\/2019\/11\/periplos-290x290.jpg"},"medium":{"file":"periplos-212x300.jpg","width":212,"height":300,"mime_type":"image\/jpeg","source_url":"https:\/\/www.tucomarca.com\/wordpress\/segunda\/wp-content\/uploads\/2019\/11\/periplos-212x300.jpg"},"mh-magazine-slider":{"file":"periplos-591x438.jpg","width":591,"height":438,"mime_type":"image\/jpeg","source_url":"https:\/\/www.tucomarca.com\/wordpress\/segunda\/wp-content\/uploads\/2019\/11\/periplos-591x438.jpg"},"mh-magazine-content":{"file":"periplos-591x381.jpg","width":591,"height":381,"mime_type":"image\/jpeg","source_url":"https:\/\/www.tucomarca.com\/wordpress\/segunda\/wp-content\/uploads\/2019\/11\/periplos-591x381.jpg"},"mh-magazine-large":{"file":"periplos-591x509.jpg","width":591,"height":509,"mime_type":"image\/jpeg","source_url":"https:\/\/www.tucomarca.com\/wordpress\/segunda\/wp-content\/uploads\/2019\/11\/periplos-591x509.jpg"},"mh-magazine-medium":{"file":"periplos-326x245.jpg","width":326,"height":245,"mime_type":"image\/jpeg","source_url":"https:\/\/www.tucomarca.com\/wordpress\/segunda\/wp-content\/uploads\/2019\/11\/periplos-326x245.jpg"},"mh-magazine-small":{"file":"periplos-80x60.jpg","width":80,"height":60,"mime_type":"image\/jpeg","source_url":"https:\/\/www.tucomarca.com\/wordpress\/segunda\/wp-content\/uploads\/2019\/11\/periplos-80x60.jpg"},"full":{"file":"periplos.jpg","width":591,"height":835,"mime_type":"image\/jpeg","source_url":"https:\/\/www.tucomarca.com\/wordpress\/segunda\/wp-content\/uploads\/2019\/11\/periplos.jpg"}},"image_meta":{"aperture":"0","credit":"bibliotecabunyol","camera":"","caption":"","created_timestamp":"0","copyright":"","focal_length":"0","iso":"0","shutter_speed":"0","title":"","orientation":"1","keywords":[]}},"post":95396,"source_url":"https:\/\/www.tucomarca.com\/wordpress\/segunda\/wp-content\/uploads\/2019\/11\/periplos.jpg","_links":{"self":[{"href":"https:\/\/www.tucomarca.com\/wordpress\/segunda\/wp-json\/wp\/v2\/media\/95397","targetHints":{"allow":["GET"]}}],"collection":[{"href":"https:\/\/www.tucomarca.com\/wordpress\/segunda\/wp-json\/wp\/v2\/media"}],"about":[{"href":"https:\/\/www.tucomarca.com\/wordpress\/segunda\/wp-json\/wp\/v2\/types\/attachment"}],"author":[{"embeddable":true,"href":"https:\/\/www.tucomarca.com\/wordpress\/segunda\/wp-json\/wp\/v2\/users\/12"}],"replies":[{"embeddable":true,"href":"https:\/\/www.tucomarca.com\/wordpress\/segunda\/wp-json\/wp\/v2\/comments?post=95397"}],"wp:attached-to":[{"embeddable":true,"post_type":"post","id":95396,"href":"https:\/\/www.tucomarca.com\/wordpress\/segunda\/wp-json\/wp\/v2\/posts\/95396"}],"curies":[{"name":"wp","href":"https:\/\/api.w.org\/{rel}","templated":true}]}}

<p class="attachment"><a href='https://www.tucomarca.com/wordpress/segunda/wp-content/uploads/2019/11/periplos.jpg'><img loading="lazy" decoding="async" width="212" height="300" src="https://www.tucomarca.com/wordpress/segunda/wp-content/uploads/2019/11/periplos-212x300.jpg" class="attachment-medium size-medium" alt="Alexis Díaz, inaugurará este viernes 8 de noviembre, a las 19 h, su exposición “Periplos”." srcset="https://www.tucomarca.com/wordpress/segunda/wp-content/uploads/2019/11/periplos-212x300.jpg 212w, https://www.tucomarca.com/wordpress/segunda/wp-content/uploads/2019/11/periplos.jpg 591w" sizes="auto, (max-width: 212px) 100vw, 212px" /></a></p>
<p>Alexis Díaz, inaugurará este viernes 8 de noviembre, a las 19 h, su exposición “Periplos”.</p>

<div class="mh-excerpt">Alexis Díaz, inaugurará este viernes 8 de noviembre, a las 19 h, su exposición “Periplos”.</div>
<p> <a class="mh-excerpt-more" href="https://www.tucomarca.com/wordpress/segunda/alexis-diaz-inaugura-su-exposicion-periplos-dentro-de-la-vii-bienal-de-artes/periplos/" title="periplos">[+] </a></p>

Alexis Díaz, inaugurará este viernes 8 de noviembre, a las 19 h, su exposición “Periplos”.
