{"id":96647,"date":"2019-11-28T02:26:31","date_gmt":"2019-11-28T00:26:31","guid":{"rendered":"http:\/\/www.tucomarca.com\/wordpress\/segunda\/wp-content\/uploads\/2019\/11\/TalleresEliana.jpeg"},"modified":"2019-11-28T02:27:04","modified_gmt":"2019-11-28T00:27:04","slug":"tallereseliana","status":"inherit","type":"attachment","link":"https:\/\/www.tucomarca.com\/wordpress\/segunda\/la-diputacion-imparte-talleres-de-prevencion-de-drogodependencias-en-los-colegios-virgen-del-carmen-y-el-garbi\/tallereseliana\/","title":{"rendered":"TalleresEliana"},"author":12,"featured_media":0,"comment_status":"open","ping_status":"closed","template":"","meta":[],"class_list":["post-96647","attachment","type-attachment","status-inherit"],"description":{"rendered":"<p class=\"attachment\"><a href='https:\/\/www.tucomarca.com\/wordpress\/segunda\/wp-content\/uploads\/2019\/11\/TalleresEliana.jpeg'><img loading=\"lazy\" decoding=\"async\" width=\"300\" height=\"169\" src=\"https:\/\/www.tucomarca.com\/wordpress\/segunda\/wp-content\/uploads\/2019\/11\/TalleresEliana-300x169.jpeg\" class=\"attachment-medium size-medium\" alt=\"La Diputaci\u00f3n imparte talleres de prevenci\u00f3n de drogodependencias en los colegios Virgen del Carmen y El Garb\u00ed.\" srcset=\"https:\/\/www.tucomarca.com\/wordpress\/segunda\/wp-content\/uploads\/2019\/11\/TalleresEliana-300x169.jpeg 300w, https:\/\/www.tucomarca.com\/wordpress\/segunda\/wp-content\/uploads\/2019\/11\/TalleresEliana-768x432.jpeg 768w, https:\/\/www.tucomarca.com\/wordpress\/segunda\/wp-content\/uploads\/2019\/11\/TalleresEliana-678x381.jpeg 678w, https:\/\/www.tucomarca.com\/wordpress\/segunda\/wp-content\/uploads\/2019\/11\/TalleresEliana.jpeg 787w\" sizes=\"auto, (max-width: 300px) 100vw, 300px\" \/><\/a><\/p>\n<p>La Diputaci\u00f3n imparte talleres de prevenci\u00f3n de drogodependencias en los<br \/>\ncolegios Virgen del Carmen y El Garb\u00ed.<\/p>\n"},"caption":{"rendered":"<div class=\"mh-excerpt\">La Diputaci\u00f3n imparte talleres de prevenci\u00f3n de drogodependencias en los<br \/>\ncolegios Virgen del Carmen y El Garb\u00ed.<\/div>\n<p> <a class=\"mh-excerpt-more\" href=\"https:\/\/www.tucomarca.com\/wordpress\/segunda\/la-diputacion-imparte-talleres-de-prevencion-de-drogodependencias-en-los-colegios-virgen-del-carmen-y-el-garbi\/tallereseliana\/\" title=\"TalleresEliana\">[+] <\/a><\/p>\n"},"alt_text":"La Diputaci\u00f3n imparte talleres de prevenci\u00f3n de drogodependencias en los colegios Virgen del Carmen y El Garb\u00ed.","media_type":"image","mime_type":"image\/jpeg","media_details":{"width":787,"height":443,"file":"2019\/11\/TalleresEliana.jpeg","sizes":{"thumbnail":{"file":"TalleresEliana-290x290.jpeg","width":290,"height":290,"mime_type":"image\/jpeg","source_url":"https:\/\/www.tucomarca.com\/wordpress\/segunda\/wp-content\/uploads\/2019\/11\/TalleresEliana-290x290.jpeg"},"medium":{"file":"TalleresEliana-300x169.jpeg","width":300,"height":169,"mime_type":"image\/jpeg","source_url":"https:\/\/www.tucomarca.com\/wordpress\/segunda\/wp-content\/uploads\/2019\/11\/TalleresEliana-300x169.jpeg"},"medium_large":{"file":"TalleresEliana-768x432.jpeg","width":768,"height":432,"mime_type":"image\/jpeg","source_url":"https:\/\/www.tucomarca.com\/wordpress\/segunda\/wp-content\/uploads\/2019\/11\/TalleresEliana-768x432.jpeg"},"mh-magazine-slider":{"file":"TalleresEliana-787x438.jpeg","width":787,"height":438,"mime_type":"image\/jpeg","source_url":"https:\/\/www.tucomarca.com\/wordpress\/segunda\/wp-content\/uploads\/2019\/11\/TalleresEliana-787x438.jpeg"},"mh-magazine-content":{"file":"TalleresEliana-678x381.jpeg","width":678,"height":381,"mime_type":"image\/jpeg","source_url":"https:\/\/www.tucomarca.com\/wordpress\/segunda\/wp-content\/uploads\/2019\/11\/TalleresEliana-678x381.jpeg"},"mh-magazine-large":{"file":"TalleresEliana-678x443.jpeg","width":678,"height":443,"mime_type":"image\/jpeg","source_url":"https:\/\/www.tucomarca.com\/wordpress\/segunda\/wp-content\/uploads\/2019\/11\/TalleresEliana-678x443.jpeg"},"mh-magazine-medium":{"file":"TalleresEliana-326x245.jpeg","width":326,"height":245,"mime_type":"image\/jpeg","source_url":"https:\/\/www.tucomarca.com\/wordpress\/segunda\/wp-content\/uploads\/2019\/11\/TalleresEliana-326x245.jpeg"},"mh-magazine-small":{"file":"TalleresEliana-80x60.jpeg","width":80,"height":60,"mime_type":"image\/jpeg","source_url":"https:\/\/www.tucomarca.com\/wordpress\/segunda\/wp-content\/uploads\/2019\/11\/TalleresEliana-80x60.jpeg"},"full":{"file":"TalleresEliana.jpeg","width":787,"height":443,"mime_type":"image\/jpeg","source_url":"https:\/\/www.tucomarca.com\/wordpress\/segunda\/wp-content\/uploads\/2019\/11\/TalleresEliana.jpeg"}},"image_meta":{"aperture":"0","credit":"","camera":"","caption":"","created_timestamp":"0","copyright":"","focal_length":"0","iso":"0","shutter_speed":"0","title":"","orientation":"1","keywords":[]}},"post":96645,"source_url":"https:\/\/www.tucomarca.com\/wordpress\/segunda\/wp-content\/uploads\/2019\/11\/TalleresEliana.jpeg","_links":{"self":[{"href":"https:\/\/www.tucomarca.com\/wordpress\/segunda\/wp-json\/wp\/v2\/media\/96647","targetHints":{"allow":["GET"]}}],"collection":[{"href":"https:\/\/www.tucomarca.com\/wordpress\/segunda\/wp-json\/wp\/v2\/media"}],"about":[{"href":"https:\/\/www.tucomarca.com\/wordpress\/segunda\/wp-json\/wp\/v2\/types\/attachment"}],"author":[{"embeddable":true,"href":"https:\/\/www.tucomarca.com\/wordpress\/segunda\/wp-json\/wp\/v2\/users\/12"}],"replies":[{"embeddable":true,"href":"https:\/\/www.tucomarca.com\/wordpress\/segunda\/wp-json\/wp\/v2\/comments?post=96647"}],"wp:attached-to":[{"embeddable":true,"post_type":"post","id":96645,"href":"https:\/\/www.tucomarca.com\/wordpress\/segunda\/wp-json\/wp\/v2\/posts\/96645"}],"curies":[{"name":"wp","href":"https:\/\/api.w.org\/{rel}","templated":true}]}}

<p class="attachment"><a href='https://www.tucomarca.com/wordpress/segunda/wp-content/uploads/2019/11/TalleresEliana.jpeg'><img loading="lazy" decoding="async" width="300" height="169" src="https://www.tucomarca.com/wordpress/segunda/wp-content/uploads/2019/11/TalleresEliana-300x169.jpeg" class="attachment-medium size-medium" alt="La Diputación imparte talleres de prevención de drogodependencias en los colegios Virgen del Carmen y El Garbí." srcset="https://www.tucomarca.com/wordpress/segunda/wp-content/uploads/2019/11/TalleresEliana-300x169.jpeg 300w, https://www.tucomarca.com/wordpress/segunda/wp-content/uploads/2019/11/TalleresEliana-768x432.jpeg 768w, https://www.tucomarca.com/wordpress/segunda/wp-content/uploads/2019/11/TalleresEliana-678x381.jpeg 678w, https://www.tucomarca.com/wordpress/segunda/wp-content/uploads/2019/11/TalleresEliana.jpeg 787w" sizes="auto, (max-width: 300px) 100vw, 300px" /></a></p>
<p>La Diputación imparte talleres de prevención de drogodependencias en los<br />
colegios Virgen del Carmen y El Garbí.</p>

<div class="mh-excerpt">La Diputación imparte talleres de prevención de drogodependencias en los<br />
colegios Virgen del Carmen y El Garbí.</div>
<p> <a class="mh-excerpt-more" href="https://www.tucomarca.com/wordpress/segunda/la-diputacion-imparte-talleres-de-prevencion-de-drogodependencias-en-los-colegios-virgen-del-carmen-y-el-garbi/tallereseliana/" title="TalleresEliana">[+] </a></p>

La Diputación imparte talleres de prevención de drogodependencias en los colegios Virgen del Carmen y El Garbí.
