{"id":96972,"date":"2019-12-03T21:48:36","date_gmt":"2019-12-03T19:48:36","guid":{"rendered":"http:\/\/www.tucomarca.com\/wordpress\/segunda\/wp-content\/uploads\/2019\/12\/DipuOltra.jpg"},"modified":"2019-12-03T21:49:04","modified_gmt":"2019-12-03T19:49:04","slug":"dipuoltra","status":"inherit","type":"attachment","link":"https:\/\/www.tucomarca.com\/wordpress\/segunda\/la-diputacio-coordina-con-la-generalitat-el-futuro-desarrollo-de-la-ley-de-servicios-sociales-inclusivos\/dipuoltra\/","title":{"rendered":"Gaspar se ha reunido con la consellera de Igualdad y Pol\u00edticas Inclusivas, M\u00f3nica Oltra, en una mesa t\u00e9cnica en la que han participado las diputadas Pilar Sarri\u00f3n, Empar Folgado, Eli Garc\u00eda y Dolors Gimeno."},"author":1,"featured_media":0,"comment_status":"open","ping_status":"closed","template":"","meta":[],"class_list":["post-96972","attachment","type-attachment","status-inherit"],"description":{"rendered":"<p class=\"attachment\"><a href='https:\/\/www.tucomarca.com\/wordpress\/segunda\/wp-content\/uploads\/2019\/12\/DipuOltra.jpg'><img loading=\"lazy\" decoding=\"async\" width=\"300\" height=\"161\" src=\"https:\/\/www.tucomarca.com\/wordpress\/segunda\/wp-content\/uploads\/2019\/12\/DipuOltra-300x161.jpg\" class=\"attachment-medium size-medium\" alt=\"Gaspar se ha reunido con la consellera de Igualdad y Pol\u00edticas Inclusivas, M\u00f3nica Oltra, en una mesa t\u00e9cnica en la que han participado las diputadas Pilar Sarri\u00f3n, Empar Folgado, Eli Garc\u00eda y Dolors Gimeno.\" srcset=\"https:\/\/www.tucomarca.com\/wordpress\/segunda\/wp-content\/uploads\/2019\/12\/DipuOltra-300x161.jpg 300w, https:\/\/www.tucomarca.com\/wordpress\/segunda\/wp-content\/uploads\/2019\/12\/DipuOltra-768x413.jpg 768w, https:\/\/www.tucomarca.com\/wordpress\/segunda\/wp-content\/uploads\/2019\/12\/DipuOltra-1024x551.jpg 1024w\" sizes=\"auto, (max-width: 300px) 100vw, 300px\" \/><\/a><\/p>\n<p>Gaspar se ha reunido con la consellera de Igualdad y Pol\u00edticas Inclusivas, M\u00f3nica Oltra, en una mesa t\u00e9cnica en la que han participado las diputadas Pilar Sarri\u00f3n, Empar Folgado, Eli Garc\u00eda y Dolors Gimeno.<\/p>\n"},"caption":{"rendered":"<div class=\"mh-excerpt\">Gaspar se ha reunido con la consellera de Igualdad y Pol\u00edticas Inclusivas, M\u00f3nica Oltra, en una mesa t\u00e9cnica en la que han participado las diputadas Pilar Sarri\u00f3n, Empar Folgado, Eli Garc\u00eda y Dolors Gimeno.<\/div>\n<p> <a class=\"mh-excerpt-more\" href=\"https:\/\/www.tucomarca.com\/wordpress\/segunda\/la-diputacio-coordina-con-la-generalitat-el-futuro-desarrollo-de-la-ley-de-servicios-sociales-inclusivos\/dipuoltra\/\" title=\"Gaspar se ha reunido con la consellera de Igualdad y Pol\u00edticas Inclusivas, M\u00f3nica Oltra, en una mesa t\u00e9cnica en la que han participado las diputadas Pilar Sarri\u00f3n, Empar Folgado, Eli Garc\u00eda y Dolors Gimeno.\">[+] <\/a><\/p>\n"},"alt_text":"Gaspar se ha reunido con la consellera de Igualdad y Pol\u00edticas Inclusivas, M\u00f3nica Oltra, en una mesa t\u00e9cnica en la que han participado las diputadas Pilar Sarri\u00f3n, Empar Folgado, Eli Garc\u00eda y Dolors Gimeno.","media_type":"image","mime_type":"image\/jpeg","media_details":{"width":2362,"height":1270,"file":"2019\/12\/DipuOltra.jpg","sizes":{"thumbnail":{"file":"DipuOltra-290x290.jpg","width":290,"height":290,"mime_type":"image\/jpeg","source_url":"https:\/\/www.tucomarca.com\/wordpress\/segunda\/wp-content\/uploads\/2019\/12\/DipuOltra-290x290.jpg"},"medium":{"file":"DipuOltra-300x161.jpg","width":300,"height":161,"mime_type":"image\/jpeg","source_url":"https:\/\/www.tucomarca.com\/wordpress\/segunda\/wp-content\/uploads\/2019\/12\/DipuOltra-300x161.jpg"},"medium_large":{"file":"DipuOltra-768x413.jpg","width":768,"height":413,"mime_type":"image\/jpeg","source_url":"https:\/\/www.tucomarca.com\/wordpress\/segunda\/wp-content\/uploads\/2019\/12\/DipuOltra-768x413.jpg"},"large":{"file":"DipuOltra-1024x551.jpg","width":1024,"height":551,"mime_type":"image\/jpeg","source_url":"https:\/\/www.tucomarca.com\/wordpress\/segunda\/wp-content\/uploads\/2019\/12\/DipuOltra-1024x551.jpg"},"mh-magazine-slider":{"file":"DipuOltra-1030x438.jpg","width":1030,"height":438,"mime_type":"image\/jpeg","source_url":"https:\/\/www.tucomarca.com\/wordpress\/segunda\/wp-content\/uploads\/2019\/12\/DipuOltra-1030x438.jpg"},"mh-magazine-content":{"file":"DipuOltra-678x381.jpg","width":678,"height":381,"mime_type":"image\/jpeg","source_url":"https:\/\/www.tucomarca.com\/wordpress\/segunda\/wp-content\/uploads\/2019\/12\/DipuOltra-678x381.jpg"},"mh-magazine-large":{"file":"DipuOltra-678x509.jpg","width":678,"height":509,"mime_type":"image\/jpeg","source_url":"https:\/\/www.tucomarca.com\/wordpress\/segunda\/wp-content\/uploads\/2019\/12\/DipuOltra-678x509.jpg"},"mh-magazine-medium":{"file":"DipuOltra-326x245.jpg","width":326,"height":245,"mime_type":"image\/jpeg","source_url":"https:\/\/www.tucomarca.com\/wordpress\/segunda\/wp-content\/uploads\/2019\/12\/DipuOltra-326x245.jpg"},"mh-magazine-small":{"file":"DipuOltra-80x60.jpg","width":80,"height":60,"mime_type":"image\/jpeg","source_url":"https:\/\/www.tucomarca.com\/wordpress\/segunda\/wp-content\/uploads\/2019\/12\/DipuOltra-80x60.jpg"},"full":{"file":"DipuOltra.jpg","width":2362,"height":1270,"mime_type":"image\/jpeg","source_url":"https:\/\/www.tucomarca.com\/wordpress\/segunda\/wp-content\/uploads\/2019\/12\/DipuOltra.jpg"}},"image_meta":{"aperture":"0","credit":"Raquel Abulaila","camera":"","caption":"","created_timestamp":"0","copyright":"Raquel Abulaila","focal_length":"0","iso":"0","shutter_speed":"0","title":"","orientation":"1","keywords":[]}},"post":96971,"source_url":"https:\/\/www.tucomarca.com\/wordpress\/segunda\/wp-content\/uploads\/2019\/12\/DipuOltra.jpg","_links":{"self":[{"href":"https:\/\/www.tucomarca.com\/wordpress\/segunda\/wp-json\/wp\/v2\/media\/96972","targetHints":{"allow":["GET"]}}],"collection":[{"href":"https:\/\/www.tucomarca.com\/wordpress\/segunda\/wp-json\/wp\/v2\/media"}],"about":[{"href":"https:\/\/www.tucomarca.com\/wordpress\/segunda\/wp-json\/wp\/v2\/types\/attachment"}],"author":[{"embeddable":true,"href":"https:\/\/www.tucomarca.com\/wordpress\/segunda\/wp-json\/wp\/v2\/users\/1"}],"replies":[{"embeddable":true,"href":"https:\/\/www.tucomarca.com\/wordpress\/segunda\/wp-json\/wp\/v2\/comments?post=96972"}],"wp:attached-to":[{"embeddable":true,"post_type":"post","id":96971,"href":"https:\/\/www.tucomarca.com\/wordpress\/segunda\/wp-json\/wp\/v2\/posts\/96971"}],"curies":[{"name":"wp","href":"https:\/\/api.w.org\/{rel}","templated":true}]}}

Gaspar se ha reunido con la consellera de Igualdad y Políticas Inclusivas, Mónica Oltra, en una mesa técnica en la que han participado las diputadas Pilar Sarrión, Empar Folgado, Eli García y Dolors Gimeno.

<p class="attachment"><a href='https://www.tucomarca.com/wordpress/segunda/wp-content/uploads/2019/12/DipuOltra.jpg'><img loading="lazy" decoding="async" width="300" height="161" src="https://www.tucomarca.com/wordpress/segunda/wp-content/uploads/2019/12/DipuOltra-300x161.jpg" class="attachment-medium size-medium" alt="Gaspar se ha reunido con la consellera de Igualdad y Políticas Inclusivas, Mónica Oltra, en una mesa técnica en la que han participado las diputadas Pilar Sarrión, Empar Folgado, Eli García y Dolors Gimeno." srcset="https://www.tucomarca.com/wordpress/segunda/wp-content/uploads/2019/12/DipuOltra-300x161.jpg 300w, https://www.tucomarca.com/wordpress/segunda/wp-content/uploads/2019/12/DipuOltra-768x413.jpg 768w, https://www.tucomarca.com/wordpress/segunda/wp-content/uploads/2019/12/DipuOltra-1024x551.jpg 1024w" sizes="auto, (max-width: 300px) 100vw, 300px" /></a></p>
<p>Gaspar se ha reunido con la consellera de Igualdad y Políticas Inclusivas, Mónica Oltra, en una mesa técnica en la que han participado las diputadas Pilar Sarrión, Empar Folgado, Eli García y Dolors Gimeno.</p>

<div class="mh-excerpt">Gaspar se ha reunido con la consellera de Igualdad y Políticas Inclusivas, Mónica Oltra, en una mesa técnica en la que han participado las diputadas Pilar Sarrión, Empar Folgado, Eli García y Dolors Gimeno.</div>
<p> <a class="mh-excerpt-more" href="https://www.tucomarca.com/wordpress/segunda/la-diputacio-coordina-con-la-generalitat-el-futuro-desarrollo-de-la-ley-de-servicios-sociales-inclusivos/dipuoltra/" title="Gaspar se ha reunido con la consellera de Igualdad y Políticas Inclusivas, Mónica Oltra, en una mesa técnica en la que han participado las diputadas Pilar Sarrión, Empar Folgado, Eli García y Dolors Gimeno.">[+] </a></p>
